{"id":5430,"date":"2025-06-28T17:14:57","date_gmt":"2025-06-28T15:14:57","guid":{"rendered":"https:\/\/uj.adatbank.ro\/lexikon\/termek\/briebrecher-rudolf\/"},"modified":"2025-06-28T17:14:57","modified_gmt":"2025-06-28T15:14:57","slug":"briebrecher-rudolf","status":"publish","type":"product","link":"https:\/\/uj.adatbank.ro\/lexikon\/termek\/briebrecher-rudolf\/","title":{"rendered":"BRIEBRECHER Rudolf"},"content":{"rendered":"<p>Kem\u00e9nynagysz\u0151ll\u0151s, 1866. \u00e1pr. 23., \u2020 Szeben, 1934. okt. 7.: tan\u00e1r. \u2013 Apja ev. lelk\u00e9sz. A medgyesi ev. gimn.-ban tanult, a hallei egy.-en hittud.-t \u00e9s b\u00f6lcseletet. Tan\u00e1r (1889\u2013), a szebeni re\u00e1lisol\u00e1ban (1892\u2013), ennek tudom\u00e1nyos vezet\u0151je volt (1907\u2013), Az Erd\u00e9lyi Sz\u00e1szok Gazdas\u00e1gi Egylet F\u0151igazgat\u00f3s\u00e1g\u00e1nak titk\u00e1ra (1900\u20131909), f\u0151p\u00e9nzt\u00e1rosa volt nyugd\u00edjaz\u00e1s\u00e1ig (1919\u201330). A Landwirtschaftlichen Bl\u00e4tter f\u00fcr Siebenb\u00fcrgen c. lapnak f\u0151szerkeszt\u0151je (1916\u201325) \u00e9s a sz\u00f3rakoztat\u00f3 rovat szerk.-je is (1916\u201325). <br \/><strong>Irod.:<\/strong> LSS; Szab\u00f3-Simon-Sz\u00f6g<\/br><\/p>\n","protected":false},"excerpt":{"rendered":"<p>Kem\u00e9nynagysz\u0151ll\u0151s, 1866. \u00e1pr. 23., \u2020 Szeben, 1934. okt. 7.: tan\u00e1r. \u2013 Apja ev. lelk\u00e9sz. A medgyesi ev. gimn.-ban tanult, a hallei egy.-en hittud.-t \u00e9s b\u00f6lcseletet. Tan\u00e1r (1889\u2013), a szebeni re\u00e1lisol\u00e1ban (1892\u2013), ennek tudom\u00e1nyos vezet\u0151je volt (1907\u2013), Az Erd\u00e9lyi Sz\u00e1szok Gazdas\u00e1gi Egylet F\u0151igazgat\u00f3s\u00e1g\u00e1nak titk\u00e1ra (1900\u20131909), f\u0151p\u00e9nzt\u00e1rosa volt nyugd\u00edjaz\u00e1s\u00e1ig (1919\u201330). A Landwirtschaftlichen Bl\u00e4tter f\u00fcr Siebenb\u00fcrgen c. lapnak [&hellip;]<\/p>\n","protected":false},"featured_media":0,"comment_status":"open","ping_status":"closed","template":"","meta":[],"product_brand":[],"product_cat":[137],"product_tag":[],"class_list":{"0":"post-5430","1":"product","2":"type-product","3":"status-publish","5":"product_cat-maros-megyei-eletrajzi-lexikon","7":"first","8":"instock","9":"shipping-taxable","10":"product-type-simple"},"_links":{"self":[{"href":"https:\/\/uj.adatbank.ro\/lexikon\/wp-json\/wp\/v2\/product\/5430","targetHints":{"allow":["GET"]}}],"collection":[{"href":"https:\/\/uj.adatbank.ro\/lexikon\/wp-json\/wp\/v2\/product"}],"about":[{"href":"https:\/\/uj.adatbank.ro\/lexikon\/wp-json\/wp\/v2\/types\/product"}],"replies":[{"embeddable":true,"href":"https:\/\/uj.adatbank.ro\/lexikon\/wp-json\/wp\/v2\/comments?post=5430"}],"wp:attachment":[{"href":"https:\/\/uj.adatbank.ro\/lexikon\/wp-json\/wp\/v2\/media?parent=5430"}],"wp:term":[{"taxonomy":"product_brand","embeddable":true,"href":"https:\/\/uj.adatbank.ro\/lexikon\/wp-json\/wp\/v2\/product_brand?post=5430"},{"taxonomy":"product_cat","embeddable":true,"href":"https:\/\/uj.adatbank.ro\/lexikon\/wp-json\/wp\/v2\/product_cat?post=5430"},{"taxonomy":"product_tag","embeddable":true,"href":"https:\/\/uj.adatbank.ro\/lexikon\/wp-json\/wp\/v2\/product_tag?post=5430"}],"curies":[{"name":"wp","href":"https:\/\/api.w.org\/{rel}","templated":true}]}}