{"id":5434,"date":"2025-06-28T17:15:05","date_gmt":"2025-06-28T15:15:05","guid":{"rendered":"https:\/\/uj.adatbank.ro\/lexikon\/termek\/broser-gusztav\/"},"modified":"2025-06-28T17:15:05","modified_gmt":"2025-06-28T15:15:05","slug":"broser-gusztav","status":"publish","type":"product","link":"https:\/\/uj.adatbank.ro\/lexikon\/termek\/broser-gusztav\/","title":{"rendered":"BROSER Guszt\u00e1v"},"content":{"rendered":"<p>Sz\u00e1szr\u00e9gen, 1871. j\u00fal. 18. \u2020 ? : katonatiszt. \u2013 Szebenben v\u00e9gezte a Katonai Isk.-t, majd Pozsonyban a hadtestit. Sopronban a 19. t\u0171z\u00e9rs\u00e9gi ezredben szolg\u00e1lt (1889. szept. 1. \u2013). 46 h\u00f3napon kereszt\u00fcl harcolt az I. vh. hadsziterein. \u0150rnagyi rangot \u00e9rt el (1914. dec. 13. \u2013). Galici\u00e1ban, Alb\u00e1ni\u00e1ban, Herkules-f\u00fcrd\u0151n\u00e9l, Brail\u00e1ban tett tanubizonys\u00e1got kiv\u00e1l\u00f3 parancsnoki k\u00e9pess\u00e9geir\u0151l \u00e9s h\u0151siess\u00e9g\u00e9r\u0151l a rom\u00e1n hadsereg keret\u00e9ben. <strong>Kit\u00fcntet\u00e9sei:<\/strong> Vaskereszt, II. oszt.; Lip\u00f3t Rend Kersztje, Vaskorona Rend III. oszt.; Katonai \u00c9rdemrend III. oszt.; Meritul nou militar cu spade. <br \/><strong>Irod.:<\/strong> Reghin, militari<\/br><\/p>\n","protected":false},"excerpt":{"rendered":"<p>Sz\u00e1szr\u00e9gen, 1871. j\u00fal. 18. \u2020 ? : katonatiszt. \u2013 Szebenben v\u00e9gezte a Katonai Isk.-t, majd Pozsonyban a hadtestit. Sopronban a 19. t\u0171z\u00e9rs\u00e9gi ezredben szolg\u00e1lt (1889. szept. 1. \u2013). 46 h\u00f3napon kereszt\u00fcl harcolt az I. vh. hadsziterein. \u0150rnagyi rangot \u00e9rt el (1914. dec. 13. \u2013). Galici\u00e1ban, Alb\u00e1ni\u00e1ban, Herkules-f\u00fcrd\u0151n\u00e9l, Brail\u00e1ban tett tanubizonys\u00e1got kiv\u00e1l\u00f3 parancsnoki k\u00e9pess\u00e9geir\u0151l \u00e9s h\u0151siess\u00e9g\u00e9r\u0151l [&hellip;]<\/p>\n","protected":false},"featured_media":0,"comment_status":"open","ping_status":"closed","template":"","meta":[],"product_brand":[],"product_cat":[137],"product_tag":[],"class_list":{"0":"post-5434","1":"product","2":"type-product","3":"status-publish","5":"product_cat-maros-megyei-eletrajzi-lexikon","7":"first","8":"instock","9":"shipping-taxable","10":"product-type-simple"},"_links":{"self":[{"href":"https:\/\/uj.adatbank.ro\/lexikon\/wp-json\/wp\/v2\/product\/5434","targetHints":{"allow":["GET"]}}],"collection":[{"href":"https:\/\/uj.adatbank.ro\/lexikon\/wp-json\/wp\/v2\/product"}],"about":[{"href":"https:\/\/uj.adatbank.ro\/lexikon\/wp-json\/wp\/v2\/types\/product"}],"replies":[{"embeddable":true,"href":"https:\/\/uj.adatbank.ro\/lexikon\/wp-json\/wp\/v2\/comments?post=5434"}],"wp:attachment":[{"href":"https:\/\/uj.adatbank.ro\/lexikon\/wp-json\/wp\/v2\/media?parent=5434"}],"wp:term":[{"taxonomy":"product_brand","embeddable":true,"href":"https:\/\/uj.adatbank.ro\/lexikon\/wp-json\/wp\/v2\/product_brand?post=5434"},{"taxonomy":"product_cat","embeddable":true,"href":"https:\/\/uj.adatbank.ro\/lexikon\/wp-json\/wp\/v2\/product_cat?post=5434"},{"taxonomy":"product_tag","embeddable":true,"href":"https:\/\/uj.adatbank.ro\/lexikon\/wp-json\/wp\/v2\/product_tag?post=5434"}],"curies":[{"name":"wp","href":"https:\/\/api.w.org\/{rel}","templated":true}]}}

BROSER Gusztáv

<p>Szászrégen, 1871. júl. 18. † ? : katonatiszt. – Szebenben végezte a Katonai Isk.-t, majd Pozsonyban a hadtestit. Sopronban a 19. tűzérségi ezredben szolgált (1889. szept. 1. –). 46 hónapon keresztül harcolt az I. vh. hadsziterein. Őrnagyi rangot ért el (1914. dec. 13. –). Galiciában, Albániában, Herkules-fürdőnél, Brailában tett tanubizonyságot kiváló parancsnoki képességeiről és hősiességéről a román hadsereg keretében. <strong>Kitüntetései:</strong> Vaskereszt, II. oszt.; Lipót Rend Kersztje, Vaskorona Rend III. oszt.; Katonai Érdemrend III. oszt.; Meritul nou militar cu spade. <br /><strong>Irod.:</strong> Reghin, militari</br></p>

<p>Szászrégen, 1871. júl. 18. † ? : katonatiszt. – Szebenben végezte a Katonai Isk.-t, majd Pozsonyban a hadtestit. Sopronban a 19. tűzérségi ezredben szolgált (1889. szept. 1. –). 46 hónapon keresztül harcolt az I. vh. hadsziterein. Őrnagyi rangot ért el (1914. dec. 13. –). Galiciában, Albániában, Herkules-fürdőnél, Brailában tett tanubizonyságot kiváló parancsnoki képességeiről és hősiességéről [&hellip;]</p>
