{"id":5435,"date":"2025-06-28T17:15:07","date_gmt":"2025-06-28T15:15:07","guid":{"rendered":"https:\/\/uj.adatbank.ro\/lexikon\/termek\/bruckner-johann\/"},"modified":"2025-06-28T17:15:07","modified_gmt":"2025-06-28T15:15:07","slug":"bruckner-johann","status":"publish","type":"product","link":"https:\/\/uj.adatbank.ro\/lexikon\/termek\/bruckner-johann\/","title":{"rendered":"BRUCKNER Johann"},"content":{"rendered":"<p>Sz\u00e1szr\u00e9gen, 1830. \u2020 ? : katonatiszt. \u2013 \u00d6nk\u00e9ntesk\u00e9nt, saj\u00e1t k\u00f6lts\u00e9g\u00e9n, rang n\u00e9lk\u00fcl sorozt\u00e1k be a 23. mezei vad\u00e1szokhoz (1849. szept. 2. \u2013). Onnan vad\u00e1szaltisztk\u00e9nt \u00e1thelyezt\u00e9k a 2. m. Alexander I.Kaiser von Russland gyalogezredbe, amelynek vez\u00e9rkara Jungbuzlauban sz\u00e9kelt (1854-). Ott hadnaggy\u00e1 l\u00e9ptett\u00e9k el\u0151 (1854. j\u00fal. 2. \u2013). Nyug\u00e1llom\u00e1nyba vonult (1857). <br \/><strong>Irod.:<\/strong> Reghin, militari<\/br><\/p>\n","protected":false},"excerpt":{"rendered":"<p>Sz\u00e1szr\u00e9gen, 1830. \u2020 ? : katonatiszt. \u2013 \u00d6nk\u00e9ntesk\u00e9nt, saj\u00e1t k\u00f6lts\u00e9g\u00e9n, rang n\u00e9lk\u00fcl sorozt\u00e1k be a 23. mezei vad\u00e1szokhoz (1849. szept. 2. \u2013). Onnan vad\u00e1szaltisztk\u00e9nt \u00e1thelyezt\u00e9k a 2. m. Alexander I.Kaiser von Russland gyalogezredbe, amelynek vez\u00e9rkara Jungbuzlauban sz\u00e9kelt (1854-). Ott hadnaggy\u00e1 l\u00e9ptett\u00e9k el\u0151 (1854. j\u00fal. 2. \u2013). Nyug\u00e1llom\u00e1nyba vonult (1857). Irod.: Reghin, militari<\/p>\n","protected":false},"featured_media":0,"comment_status":"open","ping_status":"closed","template":"","meta":[],"product_brand":[],"product_cat":[137],"product_tag":[],"class_list":{"0":"post-5435","1":"product","2":"type-product","3":"status-publish","5":"product_cat-maros-megyei-eletrajzi-lexikon","7":"first","8":"instock","9":"shipping-taxable","10":"product-type-simple"},"_links":{"self":[{"href":"https:\/\/uj.adatbank.ro\/lexikon\/wp-json\/wp\/v2\/product\/5435","targetHints":{"allow":["GET"]}}],"collection":[{"href":"https:\/\/uj.adatbank.ro\/lexikon\/wp-json\/wp\/v2\/product"}],"about":[{"href":"https:\/\/uj.adatbank.ro\/lexikon\/wp-json\/wp\/v2\/types\/product"}],"replies":[{"embeddable":true,"href":"https:\/\/uj.adatbank.ro\/lexikon\/wp-json\/wp\/v2\/comments?post=5435"}],"wp:attachment":[{"href":"https:\/\/uj.adatbank.ro\/lexikon\/wp-json\/wp\/v2\/media?parent=5435"}],"wp:term":[{"taxonomy":"product_brand","embeddable":true,"href":"https:\/\/uj.adatbank.ro\/lexikon\/wp-json\/wp\/v2\/product_brand?post=5435"},{"taxonomy":"product_cat","embeddable":true,"href":"https:\/\/uj.adatbank.ro\/lexikon\/wp-json\/wp\/v2\/product_cat?post=5435"},{"taxonomy":"product_tag","embeddable":true,"href":"https:\/\/uj.adatbank.ro\/lexikon\/wp-json\/wp\/v2\/product_tag?post=5435"}],"curies":[{"name":"wp","href":"https:\/\/api.w.org\/{rel}","templated":true}]}}