{"id":5437,"date":"2025-06-28T17:15:09","date_gmt":"2025-06-28T15:15:09","guid":{"rendered":"https:\/\/uj.adatbank.ro\/lexikon\/termek\/brunhuber-laszlo\/"},"modified":"2025-06-28T17:15:09","modified_gmt":"2025-06-28T15:15:09","slug":"brunhuber-laszlo","status":"publish","type":"product","link":"https:\/\/uj.adatbank.ro\/lexikon\/termek\/brunhuber-laszlo\/","title":{"rendered":"BRUNHUBER L\u00e1szl\u00f3"},"content":{"rendered":"<p>Arad, 1886., \u2020\u00a0? : aacheni husz\u00e1rsz\u00e1zados. \u2013 K\u00f6z\u00e9piskol\u00e1it Aradon, a hadapr\u00f3d iskol\u00e1t Nagyv\u00e1radon v\u00e9gezte. Mint hadapr\u00f3d a 9. honv\u00e9d husz\u00e1rezredn\u00e9l kezdte katonai p\u00e1lyafut\u00e1s\u00e1t, 3 \u00e9vig a 3-as husz\u00e1rokn\u00e1l szolg\u00e1lt, r\u00e9szt vett az els\u0151 vh.-ban az orosz \u00e9s a rom\u00e1n fronton harcolt. B\u00e9csbe a had\u00fcgyminiszt\u00e9riumhoz ker\u00fclt mint sz\u00e1zados, ahol az \u00f6sszeoml\u00e1sig szolg\u00e1lt. A III. o. vaskorona III. o. kat. \u00e9rdem. ker., Sig. Laud, a K\u00e1roly Csapatkereszt tulajdonosa. K\u00e9mked\u00e9ssel gyan\u00fas\u00edtott\u00e1k \u00e9s letart\u00f3ztatt\u00e1k b\u00f6rt\u00f6nbe vetett\u00e9k (1921), a kv.-i hadb\u00edr\u00f3s\u00e1g felmentette (1922). Sz\u00e1szr\u00e9genben \u00e9lt. A MP, az Erd\u00e9lyi P\u00e1rt tagja, a Kaszin\u00f3 tagga, a Vit\u00e9zi Sz\u00e9k v\u00e1rosi hadnagya. <br \/><strong>Irod.:<\/strong> Id\u0151t\u00e1r 3; Recueil des griefs de la minorit\u00e9 hongroise de Roumanie (Bp., 1922); Sz\u00e9kelyf\u00f6ld \u00ed. k<\/br><\/p>\n","protected":false},"excerpt":{"rendered":"<p>Arad, 1886., \u2020\u00a0? : aacheni husz\u00e1rsz\u00e1zados. \u2013 K\u00f6z\u00e9piskol\u00e1it Aradon, a hadapr\u00f3d iskol\u00e1t Nagyv\u00e1radon v\u00e9gezte. Mint hadapr\u00f3d a 9. honv\u00e9d husz\u00e1rezredn\u00e9l kezdte katonai p\u00e1lyafut\u00e1s\u00e1t, 3 \u00e9vig a 3-as husz\u00e1rokn\u00e1l szolg\u00e1lt, r\u00e9szt vett az els\u0151 vh.-ban az orosz \u00e9s a rom\u00e1n fronton harcolt. B\u00e9csbe a had\u00fcgyminiszt\u00e9riumhoz ker\u00fclt mint sz\u00e1zados, ahol az \u00f6sszeoml\u00e1sig szolg\u00e1lt. A III. o. vaskorona [&hellip;]<\/p>\n","protected":false},"featured_media":0,"comment_status":"open","ping_status":"closed","template":"","meta":[],"product_brand":[],"product_cat":[137],"product_tag":[],"class_list":{"0":"post-5437","1":"product","2":"type-product","3":"status-publish","5":"product_cat-maros-megyei-eletrajzi-lexikon","7":"first","8":"instock","9":"shipping-taxable","10":"product-type-simple"},"_links":{"self":[{"href":"https:\/\/uj.adatbank.ro\/lexikon\/wp-json\/wp\/v2\/product\/5437","targetHints":{"allow":["GET"]}}],"collection":[{"href":"https:\/\/uj.adatbank.ro\/lexikon\/wp-json\/wp\/v2\/product"}],"about":[{"href":"https:\/\/uj.adatbank.ro\/lexikon\/wp-json\/wp\/v2\/types\/product"}],"replies":[{"embeddable":true,"href":"https:\/\/uj.adatbank.ro\/lexikon\/wp-json\/wp\/v2\/comments?post=5437"}],"wp:attachment":[{"href":"https:\/\/uj.adatbank.ro\/lexikon\/wp-json\/wp\/v2\/media?parent=5437"}],"wp:term":[{"taxonomy":"product_brand","embeddable":true,"href":"https:\/\/uj.adatbank.ro\/lexikon\/wp-json\/wp\/v2\/product_brand?post=5437"},{"taxonomy":"product_cat","embeddable":true,"href":"https:\/\/uj.adatbank.ro\/lexikon\/wp-json\/wp\/v2\/product_cat?post=5437"},{"taxonomy":"product_tag","embeddable":true,"href":"https:\/\/uj.adatbank.ro\/lexikon\/wp-json\/wp\/v2\/product_tag?post=5437"}],"curies":[{"name":"wp","href":"https:\/\/api.w.org\/{rel}","templated":true}]}}

BRUNHUBER László

<p>Arad, 1886., † ? : aacheni huszárszázados. – Középiskoláit Aradon, a hadapród iskolát Nagyváradon végezte. Mint hadapród a 9. honvéd huszárezrednél kezdte katonai pályafutását, 3 évig a 3-as huszároknál szolgált, részt vett az első vh.-ban az orosz és a román fronton harcolt. Bécsbe a hadügyminisztériumhoz került mint százados, ahol az összeomlásig szolgált. A III. o. vaskorona III. o. kat. érdem. ker., Sig. Laud, a Károly Csapatkereszt tulajdonosa. Kémkedéssel gyanúsították és letartóztatták börtönbe vetették (1921), a kv.-i hadbíróság felmentette (1922). Szászrégenben élt. A MP, az Erdélyi Párt tagja, a Kaszinó tagga, a Vitézi Szék városi hadnagya. <br /><strong>Irod.:</strong> Időtár 3; Recueil des griefs de la minorité hongroise de Roumanie (Bp., 1922); Székelyföld í. k</br></p>

<p>Arad, 1886., † ? : aacheni huszárszázados. – Középiskoláit Aradon, a hadapród iskolát Nagyváradon végezte. Mint hadapród a 9. honvéd huszárezrednél kezdte katonai pályafutását, 3 évig a 3-as huszároknál szolgált, részt vett az első vh.-ban az orosz és a román fronton harcolt. Bécsbe a hadügyminisztériumhoz került mint százados, ahol az összeomlásig szolgált. A III. o. vaskorona [&hellip;]</p>
