{"id":5441,"date":"2025-06-28T17:15:20","date_gmt":"2025-06-28T15:15:20","guid":{"rendered":"https:\/\/uj.adatbank.ro\/lexikon\/termek\/bucher-karoly-id\/"},"modified":"2025-06-28T17:15:20","modified_gmt":"2025-06-28T15:15:20","slug":"bucher-karoly-id","status":"publish","type":"product","link":"https:\/\/uj.adatbank.ro\/lexikon\/termek\/bucher-karoly-id\/","title":{"rendered":"BUCHER K\u00e1roly, id."},"content":{"rendered":"<p>1854.? \u2020\u00a0Mv., 1923. m\u00e1j. 31.: birtokos, igazgat\u00f3. \u2013 Testv\u00e9re: B. Lajos. Feles\u00e9ge: Jeney Ilona (1856.? \u2013 Mv., 1912. okt. 12.). Gyermekeik: Ilona Bod\u00f3 Lajosn\u00e9, majd Wopperschall K\u00e1rolyn\u00e9; dr. if. K\u00e1roly; Albert; Zolt\u00e1n; Erzs\u00e9bet; Jol\u00e1n dr. Horv\u00e1th J\u00e1nosn\u00e9; Miksa \u2013 Andr\u00e1s. \u2013 A Mv.-i Takar\u00e9kp\u00e9nzt\u00e1r R.-T. vez\u00e9rigazgat\u00f3ja. A mv.-i Cukorgy\u00e1r Rt fel\u00fcgyel\u0151bizotts\u00e1g\u00e1nak tagja. A Vad\u00e1sz- \u00e9s V\u00e9d\u0151egyes\u00fclet eln\u00f6ke. V\u00e1laszt\u00e1si bizotts\u00e1g eln\u00f6ke volt a parlamenti v\u00e1laszt\u00e1son, Mv.-en Ugron G\u00e1bor volt az egyed\u00fclijel\u00f6lt (1917). <br \/><strong>Irod.:<\/strong> Bern\u00e1dy; Gy\u00e1szjelent\u0151<\/br><\/p>\n","protected":false},"excerpt":{"rendered":"<p>1854.? \u2020\u00a0Mv., 1923. m\u00e1j. 31.: birtokos, igazgat\u00f3. \u2013 Testv\u00e9re: B. Lajos. Feles\u00e9ge: Jeney Ilona (1856.? \u2013 Mv., 1912. okt. 12.). Gyermekeik: Ilona Bod\u00f3 Lajosn\u00e9, majd Wopperschall K\u00e1rolyn\u00e9; dr. if. K\u00e1roly; Albert; Zolt\u00e1n; Erzs\u00e9bet; Jol\u00e1n dr. Horv\u00e1th J\u00e1nosn\u00e9; Miksa \u2013 Andr\u00e1s. \u2013 A Mv.-i Takar\u00e9kp\u00e9nzt\u00e1r R.-T. vez\u00e9rigazgat\u00f3ja. A mv.-i Cukorgy\u00e1r Rt fel\u00fcgyel\u0151bizotts\u00e1g\u00e1nak tagja. A Vad\u00e1sz- \u00e9s [&hellip;]<\/p>\n","protected":false},"featured_media":0,"comment_status":"open","ping_status":"closed","template":"","meta":[],"product_brand":[],"product_cat":[137],"product_tag":[],"class_list":{"0":"post-5441","1":"product","2":"type-product","3":"status-publish","5":"product_cat-maros-megyei-eletrajzi-lexikon","7":"first","8":"instock","9":"shipping-taxable","10":"product-type-simple"},"_links":{"self":[{"href":"https:\/\/uj.adatbank.ro\/lexikon\/wp-json\/wp\/v2\/product\/5441","targetHints":{"allow":["GET"]}}],"collection":[{"href":"https:\/\/uj.adatbank.ro\/lexikon\/wp-json\/wp\/v2\/product"}],"about":[{"href":"https:\/\/uj.adatbank.ro\/lexikon\/wp-json\/wp\/v2\/types\/product"}],"replies":[{"embeddable":true,"href":"https:\/\/uj.adatbank.ro\/lexikon\/wp-json\/wp\/v2\/comments?post=5441"}],"wp:attachment":[{"href":"https:\/\/uj.adatbank.ro\/lexikon\/wp-json\/wp\/v2\/media?parent=5441"}],"wp:term":[{"taxonomy":"product_brand","embeddable":true,"href":"https:\/\/uj.adatbank.ro\/lexikon\/wp-json\/wp\/v2\/product_brand?post=5441"},{"taxonomy":"product_cat","embeddable":true,"href":"https:\/\/uj.adatbank.ro\/lexikon\/wp-json\/wp\/v2\/product_cat?post=5441"},{"taxonomy":"product_tag","embeddable":true,"href":"https:\/\/uj.adatbank.ro\/lexikon\/wp-json\/wp\/v2\/product_tag?post=5441"}],"curies":[{"name":"wp","href":"https:\/\/api.w.org\/{rel}","templated":true}]}}

BUCHER Károly, id.

<p>1854.? † Mv., 1923. máj. 31.: birtokos, igazgató. – Testvére: B. Lajos. Felesége: Jeney Ilona (1856.? – Mv., 1912. okt. 12.). Gyermekeik: Ilona Bodó Lajosné, majd Wopperschall Károlyné; dr. if. Károly; Albert; Zoltán; Erzsébet; Jolán dr. Horváth Jánosné; Miksa – András. – A Mv.-i Takarékpénztár R.-T. vezérigazgatója. A mv.-i Cukorgyár Rt felügyelőbizottságának tagja. A Vadász- és Védőegyesület elnöke. Választási bizottság elnöke volt a parlamenti választáson, Mv.-en Ugron Gábor volt az egyedülijelölt (1917). <br /><strong>Irod.:</strong> Bernády; Gyászjelentő</br></p>

<p>1854.? † Mv., 1923. máj. 31.: birtokos, igazgató. – Testvére: B. Lajos. Felesége: Jeney Ilona (1856.? – Mv., 1912. okt. 12.). Gyermekeik: Ilona Bodó Lajosné, majd Wopperschall Károlyné; dr. if. Károly; Albert; Zoltán; Erzsébet; Jolán dr. Horváth Jánosné; Miksa – András. – A Mv.-i Takarékpénztár R.-T. vezérigazgatója. A mv.-i Cukorgyár Rt felügyelőbizottságának tagja. A Vadász- és [&hellip;]</p>
