{"id":5443,"date":"2025-06-28T17:15:23","date_gmt":"2025-06-28T15:15:23","guid":{"rendered":"https:\/\/uj.adatbank.ro\/lexikon\/termek\/bucher-lajos\/"},"modified":"2025-06-28T17:15:23","modified_gmt":"2025-06-28T15:15:23","slug":"bucher-lajos","status":"publish","type":"product","link":"https:\/\/uj.adatbank.ro\/lexikon\/termek\/bucher-lajos\/","title":{"rendered":"BUCHER Lajos"},"content":{"rendered":"<p>1861.? \u2020\u00a0Mv., 1926. m\u00e1j. 26.: sz\u00e1szr\u00e9geni sz\u00e1rmaz\u00e1s\u00fa vaskeresked\u0151. Testv\u00e9re: id. B. K\u00e1roly. Feles\u00e9ge: Sz\u00e1sz Piroska \u00edr\u00f3n\u0151. Gyermekeik: B. Piroska, Gergely J\u00f3zsefn\u00e9 \u00e9s Lajos, feles\u00e9ge Bottay Irma. \u2013 Sz\u00e1szr\u00e9genb\u0151l ker\u00fclt Mv.-re a F\u0151t\u00e9ren (R\u00f3zs\u00e1k tere, 53. sz. alatt) m\u0171k\u00f6d\u00f6tt az \u00fczlet\u00fck, ahol az udvar mindk\u00e9t oldal\u00e1n hossz\u00fa emeletes h\u00e1z volt. Az egyik oldalon Buchler\u00e9knek volt a vas\u00e1r\u00fa boltjuk, a m\u00e1sik oldalon a Wagner csal\u00e1d poszt\u00f3t \u00e9s ruhanem\u0171t \u00e1rult. Mindk\u00e9t csal\u00e1d az \u00fczlet felett az emeleten lakott. Fel\u00e9p\u00edtette szecesszi\u00f3s st\u00edlus\u00fa vill\u00e1j\u00e1t a Hossz\u00fa u. 93 sz. alatt (1880). Feles\u00e9ge Sv\u00e1jcba j\u00e1rt idegeit kezeltetni Forell vil\u00e1gh\u00edr\u0171 egyetemi tan\u00e1r ideggy\u00f3gy\u00e1szhoz, dr. Forell p\u00e1rszor Mv.-re is elj\u00f6tt ellen\u0151rz\u0151 vizsg\u00e1latra. A gazdas\u00e1gi v\u00e1ls\u00e1g siettette t\u00f6nkremen\u00e9s\u00fcket, a hitelez\u0151ket nem tudt\u00e1k kiel\u00e9g\u00edteni, k\u00e9nytelenek voltak mindent eladni. L\u00e1nyuk Piroska bankba ment dolgozni, Lajos fia v\u00e1llalkoz\u00f3hoz \u00e1llt be alkalmazottnak. A vill\u00e1jukat eladt\u00e1k a sz\u00e1szr\u00e9geni Kern Konr\u00e1d osztr\u00e1k-m. hadseregbeli kapit\u00e1nynak \u00e9s feles\u00e9g\u00e9nek Demeter J\u00f3zsa \u00fczletasszonynak (1929\u201333). A Mv.-i Kaszin\u00f3 tagja. <br \/><strong>Irod.:<\/strong> Bi\u00e1s Istv\u00e1n; D\u00e9ry B\u00e9la: Almanach; Fodor; \u00d6kr\u00f6s; Sipos<\/br><\/p>\n","protected":false},"excerpt":{"rendered":"<p>1861.? \u2020\u00a0Mv., 1926. m\u00e1j. 26.: sz\u00e1szr\u00e9geni sz\u00e1rmaz\u00e1s\u00fa vaskeresked\u0151. Testv\u00e9re: id. B. K\u00e1roly. Feles\u00e9ge: Sz\u00e1sz Piroska \u00edr\u00f3n\u0151. Gyermekeik: B. Piroska, Gergely J\u00f3zsefn\u00e9 \u00e9s Lajos, feles\u00e9ge Bottay Irma. \u2013 Sz\u00e1szr\u00e9genb\u0151l ker\u00fclt Mv.-re a F\u0151t\u00e9ren (R\u00f3zs\u00e1k tere, 53. sz. alatt) m\u0171k\u00f6d\u00f6tt az \u00fczlet\u00fck, ahol az udvar mindk\u00e9t oldal\u00e1n hossz\u00fa emeletes h\u00e1z volt. Az egyik oldalon Buchler\u00e9knek volt a [&hellip;]<\/p>\n","protected":false},"featured_media":0,"comment_status":"open","ping_status":"closed","template":"","meta":[],"product_brand":[],"product_cat":[137],"product_tag":[],"class_list":{"0":"post-5443","1":"product","2":"type-product","3":"status-publish","5":"product_cat-maros-megyei-eletrajzi-lexikon","7":"first","8":"instock","9":"shipping-taxable","10":"product-type-simple"},"_links":{"self":[{"href":"https:\/\/uj.adatbank.ro\/lexikon\/wp-json\/wp\/v2\/product\/5443","targetHints":{"allow":["GET"]}}],"collection":[{"href":"https:\/\/uj.adatbank.ro\/lexikon\/wp-json\/wp\/v2\/product"}],"about":[{"href":"https:\/\/uj.adatbank.ro\/lexikon\/wp-json\/wp\/v2\/types\/product"}],"replies":[{"embeddable":true,"href":"https:\/\/uj.adatbank.ro\/lexikon\/wp-json\/wp\/v2\/comments?post=5443"}],"wp:attachment":[{"href":"https:\/\/uj.adatbank.ro\/lexikon\/wp-json\/wp\/v2\/media?parent=5443"}],"wp:term":[{"taxonomy":"product_brand","embeddable":true,"href":"https:\/\/uj.adatbank.ro\/lexikon\/wp-json\/wp\/v2\/product_brand?post=5443"},{"taxonomy":"product_cat","embeddable":true,"href":"https:\/\/uj.adatbank.ro\/lexikon\/wp-json\/wp\/v2\/product_cat?post=5443"},{"taxonomy":"product_tag","embeddable":true,"href":"https:\/\/uj.adatbank.ro\/lexikon\/wp-json\/wp\/v2\/product_tag?post=5443"}],"curies":[{"name":"wp","href":"https:\/\/api.w.org\/{rel}","templated":true}]}}

<p>1861.? † Mv., 1926. máj. 26.: szászrégeni származású vaskereskedő. Testvére: id. B. Károly. Felesége: Szász Piroska írónő. Gyermekeik: B. Piroska, Gergely Józsefné és Lajos, felesége Bottay Irma. – Szászrégenből került Mv.-re a Főtéren (Rózsák tere, 53. sz. alatt) működött az üzletük, ahol az udvar mindkét oldalán hosszú emeletes ház volt. Az egyik oldalon Buchleréknek volt a vasárú boltjuk, a másik oldalon a Wagner család posztót és ruhaneműt árult. Mindkét család az üzlet felett az emeleten lakott. Felépítette szecessziós stílusú villáját a Hosszú u. 93 sz. alatt (1880). Felesége Svájcba járt idegeit kezeltetni Forell világhírű egyetemi tanár ideggyógyászhoz, dr. Forell párszor Mv.-re is eljött ellenőrző vizsgálatra. A gazdasági válság siettette tönkremenésüket, a hitelezőket nem tudták kielégíteni, kénytelenek voltak mindent eladni. Lányuk Piroska bankba ment dolgozni, Lajos fia vállalkozóhoz állt be alkalmazottnak. A villájukat eladták a szászrégeni Kern Konrád osztrák-m. hadseregbeli kapitánynak és feleségének Demeter Józsa üzletasszonynak (1929–33). A Mv.-i Kaszinó tagja. <br /><strong>Irod.:</strong> Biás István; Déry Béla: Almanach; Fodor; Ökrös; Sipos</br></p>

<p>1861.? † Mv., 1926. máj. 26.: szászrégeni származású vaskereskedő. Testvére: id. B. Károly. Felesége: Szász Piroska írónő. Gyermekeik: B. Piroska, Gergely Józsefné és Lajos, felesége Bottay Irma. – Szászrégenből került Mv.-re a Főtéren (Rózsák tere, 53. sz. alatt) működött az üzletük, ahol az udvar mindkét oldalán hosszú emeletes ház volt. Az egyik oldalon Buchleréknek volt a [&hellip;]</p>
