{"id":5451,"date":"2025-06-28T17:15:41","date_gmt":"2025-06-28T15:15:41","guid":{"rendered":"https:\/\/uj.adatbank.ro\/lexikon\/termek\/bucsy-istvan\/"},"modified":"2025-06-28T17:15:41","modified_gmt":"2025-06-28T15:15:41","slug":"bucsy-istvan","status":"publish","type":"product","link":"https:\/\/uj.adatbank.ro\/lexikon\/termek\/bucsy-istvan\/","title":{"rendered":"BUCSY Istv\u00e1n"},"content":{"rendered":"<p>Mv., 1875. okt. 12., \u2020 ? : tan\u00e1r. \u2013 K\u00f6z\u00e9piskol\u00e1it Sz\u00e9kelyudvarhelyen, az egyetemet Bp.-en v\u00e9gezte. Tan\u00edtott Kis\u00fajsz\u00e1ll\u00e1son, Zalaegerszegen, Szegeden a Klauz\u00e1l Gimn.-ban mint m.-latin szakos tan\u00e1r (1937\u2013). K\u00f6z\u00f6lte elbesz\u00e9l\u00e9seit: Orsz\u00e1g Vil\u00e1g, Kisujsz\u00e1ll\u00e1s \u00e9s Vid\u00e9ke, irodalmi \u00e9s eszt\u00e9tikai cikkeit: M. Szemle, Szegedi Napl\u00f3. \u2013 <strong>F. m.:<\/strong> J\u00e1nos vit\u00e9z magyar\u00e1zta (Szeged., 1911); A kritik\u00e1r\u00f3l (Szeged, 1920); Okt\u00f3ber: Vers (Szeged., 1920); A m. katona legend\u00e1ja: Vers (Szeged., 1920); Sz\u00e9kely \u00fczenet: Vers (Szeged, 1921). <br \/><strong>Irod.:<\/strong> Guly\u00e1s<\/br><\/p>\n","protected":false},"excerpt":{"rendered":"<p>Mv., 1875. okt. 12., \u2020 ? : tan\u00e1r. \u2013 K\u00f6z\u00e9piskol\u00e1it Sz\u00e9kelyudvarhelyen, az egyetemet Bp.-en v\u00e9gezte. Tan\u00edtott Kis\u00fajsz\u00e1ll\u00e1son, Zalaegerszegen, Szegeden a Klauz\u00e1l Gimn.-ban mint m.-latin szakos tan\u00e1r (1937\u2013). K\u00f6z\u00f6lte elbesz\u00e9l\u00e9seit: Orsz\u00e1g Vil\u00e1g, Kisujsz\u00e1ll\u00e1s \u00e9s Vid\u00e9ke, irodalmi \u00e9s eszt\u00e9tikai cikkeit: M. Szemle, Szegedi Napl\u00f3. \u2013 F. m.: J\u00e1nos vit\u00e9z magyar\u00e1zta (Szeged., 1911); A kritik\u00e1r\u00f3l (Szeged, 1920); Okt\u00f3ber: [&hellip;]<\/p>\n","protected":false},"featured_media":0,"comment_status":"open","ping_status":"closed","template":"","meta":[],"product_brand":[],"product_cat":[137],"product_tag":[],"class_list":{"0":"post-5451","1":"product","2":"type-product","3":"status-publish","5":"product_cat-maros-megyei-eletrajzi-lexikon","7":"first","8":"instock","9":"shipping-taxable","10":"product-type-simple"},"_links":{"self":[{"href":"https:\/\/uj.adatbank.ro\/lexikon\/wp-json\/wp\/v2\/product\/5451","targetHints":{"allow":["GET"]}}],"collection":[{"href":"https:\/\/uj.adatbank.ro\/lexikon\/wp-json\/wp\/v2\/product"}],"about":[{"href":"https:\/\/uj.adatbank.ro\/lexikon\/wp-json\/wp\/v2\/types\/product"}],"replies":[{"embeddable":true,"href":"https:\/\/uj.adatbank.ro\/lexikon\/wp-json\/wp\/v2\/comments?post=5451"}],"wp:attachment":[{"href":"https:\/\/uj.adatbank.ro\/lexikon\/wp-json\/wp\/v2\/media?parent=5451"}],"wp:term":[{"taxonomy":"product_brand","embeddable":true,"href":"https:\/\/uj.adatbank.ro\/lexikon\/wp-json\/wp\/v2\/product_brand?post=5451"},{"taxonomy":"product_cat","embeddable":true,"href":"https:\/\/uj.adatbank.ro\/lexikon\/wp-json\/wp\/v2\/product_cat?post=5451"},{"taxonomy":"product_tag","embeddable":true,"href":"https:\/\/uj.adatbank.ro\/lexikon\/wp-json\/wp\/v2\/product_tag?post=5451"}],"curies":[{"name":"wp","href":"https:\/\/api.w.org\/{rel}","templated":true}]}}

BUCSY István

<p>Mv., 1875. okt. 12., † ? : tanár. – Középiskoláit Székelyudvarhelyen, az egyetemet Bp.-en végezte. Tanított Kisújszálláson, Zalaegerszegen, Szegeden a Klauzál Gimn.-ban mint m.-latin szakos tanár (1937–). Közölte elbeszéléseit: Ország Világ, Kisujszállás és Vidéke, irodalmi és esztétikai cikkeit: M. Szemle, Szegedi Napló. – <strong>F. m.:</strong> János vitéz magyarázta (Szeged., 1911); A kritikáról (Szeged, 1920); Október: Vers (Szeged., 1920); A m. katona legendája: Vers (Szeged., 1920); Székely üzenet: Vers (Szeged, 1921). <br /><strong>Irod.:</strong> Gulyás</br></p>

<p>Mv., 1875. okt. 12., † ? : tanár. – Középiskoláit Székelyudvarhelyen, az egyetemet Bp.-en végezte. Tanított Kisújszálláson, Zalaegerszegen, Szegeden a Klauzál Gimn.-ban mint m.-latin szakos tanár (1937–). Közölte elbeszéléseit: Ország Világ, Kisujszállás és Vidéke, irodalmi és esztétikai cikkeit: M. Szemle, Szegedi Napló. – F. m.: János vitéz magyarázta (Szeged., 1911); A kritikáról (Szeged, 1920); Október: [&hellip;]</p>
