{"id":5455,"date":"2025-06-28T17:15:49","date_gmt":"2025-06-28T15:15:49","guid":{"rendered":"https:\/\/uj.adatbank.ro\/lexikon\/termek\/bucur-coriolan\/"},"modified":"2025-06-28T17:15:49","modified_gmt":"2025-06-28T15:15:49","slug":"bucur-coriolan","status":"publish","type":"product","link":"https:\/\/uj.adatbank.ro\/lexikon\/termek\/bucur-coriolan\/","title":{"rendered":"BUCUR Coriolan"},"content":{"rendered":"<p>? \u2020 ? : f\u0151orvos. \u2013 Segesv\u00e1ron szem\u00e9sz f\u0151orvos (1947\u201364). Az \u00e1ltala alap\u00edtott 30 \u00e1gyas szem\u00e9szeti oszt\u00e1lyon cataract\u00e1t, glauk\u00f3m\u00e1t, kancsals\u00e1got, szemh\u00e9jtumorokat m\u0171t\u00f6ttek. <br \/><strong>Irod.:<\/strong> Fodor Ferenc 2000\u00e1rt, \u00e9retts\u00e9git tett az Al. Papiu Ilarian L\u00edc.-ban Mv-en (1963), Buk.-ben K\u00f6zgazdas\u00e1gi Akad. P\u00e9nz\u00fcgyi Fakult\u00e1s\u00e1n v\u00e9gzett (1968). Letette az \u00f6sszes tan\u00fcgyi fokozati vizsg\u00e1t: v\u00e9gles\u00edt\u0151 (1971), II. fokozat (1979), I. fokozati dolgozat\u00e1nak c\u00edme: Posbilit\u0103\u0163i de \u00eembun\u0103t\u0103\u0163ire a Intreprinderii Mobex Tg. Mure\u015f (1994). Tan\u00e1rnak nevezt\u00e9k ki Mv.-en a Gazd.-i L\u00edc.-ba (1968\u201372); Mez\u0151gazdas\u00e1gi L\u00edc. (gazdas\u00e1gi profil, 1972\u201376), majd Mv.-en az \u00c1llami Kereskedelmi V\u00e1llalat K\u00f6z\u00e9lelmez\u00e9si Oszt\u00e1ly\u00e1n k\u00f6zgazd\u00e1sz (1976\u201390), onnan visszament a tan\u00fcgybe a Gazdas\u00e1gi L\u00edc.-ba, ahol tan\u00e1r volt hal\u00e1l\u00e1ig. T\u00f6bb alkalommal vett r\u00e9szt a buk.-i Tov\u00e1bbk\u00e9pz\u0151 Int\u00e9zet tanfolyamain. Hozz\u00e1j\u00e1rult Az adminisztrativ int\u00e9zm\u00e9nyek tev\u00e9kenys\u00e9g\u00e9nek megszervez\u00e9se nev\u0171 tant\u00e1rgy tanterv\u00e9nek \u00e9s m\u00e1s didaktikai tervek tematik\u00e1j\u00e1nak \u00f6ssze\u00e1ll\u00edt\u00e1s\u00e1hoz. <br \/><strong>Irod.:<\/strong> Dasc\u0103li mure\u015feni 5.<\/br><\/p>\n","protected":false},"excerpt":{"rendered":"<p>? \u2020 ? : f\u0151orvos. \u2013 Segesv\u00e1ron szem\u00e9sz f\u0151orvos (1947\u201364). Az \u00e1ltala alap\u00edtott 30 \u00e1gyas szem\u00e9szeti oszt\u00e1lyon cataract\u00e1t, glauk\u00f3m\u00e1t, kancsals\u00e1got, szemh\u00e9jtumorokat m\u0171t\u00f6ttek. Irod.: Fodor Ferenc 2000\u00e1rt, \u00e9retts\u00e9git tett az Al. Papiu Ilarian L\u00edc.-ban Mv-en (1963), Buk.-ben K\u00f6zgazdas\u00e1gi Akad. P\u00e9nz\u00fcgyi Fakult\u00e1s\u00e1n v\u00e9gzett (1968). Letette az \u00f6sszes tan\u00fcgyi fokozati vizsg\u00e1t: v\u00e9gles\u00edt\u0151 (1971), II. fokozat (1979), I. fokozati [&hellip;]<\/p>\n","protected":false},"featured_media":0,"comment_status":"open","ping_status":"closed","template":"","meta":[],"product_brand":[],"product_cat":[137],"product_tag":[],"class_list":{"0":"post-5455","1":"product","2":"type-product","3":"status-publish","5":"product_cat-maros-megyei-eletrajzi-lexikon","7":"first","8":"instock","9":"shipping-taxable","10":"product-type-simple"},"_links":{"self":[{"href":"https:\/\/uj.adatbank.ro\/lexikon\/wp-json\/wp\/v2\/product\/5455","targetHints":{"allow":["GET"]}}],"collection":[{"href":"https:\/\/uj.adatbank.ro\/lexikon\/wp-json\/wp\/v2\/product"}],"about":[{"href":"https:\/\/uj.adatbank.ro\/lexikon\/wp-json\/wp\/v2\/types\/product"}],"replies":[{"embeddable":true,"href":"https:\/\/uj.adatbank.ro\/lexikon\/wp-json\/wp\/v2\/comments?post=5455"}],"wp:attachment":[{"href":"https:\/\/uj.adatbank.ro\/lexikon\/wp-json\/wp\/v2\/media?parent=5455"}],"wp:term":[{"taxonomy":"product_brand","embeddable":true,"href":"https:\/\/uj.adatbank.ro\/lexikon\/wp-json\/wp\/v2\/product_brand?post=5455"},{"taxonomy":"product_cat","embeddable":true,"href":"https:\/\/uj.adatbank.ro\/lexikon\/wp-json\/wp\/v2\/product_cat?post=5455"},{"taxonomy":"product_tag","embeddable":true,"href":"https:\/\/uj.adatbank.ro\/lexikon\/wp-json\/wp\/v2\/product_tag?post=5455"}],"curies":[{"name":"wp","href":"https:\/\/api.w.org\/{rel}","templated":true}]}}

<p>? † ? : főorvos. – Segesváron szemész főorvos (1947–64). Az általa alapított 30 ágyas szemészeti osztályon cataractát, glaukómát, kancsalságot, szemhéjtumorokat műtöttek. <br /><strong>Irod.:</strong> Fodor Ferenc 2000árt, érettségit tett az Al. Papiu Ilarian Líc.-ban Mv-en (1963), Buk.-ben Közgazdasági Akad. Pénzügyi Fakultásán végzett (1968). Letette az összes tanügyi fokozati vizsgát: véglesítő (1971), II. fokozat (1979), I. fokozati dolgozatának címe: Posbilităţi de îmbunătăţire a Intreprinderii Mobex Tg. Mureş (1994). Tanárnak nevezték ki Mv.-en a Gazd.-i Líc.-ba (1968–72); Mezőgazdasági Líc. (gazdasági profil, 1972–76), majd Mv.-en az Állami Kereskedelmi Vállalat Közélelmezési Osztályán közgazdász (1976–90), onnan visszament a tanügybe a Gazdasági Líc.-ba, ahol tanár volt haláláig. Több alkalommal vett részt a buk.-i Továbbképző Intézet tanfolyamain. Hozzájárult Az adminisztrativ intézmények tevékenységének megszervezése nevű tantárgy tantervének és más didaktikai tervek tematikájának összeállításához. <br /><strong>Irod.:</strong> Dascăli mureşeni 5.</br></p>

<p>? † ? : főorvos. – Segesváron szemész főorvos (1947–64). Az általa alapított 30 ágyas szemészeti osztályon cataractát, glaukómát, kancsalságot, szemhéjtumorokat műtöttek. Irod.: Fodor Ferenc 2000árt, érettségit tett az Al. Papiu Ilarian Líc.-ban Mv-en (1963), Buk.-ben Közgazdasági Akad. Pénzügyi Fakultásán végzett (1968). Letette az összes tanügyi fokozati vizsgát: véglesítő (1971), II. fokozat (1979), I. fokozati [&hellip;]</p>
