{"id":5468,"date":"2025-06-28T17:16:11","date_gmt":"2025-06-28T15:16:11","guid":{"rendered":"https:\/\/uj.adatbank.ro\/lexikon\/termek\/budai-lajos\/"},"modified":"2025-06-28T17:16:11","modified_gmt":"2025-06-28T15:16:11","slug":"budai-lajos","status":"publish","type":"product","link":"https:\/\/uj.adatbank.ro\/lexikon\/termek\/budai-lajos\/","title":{"rendered":"BUDAI Lajos"},"content":{"rendered":"<p>Mez\u0151s\u00e1msond, 1886., \u2020 ? : husz\u00e1r, k\u00f6z\u00e9pbirtokos. A II. vh. kit\u00f6r\u00e9se ut\u00e1n Brass\u00f3ba a 2-es k\u00f6z\u00f6s husz\u00e1rezredhez h\u00edvt\u00e1k be (1914. aug. \u2013). Az orosz \u00e9s az olasz harctereken harcolt: Dun\u00e1jov, Iv\u00e1ngorod, Vars\u00f3 \u00e9s Piav\u00e9. Egyszer s\u00falyosan megsebes\u00fclt. A mo.-i forradalom kit\u00f6r\u00e9se ut\u00e1n szerelt le (1918). <strong>Kit\u00fcntet\u00e9sei:<\/strong> bronz vit\u00e9zs\u00e9gi \u00e9rem, K\u00e1roly csapat \u2013 kereszt, sebes\u00fcl\u00e9si eml\u00e9k\u00e9rem, m., bolg\u00e1r \u00e9s osztr\u00e1k h\u00e1bor\u00fas eml\u00e9k\u00e9rem. <br \/><strong>Irod.:<\/strong> Mez\u0151s\u00e1msond<\/br><\/p>\n","protected":false},"excerpt":{"rendered":"<p>Mez\u0151s\u00e1msond, 1886., \u2020 ? : husz\u00e1r, k\u00f6z\u00e9pbirtokos. A II. vh. kit\u00f6r\u00e9se ut\u00e1n Brass\u00f3ba a 2-es k\u00f6z\u00f6s husz\u00e1rezredhez h\u00edvt\u00e1k be (1914. aug. \u2013). Az orosz \u00e9s az olasz harctereken harcolt: Dun\u00e1jov, Iv\u00e1ngorod, Vars\u00f3 \u00e9s Piav\u00e9. Egyszer s\u00falyosan megsebes\u00fclt. A mo.-i forradalom kit\u00f6r\u00e9se ut\u00e1n szerelt le (1918). Kit\u00fcntet\u00e9sei: bronz vit\u00e9zs\u00e9gi \u00e9rem, K\u00e1roly csapat \u2013 kereszt, sebes\u00fcl\u00e9si eml\u00e9k\u00e9rem, [&hellip;]<\/p>\n","protected":false},"featured_media":0,"comment_status":"open","ping_status":"closed","template":"","meta":[],"product_brand":[],"product_cat":[137],"product_tag":[],"class_list":{"0":"post-5468","1":"product","2":"type-product","3":"status-publish","5":"product_cat-maros-megyei-eletrajzi-lexikon","7":"first","8":"instock","9":"shipping-taxable","10":"product-type-simple"},"_links":{"self":[{"href":"https:\/\/uj.adatbank.ro\/lexikon\/wp-json\/wp\/v2\/product\/5468","targetHints":{"allow":["GET"]}}],"collection":[{"href":"https:\/\/uj.adatbank.ro\/lexikon\/wp-json\/wp\/v2\/product"}],"about":[{"href":"https:\/\/uj.adatbank.ro\/lexikon\/wp-json\/wp\/v2\/types\/product"}],"replies":[{"embeddable":true,"href":"https:\/\/uj.adatbank.ro\/lexikon\/wp-json\/wp\/v2\/comments?post=5468"}],"wp:attachment":[{"href":"https:\/\/uj.adatbank.ro\/lexikon\/wp-json\/wp\/v2\/media?parent=5468"}],"wp:term":[{"taxonomy":"product_brand","embeddable":true,"href":"https:\/\/uj.adatbank.ro\/lexikon\/wp-json\/wp\/v2\/product_brand?post=5468"},{"taxonomy":"product_cat","embeddable":true,"href":"https:\/\/uj.adatbank.ro\/lexikon\/wp-json\/wp\/v2\/product_cat?post=5468"},{"taxonomy":"product_tag","embeddable":true,"href":"https:\/\/uj.adatbank.ro\/lexikon\/wp-json\/wp\/v2\/product_tag?post=5468"}],"curies":[{"name":"wp","href":"https:\/\/api.w.org\/{rel}","templated":true}]}}

<p>Mezősámsond, 1886., † ? : huszár, középbirtokos. A II. vh. kitörése után Brassóba a 2-es közös huszárezredhez hívták be (1914. aug. –). Az orosz és az olasz harctereken harcolt: Dunájov, Ivángorod, Varsó és Piavé. Egyszer súlyosan megsebesült. A mo.-i forradalom kitörése után szerelt le (1918). <strong>Kitüntetései:</strong> bronz vitézségi érem, Károly csapat – kereszt, sebesülési emlékérem, m., bolgár és osztrák háborús emlékérem. <br /><strong>Irod.:</strong> Mezősámsond</br></p>

<p>Mezősámsond, 1886., † ? : huszár, középbirtokos. A II. vh. kitörése után Brassóba a 2-es közös huszárezredhez hívták be (1914. aug. –). Az orosz és az olasz harctereken harcolt: Dunájov, Ivángorod, Varsó és Piavé. Egyszer súlyosan megsebesült. A mo.-i forradalom kitörése után szerelt le (1918). Kitüntetései: bronz vitézségi érem, Károly csapat – kereszt, sebesülési emlékérem, [&hellip;]</p>
