{"id":5473,"date":"2025-06-28T17:16:18","date_gmt":"2025-06-28T15:16:18","guid":{"rendered":"https:\/\/uj.adatbank.ro\/lexikon\/termek\/budeanu-stefan\/"},"modified":"2025-06-28T17:16:18","modified_gmt":"2025-06-28T15:16:18","slug":"budeanu-stefan","status":"publish","type":"product","link":"https:\/\/uj.adatbank.ro\/lexikon\/termek\/budeanu-stefan\/","title":{"rendered":"BUDEANU \u015etefan"},"content":{"rendered":"<p>Ialoveni-L\u0103pu\u015fna (Moldovai k), 1919. jan. 9. \u2020\u00a0? : \u00e9p\u00edtkez\u00e9si r\u00e9szlegvezet\u0151. \u2013 K\u00f6z\u00e9piskola ut\u00e1n 2 \u00e9ves vegy\u00e9szetet v\u00e9gzett a csernivici egyetemen. B\u00edr\u00f3s\u00e1gi elj\u00e1r\u00e1st ind\u00edtottak ellene illeg\u00e1lis egyenruha visel\u00e9s\u00e9\u00e9rt (1945). 2 \u00e9v jav\u00edt\u0151b\u00f6rt\u00f6nre \u00edt\u00e9lt\u00e9k illeg\u00e1lis fegyver- \u00e9s l\u0151szer tart\u00e1s\u00e9rt (1952). A gyulakutai Electro-Montaj \u00e9p\u00edt\u0151telep r\u00e9szlegvezet\u0151je. Tagja volt a Titel Popescu f\u00e9le Szoci\u00e1l Demokrata P\u00e1rtnak, valamint a Lupu-f\u00e9le Nemzeti Parszt P\u00e1rtnak. Letart\u00f3ztatt\u00e1k (1956. dec. 13.). A v\u00e1d szerint rendszeresen b\u00fajtogatta a kaz\u00e1nr\u00e9szlegen dolgoz\u00f3 munk\u00e1sokat, hogy k\u00e9rj\u00e9k a v\u00e1llalat vezet\u0151s\u00e9g\u00e9t\u0151l jogaikat. A Mo.-i esem\u00e9nyek alatt felkel\u00e9sre \u00e9s a rendszer megd\u00f6nt\u00e9s\u00e9re b\u00edztatta az \u00e9p\u00edt\u0151telep dolgoz\u00f3it. El\u00edt\u00e9lt\u00e9k. <br \/><strong>Irod.:<\/strong> \u00c1ldozatok BARTOS Ede, \u00a7 *Temesv\u00e1r, 1921. dec. 9., \u2020 ? : sz\u00edn\u00e9sz. \u2013 Katonatiszt volt. \u00c1llatorvosnak k\u00e9sz\u00fclt, orsz\u00e1gos v\u00edzilabda-v\u00e1logatott, kit\u0171n\u0151 lovas \u00e9s sz\u00edn\u00e9sz lett. Temesv\u00e1ron kezdte sz\u00edn\u00e9szi p\u00e1ly\u00e1j\u00e1t, Nagyv\u00e1radon j\u00e1tszott (1948\u201353), majd Szatm\u00e1ron (1953\u201359), ism\u00e9t V\u00e1rad k\u00f6vetkezett. A mv.-i Sz\u00e9kely Sz\u00ednh\u00e1zban j\u00e1tszott (1962\u201376), r\u00f6vid ideig a rom\u00e1n tagozaton is. Impoz\u00e1ns jelens\u00e9g, hat\u00e1sos fell\u00e9p\u00e9s\u00e9t, el\u0151kel\u0151 modor\u00e1t a rendez\u0151k j\u00f3l kihaszn\u00e1lt\u00e1k. Az NSZK-ba t\u00e1vozott (1976), ahol egy lovagl\u00f3iskola oktat\u00f3ja volt. \u2013 F. sz : Swindon (Az \u00f6rd\u00f6g cimbor\u00e1ja); Admir\u00e1lis (Stejn: \u00d3ce\u00e1n); Detekt\u00edvfel\u00fcgyel\u0151 (Fizikusok), Walter Kidd (Lavrenyov: Amerika hangja); Lennie (Steinbeck: Egerek \u00e9s emberek); Eszter\u00e1g P\u00e1l (Vit\u00e9zek \u00e9s h\u0151s\u00f6k); Kasztyanov (Villa a mell\u00e9kutc\u00e1ban); Claudius (Shakespeare: Hamlet); \u0150rmester (\u00d6rk\u00e9ny Istv\u00e1n: T\u00f3t\u00e9k); Don Juan (Moliere); Temetkez\u00e9si v\u00e1llalkoz\u00f3 (Barta Lajos: Szerelem); Claudius (Shakespeare: Hamlet). J\u00e1tszott m\u00e9g A. Baranga: J\u00e1mborlelk\u0171 Szent Fl\u00f3ri\u00e1n (1966); C. Petrescu: Velencei t\u00f6rt\u00e9net (1969); Shakespeare: Machbeth (1969); M\u00e9hes Gy\u00f6rgy: No\u00e9 b\u00e1rk\u00e1ja (1969); G. B. Shaw: Brassbound kapit\u00e1ny megt\u00e9r\u00e9se (1970); \u00d6rk\u00e9ny Istv\u00e1n: Macskaj\u00e1t\u00e9k (1972) c. darabokban. <br \/><strong>Irod.:<\/strong> Horv\u00e1th Bea; Id\u0151t\u00e1r 4.; Polg\u00e1r Istv\u00e1n: Egy sz\u00edn\u00e9sz mag\u00e1ra tal\u00e1l (\u00daj \u00c9let, 10. sz., 1968)<\/br><\/p>\n","protected":false},"excerpt":{"rendered":"<p>Ialoveni-L\u0103pu\u015fna (Moldovai k), 1919. jan. 9. \u2020\u00a0? : \u00e9p\u00edtkez\u00e9si r\u00e9szlegvezet\u0151. \u2013 K\u00f6z\u00e9piskola ut\u00e1n 2 \u00e9ves vegy\u00e9szetet v\u00e9gzett a csernivici egyetemen. B\u00edr\u00f3s\u00e1gi elj\u00e1r\u00e1st ind\u00edtottak ellene illeg\u00e1lis egyenruha visel\u00e9s\u00e9\u00e9rt (1945). 2 \u00e9v jav\u00edt\u0151b\u00f6rt\u00f6nre \u00edt\u00e9lt\u00e9k illeg\u00e1lis fegyver- \u00e9s l\u0151szer tart\u00e1s\u00e9rt (1952). A gyulakutai Electro-Montaj \u00e9p\u00edt\u0151telep r\u00e9szlegvezet\u0151je. Tagja volt a Titel Popescu f\u00e9le Szoci\u00e1l Demokrata P\u00e1rtnak, valamint a Lupu-f\u00e9le [&hellip;]<\/p>\n","protected":false},"featured_media":0,"comment_status":"open","ping_status":"closed","template":"","meta":[],"product_brand":[],"product_cat":[137],"product_tag":[],"class_list":{"0":"post-5473","1":"product","2":"type-product","3":"status-publish","5":"product_cat-maros-megyei-eletrajzi-lexikon","7":"first","8":"instock","9":"shipping-taxable","10":"product-type-simple"},"_links":{"self":[{"href":"https:\/\/uj.adatbank.ro\/lexikon\/wp-json\/wp\/v2\/product\/5473","targetHints":{"allow":["GET"]}}],"collection":[{"href":"https:\/\/uj.adatbank.ro\/lexikon\/wp-json\/wp\/v2\/product"}],"about":[{"href":"https:\/\/uj.adatbank.ro\/lexikon\/wp-json\/wp\/v2\/types\/product"}],"replies":[{"embeddable":true,"href":"https:\/\/uj.adatbank.ro\/lexikon\/wp-json\/wp\/v2\/comments?post=5473"}],"wp:attachment":[{"href":"https:\/\/uj.adatbank.ro\/lexikon\/wp-json\/wp\/v2\/media?parent=5473"}],"wp:term":[{"taxonomy":"product_brand","embeddable":true,"href":"https:\/\/uj.adatbank.ro\/lexikon\/wp-json\/wp\/v2\/product_brand?post=5473"},{"taxonomy":"product_cat","embeddable":true,"href":"https:\/\/uj.adatbank.ro\/lexikon\/wp-json\/wp\/v2\/product_cat?post=5473"},{"taxonomy":"product_tag","embeddable":true,"href":"https:\/\/uj.adatbank.ro\/lexikon\/wp-json\/wp\/v2\/product_tag?post=5473"}],"curies":[{"name":"wp","href":"https:\/\/api.w.org\/{rel}","templated":true}]}}

BUDEANU Ştefan

<p>Ialoveni-Lăpuşna (Moldovai k), 1919. jan. 9. † ? : építkezési részlegvezető. – Középiskola után 2 éves vegyészetet végzett a csernivici egyetemen. Bírósági eljárást indítottak ellene illegális egyenruha viseléséért (1945). 2 év javítőbörtönre ítélték illegális fegyver- és lőszer tartásért (1952). A gyulakutai Electro-Montaj építőtelep részlegvezetője. Tagja volt a Titel Popescu féle Szociál Demokrata Pártnak, valamint a Lupu-féle Nemzeti Parszt Pártnak. Letartóztatták (1956. dec. 13.). A vád szerint rendszeresen bújtogatta a kazánrészlegen dolgozó munkásokat, hogy kérjék a vállalat vezetőségétől jogaikat. A Mo.-i események alatt felkelésre és a rendszer megdöntésére bíztatta az építőtelep dolgozóit. Elítélték. <br /><strong>Irod.:</strong> Áldozatok BARTOS Ede, § *Temesvár, 1921. dec. 9., † ? : színész. – Katonatiszt volt. Állatorvosnak készült, országos vízilabda-válogatott, kitűnő lovas és színész lett. Temesváron kezdte színészi pályáját, Nagyváradon játszott (1948–53), majd Szatmáron (1953–59), ismét Várad következett. A mv.-i Székely Színházban játszott (1962–76), rövid ideig a román tagozaton is. Impozáns jelenség, hatásos fellépését, előkelő modorát a rendezők jól kihasználták. Az NSZK-ba távozott (1976), ahol egy lovaglóiskola oktatója volt. – F. sz : Swindon (Az ördög cimborája); Admirális (Stejn: Óceán); Detektívfelügyelő (Fizikusok), Walter Kidd (Lavrenyov: Amerika hangja); Lennie (Steinbeck: Egerek és emberek); Eszterág Pál (Vitézek és hősök); Kasztyanov (Villa a mellékutcában); Claudius (Shakespeare: Hamlet); Őrmester (Örkény István: Tóték); Don Juan (Moliere); Temetkezési vállalkozó (Barta Lajos: Szerelem); Claudius (Shakespeare: Hamlet). Játszott még A. Baranga: Jámborlelkű Szent Flórián (1966); C. Petrescu: Velencei történet (1969); Shakespeare: Machbeth (1969); Méhes György: Noé bárkája (1969); G. B. Shaw: Brassbound kapitány megtérése (1970); Örkény István: Macskajáték (1972) c. darabokban. <br /><strong>Irod.:</strong> Horváth Bea; Időtár 4.; Polgár István: Egy színész magára talál (Új Élet, 10. sz., 1968)</br></p>

<p>Ialoveni-Lăpuşna (Moldovai k), 1919. jan. 9. † ? : építkezési részlegvezető. – Középiskola után 2 éves vegyészetet végzett a csernivici egyetemen. Bírósági eljárást indítottak ellene illegális egyenruha viseléséért (1945). 2 év javítőbörtönre ítélték illegális fegyver- és lőszer tartásért (1952). A gyulakutai Electro-Montaj építőtelep részlegvezetője. Tagja volt a Titel Popescu féle Szociál Demokrata Pártnak, valamint a Lupu-féle [&hellip;]</p>
