{"id":5476,"date":"2025-06-28T17:16:25","date_gmt":"2025-06-28T15:16:25","guid":{"rendered":"https:\/\/uj.adatbank.ro\/lexikon\/termek\/buiu-eufrosina-caian-eufrosina\/"},"modified":"2025-06-28T17:16:25","modified_gmt":"2025-06-28T15:16:25","slug":"buiu-eufrosina-caian-eufrosina","status":"publish","type":"product","link":"https:\/\/uj.adatbank.ro\/lexikon\/termek\/buiu-eufrosina-caian-eufrosina\/","title":{"rendered":"BUIU Eufrosina; Caian Eufrosina"},"content":{"rendered":"<p>Sz\u00e1szfenes, 1912. szept. 6. \u2020 Kolozs, 2005.: tan\u00edt\u00f3n\u0151. \u2013 F\u00e9rje: Ioan Buiu. \u2013 Elemi isk-t a sz\u00fcl\u00f6faluj\u00e1ban, tan\u00edt\u00f3k\u00e9pz\u0151t Kv.-on v\u00e9gzett (1924\u201331). Kolozs megy\u00e9ben kezdte p\u00e1ly\u00e1j\u00e1t (1931. szept. 25\u2013). Maros megy\u00e9be Marosligeten (6 h\u00f3napig), Fels\u0151r\u00e9p\u00e1n \u00e9s Als\u00f3r\u00e9p\u00e1n dolgozott (1934. jan. 1. \u201344). Ez \u00fat\u00f3bbi faluban r\u00e9szt vett az \u00fajonnan fel\u00e9p\u00edtett iskola tanszrekkel val\u00f3 felszerel\u00e9s\u00e9ben, iskolai- k\u00f6nyvt\u00e1r, patika, sz\u00f6vetkezet, m\u0171hely \u00e9s mez\u0151gazdas\u00e1gi gyakorl\u00f3kert l\u00e9tes\u00edt\u00e9s\u00e9ben. Az ASTRA keret\u00e9ben t\u00e1nccsoportot \u00e9s torn\u00e1szcsoportot vezetett, a faluban h\u00e1ztart\u00e1si tanfolyamot vezetett \u00e9s szem\u00e9lyesen vezette az iskola \u00e9tkezd\u00e9j\u00e9t, ahol 20\u201330 szeg\u00e9ny tanul\u00f3 \u00e9tkezett. <br \/><strong>Irod.:<\/strong> Dasc\u0103li mure\u015feni, 5.<\/br><\/p>\n","protected":false},"excerpt":{"rendered":"<p>Sz\u00e1szfenes, 1912. szept. 6. \u2020 Kolozs, 2005.: tan\u00edt\u00f3n\u0151. \u2013 F\u00e9rje: Ioan Buiu. \u2013 Elemi isk-t a sz\u00fcl\u00f6faluj\u00e1ban, tan\u00edt\u00f3k\u00e9pz\u0151t Kv.-on v\u00e9gzett (1924\u201331). Kolozs megy\u00e9ben kezdte p\u00e1ly\u00e1j\u00e1t (1931. szept. 25\u2013). Maros megy\u00e9be Marosligeten (6 h\u00f3napig), Fels\u0151r\u00e9p\u00e1n \u00e9s Als\u00f3r\u00e9p\u00e1n dolgozott (1934. jan. 1. \u201344). Ez \u00fat\u00f3bbi faluban r\u00e9szt vett az \u00fajonnan fel\u00e9p\u00edtett iskola tanszrekkel val\u00f3 felszerel\u00e9s\u00e9ben, iskolai- k\u00f6nyvt\u00e1r, [&hellip;]<\/p>\n","protected":false},"featured_media":0,"comment_status":"open","ping_status":"closed","template":"","meta":[],"product_brand":[],"product_cat":[137],"product_tag":[],"class_list":{"0":"post-5476","1":"product","2":"type-product","3":"status-publish","5":"product_cat-maros-megyei-eletrajzi-lexikon","7":"first","8":"instock","9":"shipping-taxable","10":"product-type-simple"},"_links":{"self":[{"href":"https:\/\/uj.adatbank.ro\/lexikon\/wp-json\/wp\/v2\/product\/5476","targetHints":{"allow":["GET"]}}],"collection":[{"href":"https:\/\/uj.adatbank.ro\/lexikon\/wp-json\/wp\/v2\/product"}],"about":[{"href":"https:\/\/uj.adatbank.ro\/lexikon\/wp-json\/wp\/v2\/types\/product"}],"replies":[{"embeddable":true,"href":"https:\/\/uj.adatbank.ro\/lexikon\/wp-json\/wp\/v2\/comments?post=5476"}],"wp:attachment":[{"href":"https:\/\/uj.adatbank.ro\/lexikon\/wp-json\/wp\/v2\/media?parent=5476"}],"wp:term":[{"taxonomy":"product_brand","embeddable":true,"href":"https:\/\/uj.adatbank.ro\/lexikon\/wp-json\/wp\/v2\/product_brand?post=5476"},{"taxonomy":"product_cat","embeddable":true,"href":"https:\/\/uj.adatbank.ro\/lexikon\/wp-json\/wp\/v2\/product_cat?post=5476"},{"taxonomy":"product_tag","embeddable":true,"href":"https:\/\/uj.adatbank.ro\/lexikon\/wp-json\/wp\/v2\/product_tag?post=5476"}],"curies":[{"name":"wp","href":"https:\/\/api.w.org\/{rel}","templated":true}]}}

<p>Szászfenes, 1912. szept. 6. † Kolozs, 2005.: tanítónő. – Férje: Ioan Buiu. – Elemi isk-t a szülöfalujában, tanítóképzőt Kv.-on végzett (1924–31). Kolozs megyében kezdte pályáját (1931. szept. 25–). Maros megyébe Marosligeten (6 hónapig), Felsőrépán és Alsórépán dolgozott (1934. jan. 1. –44). Ez útóbbi faluban részt vett az újonnan felépített iskola tanszrekkel való felszerelésében, iskolai- könyvtár, patika, szövetkezet, műhely és mezőgazdasági gyakorlókert létesítésében. Az ASTRA keretében tánccsoportot és tornászcsoportot vezetett, a faluban háztartási tanfolyamot vezetett és személyesen vezette az iskola étkezdéjét, ahol 20–30 szegény tanuló étkezett. <br /><strong>Irod.:</strong> Dascăli mureşeni, 5.</br></p>

<p>Szászfenes, 1912. szept. 6. † Kolozs, 2005.: tanítónő. – Férje: Ioan Buiu. – Elemi isk-t a szülöfalujában, tanítóképzőt Kv.-on végzett (1924–31). Kolozs megyében kezdte pályáját (1931. szept. 25–). Maros megyébe Marosligeten (6 hónapig), Felsőrépán és Alsórépán dolgozott (1934. jan. 1. –44). Ez útóbbi faluban részt vett az újonnan felépített iskola tanszrekkel való felszerelésében, iskolai- könyvtár, [&hellip;]</p>
