{"id":5479,"date":"2025-06-28T17:16:30","date_gmt":"2025-06-28T15:16:30","guid":{"rendered":"https:\/\/uj.adatbank.ro\/lexikon\/termek\/buja-lazar\/"},"modified":"2025-06-28T17:16:30","modified_gmt":"2025-06-28T15:16:30","slug":"buja-lazar","status":"publish","type":"product","link":"https:\/\/uj.adatbank.ro\/lexikon\/termek\/buja-lazar\/","title":{"rendered":"BUJA Laz\u0103r"},"content":{"rendered":"<p>Marosszentgy\u00f6rgy, ? \u2020 Majsz\u00edn, 1944. okt. 14.: \u00e1ldozat. \u2013 Egyik \u00e1ldozata a Fels\u0151vis\u00f3ba k\u00e9nyszermunk\u00e1ra elhurcolt (1944. m\u00e1j.), majd Majsz\u00ednn\u00e1l lel\u0151tt marosiaknak. <br \/><strong>Irod.:<\/strong> F\u0103r\u0103g\u0103u<\/br><\/p>\n","protected":false},"excerpt":{"rendered":"<p>Marosszentgy\u00f6rgy, ? \u2020 Majsz\u00edn, 1944. okt. 14.: \u00e1ldozat. \u2013 Egyik \u00e1ldozata a Fels\u0151vis\u00f3ba k\u00e9nyszermunk\u00e1ra elhurcolt (1944. m\u00e1j.), majd Majsz\u00ednn\u00e1l lel\u0151tt marosiaknak. Irod.: F\u0103r\u0103g\u0103u<\/p>\n","protected":false},"featured_media":0,"comment_status":"open","ping_status":"closed","template":"","meta":[],"product_brand":[],"product_cat":[137],"product_tag":[],"class_list":{"0":"post-5479","1":"product","2":"type-product","3":"status-publish","5":"product_cat-maros-megyei-eletrajzi-lexikon","7":"first","8":"instock","9":"shipping-taxable","10":"product-type-simple"},"_links":{"self":[{"href":"https:\/\/uj.adatbank.ro\/lexikon\/wp-json\/wp\/v2\/product\/5479","targetHints":{"allow":["GET"]}}],"collection":[{"href":"https:\/\/uj.adatbank.ro\/lexikon\/wp-json\/wp\/v2\/product"}],"about":[{"href":"https:\/\/uj.adatbank.ro\/lexikon\/wp-json\/wp\/v2\/types\/product"}],"replies":[{"embeddable":true,"href":"https:\/\/uj.adatbank.ro\/lexikon\/wp-json\/wp\/v2\/comments?post=5479"}],"wp:attachment":[{"href":"https:\/\/uj.adatbank.ro\/lexikon\/wp-json\/wp\/v2\/media?parent=5479"}],"wp:term":[{"taxonomy":"product_brand","embeddable":true,"href":"https:\/\/uj.adatbank.ro\/lexikon\/wp-json\/wp\/v2\/product_brand?post=5479"},{"taxonomy":"product_cat","embeddable":true,"href":"https:\/\/uj.adatbank.ro\/lexikon\/wp-json\/wp\/v2\/product_cat?post=5479"},{"taxonomy":"product_tag","embeddable":true,"href":"https:\/\/uj.adatbank.ro\/lexikon\/wp-json\/wp\/v2\/product_tag?post=5479"}],"curies":[{"name":"wp","href":"https:\/\/api.w.org\/{rel}","templated":true}]}}