{"id":5480,"date":"2025-06-28T17:16:33","date_gmt":"2025-06-28T15:16:33","guid":{"rendered":"https:\/\/uj.adatbank.ro\/lexikon\/termek\/bujaki-domokos\/"},"modified":"2025-06-28T17:16:33","modified_gmt":"2025-06-28T15:16:33","slug":"bujaki-domokos","status":"publish","type":"product","link":"https:\/\/uj.adatbank.ro\/lexikon\/termek\/bujaki-domokos\/","title":{"rendered":"BUJ\u00c1KI Domokos"},"content":{"rendered":"<p>? \u2020\u00a0? : tan\u00e1r. \u2013 A mv.-i R. K. Gimn. (1907-08), majd a gyulafeh\u00e9rv\u00e1ri R. K. Gimn. vil\u00e1gi tan\u00e1ra volt. Cikkei az Erd\u00e9lyi R. Kat. St\u00e1tus Tan\u00e1ri Kongresszusa jegyz\u0151k\u00f6nyv\u00e9ben (1913) \u00e9s a gyulafeh\u00e9rv\u00e1ri K\u00f6zm\u0171vel\u0151d\u00e9s-ben (1916\/17) jelentek meg. <br \/><strong>Irod.:<\/strong> Guly\u00e1s<\/br><\/p>\n","protected":false},"excerpt":{"rendered":"<p>? \u2020\u00a0? : tan\u00e1r. \u2013 A mv.-i R. K. Gimn. (1907-08), majd a gyulafeh\u00e9rv\u00e1ri R. K. Gimn. vil\u00e1gi tan\u00e1ra volt. Cikkei az Erd\u00e9lyi R. Kat. St\u00e1tus Tan\u00e1ri Kongresszusa jegyz\u0151k\u00f6nyv\u00e9ben (1913) \u00e9s a gyulafeh\u00e9rv\u00e1ri K\u00f6zm\u0171vel\u0151d\u00e9s-ben (1916\/17) jelentek meg. Irod.: Guly\u00e1s<\/p>\n","protected":false},"featured_media":0,"comment_status":"open","ping_status":"closed","template":"","meta":[],"product_brand":[],"product_cat":[137],"product_tag":[],"class_list":{"0":"post-5480","1":"product","2":"type-product","3":"status-publish","5":"product_cat-maros-megyei-eletrajzi-lexikon","7":"first","8":"instock","9":"shipping-taxable","10":"product-type-simple"},"_links":{"self":[{"href":"https:\/\/uj.adatbank.ro\/lexikon\/wp-json\/wp\/v2\/product\/5480","targetHints":{"allow":["GET"]}}],"collection":[{"href":"https:\/\/uj.adatbank.ro\/lexikon\/wp-json\/wp\/v2\/product"}],"about":[{"href":"https:\/\/uj.adatbank.ro\/lexikon\/wp-json\/wp\/v2\/types\/product"}],"replies":[{"embeddable":true,"href":"https:\/\/uj.adatbank.ro\/lexikon\/wp-json\/wp\/v2\/comments?post=5480"}],"wp:attachment":[{"href":"https:\/\/uj.adatbank.ro\/lexikon\/wp-json\/wp\/v2\/media?parent=5480"}],"wp:term":[{"taxonomy":"product_brand","embeddable":true,"href":"https:\/\/uj.adatbank.ro\/lexikon\/wp-json\/wp\/v2\/product_brand?post=5480"},{"taxonomy":"product_cat","embeddable":true,"href":"https:\/\/uj.adatbank.ro\/lexikon\/wp-json\/wp\/v2\/product_cat?post=5480"},{"taxonomy":"product_tag","embeddable":true,"href":"https:\/\/uj.adatbank.ro\/lexikon\/wp-json\/wp\/v2\/product_tag?post=5480"}],"curies":[{"name":"wp","href":"https:\/\/api.w.org\/{rel}","templated":true}]}}