{"id":5483,"date":"2025-06-28T17:16:38","date_gmt":"2025-06-28T15:16:38","guid":{"rendered":"https:\/\/uj.adatbank.ro\/lexikon\/termek\/bukaresti-erzsebet-bukaresti-laszlone-kretovits-erzsebet\/"},"modified":"2025-06-28T17:16:38","modified_gmt":"2025-06-28T15:16:38","slug":"bukaresti-erzsebet-bukaresti-laszlone-kretovits-erzsebet","status":"publish","type":"product","link":"https:\/\/uj.adatbank.ro\/lexikon\/termek\/bukaresti-erzsebet-bukaresti-laszlone-kretovits-erzsebet\/","title":{"rendered":"BUKARESTI Erzs\u00e9bet, Bukaresti L\u00e1szl\u00f3n\u00e9, Kretovits Erzs\u00e9bet"},"content":{"rendered":"<p>1927. m\u00e1rc. 11., \u2020\u00a0Mv., 1990. okt. 26.: tan\u00e1rn\u0151. \u2013 Mv.-en \u00e9retts\u00e9gizett (1945). A kv.-i egyetemen tanult latin szakon, majd ennek megsz\u0171n\u00e9se ut\u00e1n m. szakon fejezte be az egyetemet. Volt pedag\u00f3gus (1945\u201346), tan\u00edtott az esti l\u00edc.-ban. A mv.-i Bolyai Farkas L\u00edc. tan\u00e1ra (1952\u201382). <br \/><strong>Irod.:<\/strong> [Nekrol\u00f3g] (N\u00fa., 1990. okt. 27.); Sk\u00f3la<\/br><\/p>\n","protected":false},"excerpt":{"rendered":"<p>1927. m\u00e1rc. 11., \u2020\u00a0Mv., 1990. okt. 26.: tan\u00e1rn\u0151. \u2013 Mv.-en \u00e9retts\u00e9gizett (1945). A kv.-i egyetemen tanult latin szakon, majd ennek megsz\u0171n\u00e9se ut\u00e1n m. szakon fejezte be az egyetemet. Volt pedag\u00f3gus (1945\u201346), tan\u00edtott az esti l\u00edc.-ban. A mv.-i Bolyai Farkas L\u00edc. tan\u00e1ra (1952\u201382). Irod.: [Nekrol\u00f3g] (N\u00fa., 1990. okt. 27.); Sk\u00f3la<\/p>\n","protected":false},"featured_media":0,"comment_status":"open","ping_status":"closed","template":"","meta":[],"product_brand":[],"product_cat":[137],"product_tag":[],"class_list":{"0":"post-5483","1":"product","2":"type-product","3":"status-publish","5":"product_cat-maros-megyei-eletrajzi-lexikon","7":"first","8":"instock","9":"shipping-taxable","10":"product-type-simple"},"_links":{"self":[{"href":"https:\/\/uj.adatbank.ro\/lexikon\/wp-json\/wp\/v2\/product\/5483","targetHints":{"allow":["GET"]}}],"collection":[{"href":"https:\/\/uj.adatbank.ro\/lexikon\/wp-json\/wp\/v2\/product"}],"about":[{"href":"https:\/\/uj.adatbank.ro\/lexikon\/wp-json\/wp\/v2\/types\/product"}],"replies":[{"embeddable":true,"href":"https:\/\/uj.adatbank.ro\/lexikon\/wp-json\/wp\/v2\/comments?post=5483"}],"wp:attachment":[{"href":"https:\/\/uj.adatbank.ro\/lexikon\/wp-json\/wp\/v2\/media?parent=5483"}],"wp:term":[{"taxonomy":"product_brand","embeddable":true,"href":"https:\/\/uj.adatbank.ro\/lexikon\/wp-json\/wp\/v2\/product_brand?post=5483"},{"taxonomy":"product_cat","embeddable":true,"href":"https:\/\/uj.adatbank.ro\/lexikon\/wp-json\/wp\/v2\/product_cat?post=5483"},{"taxonomy":"product_tag","embeddable":true,"href":"https:\/\/uj.adatbank.ro\/lexikon\/wp-json\/wp\/v2\/product_tag?post=5483"}],"curies":[{"name":"wp","href":"https:\/\/api.w.org\/{rel}","templated":true}]}}