{"id":5486,"date":"2025-06-28T17:16:45","date_gmt":"2025-06-28T15:16:45","guid":{"rendered":"https:\/\/uj.adatbank.ro\/lexikon\/termek\/bukkosi-gyorgy\/"},"modified":"2025-06-28T17:16:45","modified_gmt":"2025-06-28T15:16:45","slug":"bukkosi-gyorgy","status":"publish","type":"product","link":"https:\/\/uj.adatbank.ro\/lexikon\/termek\/bukkosi-gyorgy\/","title":{"rendered":"B\u00dcKK\u00d6SI Gy\u00f6rgy"},"content":{"rendered":"<p>Mv., 1920. \u00e1pr. 24., \u2020\u00a0? : tan\u00e1r. \u2013 B. Gyula \u00e9s Dudutz \u00c1gnes fia. \u2013 A kv.-i Egyetem B\u00f6lcs\u00e9szkar\u00e1n szerzett tan\u00e1ri diplom\u00e1t (1948). Mv.-en a P\u00e9nz\u00fcgyi M\u0171szaki K\u00f6z\u00e9piskol\u00e1ban tan\u00edtott (1948\u201352). Az MSE kapit\u00e1nya (1950 k\u00f6r\u00fcl). Letartoztatt\u00e1k (1961. m\u00e1rc. 14. v. \u00e1pr. 29.), Katonai T\u00f6rv\u00e9nysz\u00e9k el\u00e9 \u00e1ll\u00edtott\u00e1k. A v\u00e1dak k\u00f6z\u00f6tt szerepelt: a n\u00e9pi demokratikus t\u00e1rsadalmi rend elleni tev\u00e9kenys\u00e9get fejtett ki (1955\u201361), valamint a kapcsolatba l\u00e9pett Teleki \u00c1d\u00e1mmal (1956) \u00e9s Sipos J\u00e1nossal (1960), akikkel rendszer elleni besz\u00e9lget\u00e9seket folytatott, irredenta \u00e9nekeket \u00e9nekelt, hallgatta a Szabad Eur\u00f3pa r\u00e1di\u00f3t. Lak\u00e1s\u00e1n hal\u00e1losan megfenyegette Bajor Andor kv.-i \u00edr\u00f3t, ami\u00e9rt az \u00edr\u00e1saiban ki\u00e1llt az \u00e1llam politik\u00e1ja mellett, szem\u00e9lyes bossz\u00fat \u00edg\u00e9rt neki (1960. \u00e1pr. 24.), valamint a Teleki T\u00e9k\u00e1ban Farcz\u00e1dy Elek mellett k\u00f6nyvt\u00e1rosk\u00e9nt dolgozott, ahonnan index alatti k\u00f6nyveket vett ki, amelyeket m\u00e1soknak is odaadott (1960\u201361). <br \/><strong>Irod.:<\/strong> 1956 Erd\u00e9lyben; \u00c1ldozatok; Bartos 2012; Id\u0151t\u00e1r 4.; Kl\u00f3sz 2005<\/br><\/p>\n","protected":false},"excerpt":{"rendered":"<p>Mv., 1920. \u00e1pr. 24., \u2020\u00a0? : tan\u00e1r. \u2013 B. Gyula \u00e9s Dudutz \u00c1gnes fia. \u2013 A kv.-i Egyetem B\u00f6lcs\u00e9szkar\u00e1n szerzett tan\u00e1ri diplom\u00e1t (1948). Mv.-en a P\u00e9nz\u00fcgyi M\u0171szaki K\u00f6z\u00e9piskol\u00e1ban tan\u00edtott (1948\u201352). Az MSE kapit\u00e1nya (1950 k\u00f6r\u00fcl). Letartoztatt\u00e1k (1961. m\u00e1rc. 14. v. \u00e1pr. 29.), Katonai T\u00f6rv\u00e9nysz\u00e9k el\u00e9 \u00e1ll\u00edtott\u00e1k. A v\u00e1dak k\u00f6z\u00f6tt szerepelt: a n\u00e9pi demokratikus t\u00e1rsadalmi rend [&hellip;]<\/p>\n","protected":false},"featured_media":0,"comment_status":"open","ping_status":"closed","template":"","meta":[],"product_brand":[],"product_cat":[137],"product_tag":[],"class_list":{"0":"post-5486","1":"product","2":"type-product","3":"status-publish","5":"product_cat-maros-megyei-eletrajzi-lexikon","7":"first","8":"instock","9":"shipping-taxable","10":"product-type-simple"},"_links":{"self":[{"href":"https:\/\/uj.adatbank.ro\/lexikon\/wp-json\/wp\/v2\/product\/5486","targetHints":{"allow":["GET"]}}],"collection":[{"href":"https:\/\/uj.adatbank.ro\/lexikon\/wp-json\/wp\/v2\/product"}],"about":[{"href":"https:\/\/uj.adatbank.ro\/lexikon\/wp-json\/wp\/v2\/types\/product"}],"replies":[{"embeddable":true,"href":"https:\/\/uj.adatbank.ro\/lexikon\/wp-json\/wp\/v2\/comments?post=5486"}],"wp:attachment":[{"href":"https:\/\/uj.adatbank.ro\/lexikon\/wp-json\/wp\/v2\/media?parent=5486"}],"wp:term":[{"taxonomy":"product_brand","embeddable":true,"href":"https:\/\/uj.adatbank.ro\/lexikon\/wp-json\/wp\/v2\/product_brand?post=5486"},{"taxonomy":"product_cat","embeddable":true,"href":"https:\/\/uj.adatbank.ro\/lexikon\/wp-json\/wp\/v2\/product_cat?post=5486"},{"taxonomy":"product_tag","embeddable":true,"href":"https:\/\/uj.adatbank.ro\/lexikon\/wp-json\/wp\/v2\/product_tag?post=5486"}],"curies":[{"name":"wp","href":"https:\/\/api.w.org\/{rel}","templated":true}]}}

BÜKKÖSI György

<p>Mv., 1920. ápr. 24., † ? : tanár. – B. Gyula és Dudutz Ágnes fia. – A kv.-i Egyetem Bölcsészkarán szerzett tanári diplomát (1948). Mv.-en a Pénzügyi Műszaki Középiskolában tanított (1948–52). Az MSE kapitánya (1950 körül). Letartoztatták (1961. márc. 14. v. ápr. 29.), Katonai Törvényszék elé állították. A vádak között szerepelt: a népi demokratikus társadalmi rend elleni tevékenységet fejtett ki (1955–61), valamint a kapcsolatba lépett Teleki Ádámmal (1956) és Sipos Jánossal (1960), akikkel rendszer elleni beszélgetéseket folytatott, irredenta énekeket énekelt, hallgatta a Szabad Európa rádiót. Lakásán halálosan megfenyegette Bajor Andor kv.-i írót, amiért az írásaiban kiállt az állam politikája mellett, személyes bosszút ígért neki (1960. ápr. 24.), valamint a Teleki Tékában Farczády Elek mellett könyvtárosként dolgozott, ahonnan index alatti könyveket vett ki, amelyeket másoknak is odaadott (1960–61). <br /><strong>Irod.:</strong> 1956 Erdélyben; Áldozatok; Bartos 2012; Időtár 4.; Klósz 2005</br></p>

<p>Mv., 1920. ápr. 24., † ? : tanár. – B. Gyula és Dudutz Ágnes fia. – A kv.-i Egyetem Bölcsészkarán szerzett tanári diplomát (1948). Mv.-en a Pénzügyi Műszaki Középiskolában tanított (1948–52). Az MSE kapitánya (1950 körül). Letartoztatták (1961. márc. 14. v. ápr. 29.), Katonai Törvényszék elé állították. A vádak között szerepelt: a népi demokratikus társadalmi rend [&hellip;]</p>
