{"id":5489,"date":"2025-06-28T17:16:49","date_gmt":"2025-06-28T15:16:49","guid":{"rendered":"https:\/\/uj.adatbank.ro\/lexikon\/termek\/bukkosi-janos\/"},"modified":"2025-06-28T17:16:49","modified_gmt":"2025-06-28T15:16:49","slug":"bukkosi-janos","status":"publish","type":"product","link":"https:\/\/uj.adatbank.ro\/lexikon\/termek\/bukkosi-janos\/","title":{"rendered":"B\u00dcKK\u00d6SI J\u00e1nos"},"content":{"rendered":"<p>Marosbog\u00e1t, 1912., \u2020\u00a0?: kalaposmester. \u2013 Iskol\u00e1it Sz\u00fcl\u0151faluj\u00e1ban v\u00e9gezte \u00e9s a k\u00f6telez\u0151 seg\u00e9d\u00e9vek letelte ut\u00e1n Marosludason \u00f6n\u00e1ll\u00f3 mester lett (1936\u2013), majd Mv.-en nyitott m\u0171helyt (1940\u2013). A szakm\u00e1ba v\u00e1g\u00f3 minden munk\u00e1t v\u00e9gzett, \u00faj kalapok k\u00e9sz\u00edt\u00e9s\u00e9vel \u00e9s elad\u00e1s\u00e1val is foglalkozott. <br \/><strong>Irod.:<\/strong> Sz\u00e9kelyf\u00f6ld \u00ed. k<\/br><\/p>\n","protected":false},"excerpt":{"rendered":"<p>Marosbog\u00e1t, 1912., \u2020\u00a0?: kalaposmester. \u2013 Iskol\u00e1it Sz\u00fcl\u0151faluj\u00e1ban v\u00e9gezte \u00e9s a k\u00f6telez\u0151 seg\u00e9d\u00e9vek letelte ut\u00e1n Marosludason \u00f6n\u00e1ll\u00f3 mester lett (1936\u2013), majd Mv.-en nyitott m\u0171helyt (1940\u2013). A szakm\u00e1ba v\u00e1g\u00f3 minden munk\u00e1t v\u00e9gzett, \u00faj kalapok k\u00e9sz\u00edt\u00e9s\u00e9vel \u00e9s elad\u00e1s\u00e1val is foglalkozott. Irod.: Sz\u00e9kelyf\u00f6ld \u00ed. k<\/p>\n","protected":false},"featured_media":0,"comment_status":"open","ping_status":"closed","template":"","meta":[],"product_brand":[],"product_cat":[137],"product_tag":[],"class_list":{"0":"post-5489","1":"product","2":"type-product","3":"status-publish","5":"product_cat-maros-megyei-eletrajzi-lexikon","7":"first","8":"instock","9":"shipping-taxable","10":"product-type-simple"},"_links":{"self":[{"href":"https:\/\/uj.adatbank.ro\/lexikon\/wp-json\/wp\/v2\/product\/5489","targetHints":{"allow":["GET"]}}],"collection":[{"href":"https:\/\/uj.adatbank.ro\/lexikon\/wp-json\/wp\/v2\/product"}],"about":[{"href":"https:\/\/uj.adatbank.ro\/lexikon\/wp-json\/wp\/v2\/types\/product"}],"replies":[{"embeddable":true,"href":"https:\/\/uj.adatbank.ro\/lexikon\/wp-json\/wp\/v2\/comments?post=5489"}],"wp:attachment":[{"href":"https:\/\/uj.adatbank.ro\/lexikon\/wp-json\/wp\/v2\/media?parent=5489"}],"wp:term":[{"taxonomy":"product_brand","embeddable":true,"href":"https:\/\/uj.adatbank.ro\/lexikon\/wp-json\/wp\/v2\/product_brand?post=5489"},{"taxonomy":"product_cat","embeddable":true,"href":"https:\/\/uj.adatbank.ro\/lexikon\/wp-json\/wp\/v2\/product_cat?post=5489"},{"taxonomy":"product_tag","embeddable":true,"href":"https:\/\/uj.adatbank.ro\/lexikon\/wp-json\/wp\/v2\/product_tag?post=5489"}],"curies":[{"name":"wp","href":"https:\/\/api.w.org\/{rel}","templated":true}]}}