{"id":5492,"date":"2025-06-28T17:16:55","date_gmt":"2025-06-28T15:16:55","guid":{"rendered":"https:\/\/uj.adatbank.ro\/lexikon\/termek\/buksa-eva-maria\/"},"modified":"2025-06-28T17:16:55","modified_gmt":"2025-06-28T15:16:55","slug":"buksa-eva-maria","status":"publish","type":"product","link":"https:\/\/uj.adatbank.ro\/lexikon\/termek\/buksa-eva-maria\/","title":{"rendered":"BUKSA \u00c9va-M\u00e1ria"},"content":{"rendered":"<p>Mv., 1942. \u00e1pr. 7., \u2020\u00a0Mv., 2022. j\u00fal. 13.: tan\u00e1r, \u00edr\u00f3, hitoktat\u00f3. \u2013 B. K\u00e1lm\u00e1n \u00e9s Anna le\u00e1nya. Elv\u00e1lt. Gyermekei: Jakab Istv\u00e1n (1964) m\u00e9rnok, Jakab \u00c9va-Laura (1974) tan\u00edt\u00f3n\u0151.- A kv.-i BBTE \u2013en v\u00e9gzett (1974) nyelv\u00e9szetet. Tan\u00e1r Tereme-\u00dajfaluban (1964\u201367), a marosszentgy\u00f6rgyi iskol\u00e1ban (1968\u201369), Mv.-en t\u00f6bb iskol\u00e1ban (1969\u201375), a s\u00e1romberki Mez\u0151gazd. L\u00edc.-ban (1975\u201376), a maroskereszt\u00fari iskol\u00e1ban (1977\u201390), nyugd\u00edjaz\u00e1s\u00e1ig Mv.-en a 14. es sz. iskol\u00e1ban tan\u00edtott (1990\u20132001). \u2013 <strong>F. m.:<\/strong> Mo.-on, Szlov\u00e1ki\u00e1ban mutatt\u00e1k be. Neves magyar szem\u00e9lyis\u00e9gekr\u0151l kultur\u00e1lis \u00f6sszej\u00f6veteleken tartott el\u0151ad\u00e1sokat. I. fokozat\u00fa tan\u00e1r, (Kv., 1981, 1988), EMKE d\u00edj (1999), a M. \u00cdr\u00f3sz\u00f6vets\u00e9g kiemelt elismer\u00e9se (1997), \u2013 <strong>F. m.:<\/strong> T\u00f6rt\u00e9neti sz\u00ednj\u00e1t\u00e9kok, hist\u00f3ri\u00e1k (Sz\u00e9kelyudvarhely, 2000); \u00dczen a m\u00falt- di\u00e1ksz\u00ednj\u00e1tsz\u00f3k r\u00e9sz\u00e9re (Mv., 2005); A b\u00f6lcsess\u00e9g asztal\u00e1n\u00e1l\u2026. T\u00f6rt\u00e9nelmi jelent\u0151s szem\u00e9lyekr\u0151l sz\u00f3l\u00f3 sz\u00ednj\u00e9t\u00e9kait Erd\u00e9lyben sok helyen, Mo.-on, Szlov\u00e1ki\u00e1ban mutatt\u00e1k be. I. fokozat\u00fa tan\u00e1r, (Kv., 1981, 1988), EMKE d\u00edj (1999), a M. \u00cdr\u00f3sz\u00f6vets\u00e9g kiemelt elismer\u00e9se (1997), Bolyai Farkas L\u00edc. \u00c9rdemoklev\u00e9l arany fokozat (2002). <br \/><strong>Irod.:<\/strong> Beke S\u00e1ndor; EMKK 2010; Kirsch<\/br><\/p>\n","protected":false},"excerpt":{"rendered":"<p>Mv., 1942. \u00e1pr. 7., \u2020\u00a0Mv., 2022. j\u00fal. 13.: tan\u00e1r, \u00edr\u00f3, hitoktat\u00f3. \u2013 B. K\u00e1lm\u00e1n \u00e9s Anna le\u00e1nya. Elv\u00e1lt. Gyermekei: Jakab Istv\u00e1n (1964) m\u00e9rnok, Jakab \u00c9va-Laura (1974) tan\u00edt\u00f3n\u0151.- A kv.-i BBTE \u2013en v\u00e9gzett (1974) nyelv\u00e9szetet. Tan\u00e1r Tereme-\u00dajfaluban (1964\u201367), a marosszentgy\u00f6rgyi iskol\u00e1ban (1968\u201369), Mv.-en t\u00f6bb iskol\u00e1ban (1969\u201375), a s\u00e1romberki Mez\u0151gazd. L\u00edc.-ban (1975\u201376), a maroskereszt\u00fari iskol\u00e1ban (1977\u201390), nyugd\u00edjaz\u00e1s\u00e1ig [&hellip;]<\/p>\n","protected":false},"featured_media":0,"comment_status":"open","ping_status":"closed","template":"","meta":[],"product_brand":[],"product_cat":[137],"product_tag":[],"class_list":{"0":"post-5492","1":"product","2":"type-product","3":"status-publish","5":"product_cat-maros-megyei-eletrajzi-lexikon","7":"first","8":"instock","9":"shipping-taxable","10":"product-type-simple"},"_links":{"self":[{"href":"https:\/\/uj.adatbank.ro\/lexikon\/wp-json\/wp\/v2\/product\/5492","targetHints":{"allow":["GET"]}}],"collection":[{"href":"https:\/\/uj.adatbank.ro\/lexikon\/wp-json\/wp\/v2\/product"}],"about":[{"href":"https:\/\/uj.adatbank.ro\/lexikon\/wp-json\/wp\/v2\/types\/product"}],"replies":[{"embeddable":true,"href":"https:\/\/uj.adatbank.ro\/lexikon\/wp-json\/wp\/v2\/comments?post=5492"}],"wp:attachment":[{"href":"https:\/\/uj.adatbank.ro\/lexikon\/wp-json\/wp\/v2\/media?parent=5492"}],"wp:term":[{"taxonomy":"product_brand","embeddable":true,"href":"https:\/\/uj.adatbank.ro\/lexikon\/wp-json\/wp\/v2\/product_brand?post=5492"},{"taxonomy":"product_cat","embeddable":true,"href":"https:\/\/uj.adatbank.ro\/lexikon\/wp-json\/wp\/v2\/product_cat?post=5492"},{"taxonomy":"product_tag","embeddable":true,"href":"https:\/\/uj.adatbank.ro\/lexikon\/wp-json\/wp\/v2\/product_tag?post=5492"}],"curies":[{"name":"wp","href":"https:\/\/api.w.org\/{rel}","templated":true}]}}

BUKSA Éva-Mária

<p>Mv., 1942. ápr. 7., † Mv., 2022. júl. 13.: tanár, író, hitoktató. – B. Kálmán és Anna leánya. Elvált. Gyermekei: Jakab István (1964) mérnok, Jakab Éva-Laura (1974) tanítónő.- A kv.-i BBTE –en végzett (1974) nyelvészetet. Tanár Tereme-Újfaluban (1964–67), a marosszentgyörgyi iskolában (1968–69), Mv.-en több iskolában (1969–75), a sáromberki Mezőgazd. Líc.-ban (1975–76), a maroskeresztúri iskolában (1977–90), nyugdíjazásáig Mv.-en a 14. es sz. iskolában tanított (1990–2001). – <strong>F. m.:</strong> Mo.-on, Szlovákiában mutatták be. Neves magyar személyiségekről kulturális összejöveteleken tartott előadásokat. I. fokozatú tanár, (Kv., 1981, 1988), EMKE díj (1999), a M. Írószövetség kiemelt elismerése (1997), – <strong>F. m.:</strong> Történeti színjátékok, históriák (Székelyudvarhely, 2000); Üzen a múlt- diákszínjátszók részére (Mv., 2005); A bölcsesség asztalánál…. Történelmi jelentős személyekről szóló színjétékait Erdélyben sok helyen, Mo.-on, Szlovákiában mutatták be. I. fokozatú tanár, (Kv., 1981, 1988), EMKE díj (1999), a M. Írószövetség kiemelt elismerése (1997), Bolyai Farkas Líc. Érdemoklevél arany fokozat (2002). <br /><strong>Irod.:</strong> Beke Sándor; EMKK 2010; Kirsch</br></p>

<p>Mv., 1942. ápr. 7., † Mv., 2022. júl. 13.: tanár, író, hitoktató. – B. Kálmán és Anna leánya. Elvált. Gyermekei: Jakab István (1964) mérnok, Jakab Éva-Laura (1974) tanítónő.- A kv.-i BBTE –en végzett (1974) nyelvészetet. Tanár Tereme-Újfaluban (1964–67), a marosszentgyörgyi iskolában (1968–69), Mv.-en több iskolában (1969–75), a sáromberki Mezőgazd. Líc.-ban (1975–76), a maroskeresztúri iskolában (1977–90), nyugdíjazásáig [&hellip;]</p>
