{"id":5497,"date":"2025-06-28T17:17:03","date_gmt":"2025-06-28T15:17:03","guid":{"rendered":"https:\/\/uj.adatbank.ro\/lexikon\/termek\/bulcsesdi-sara-bujcsesti-sara-bulcescu-haller-istvanne-bucsesti-sara\/"},"modified":"2025-06-28T17:17:03","modified_gmt":"2025-06-28T15:17:03","slug":"bulcsesdi-sara-bujcsesti-sara-bulcescu-haller-istvanne-bucsesti-sara","status":"publish","type":"product","link":"https:\/\/uj.adatbank.ro\/lexikon\/termek\/bulcsesdi-sara-bujcsesti-sara-bulcescu-haller-istvanne-bucsesti-sara\/","title":{"rendered":"BULCSESDI S\u00e1ra, Bujcsesti S\u00e1ra, Bulcescu Haller Istv\u00e1nn\u00e9, Bucsesti S\u00e1ra"},"content":{"rendered":"<p>1655., \u2020\u00a01708.: Stancul Preda Bulcescu, havasalf\u00f6ldi boj\u00e1r \u00e9s Szal\u00e1nczy Anna le\u00e1nya. F\u00e9rje: 1. borosjen\u0151i Sz\u00e9kely L\u00e1szl\u00f3 (1676\u201392-ig), 2. Haller Istv\u00e1n (1692\u2013). \u2013 A magyardell\u0151i ref. egyh\u00e1znak adom\u00e1nyozott aranyozott ez\u00fcst harangvir\u00e1g serleget (1701), a kerel\u0151szentp\u00e1li templom jav\u00edt\u00e1sa, a bels\u0151 felszerel\u00e9se, berendez\u00e9se (1699) neki k\u00f6sz\u00f6nhet\u0151, ut\u00f3lagos adom\u00e1nya h\u00e1rom textilia (1712) \u00e9s egy v\u00f6r\u00f6s sz\u0151nyeg. 566 forintot adom\u00e1nyozott a kv.-i ref. koll.-nak M. Kis Mikl\u00f3s \u00fajra\u00f6nt\u00f6tt bet\u0171inek kiv\u00e1lt\u00e1s\u00e1ra (1699). <br \/><strong>Irod.:<\/strong> Erd\u00e9lyi f\u00e9niks; K\u00fck\u00fcll\u0151i Ref. Egyh\u00e1zm. 2.<\/br><\/p>\n","protected":false},"excerpt":{"rendered":"<p>1655., \u2020\u00a01708.: Stancul Preda Bulcescu, havasalf\u00f6ldi boj\u00e1r \u00e9s Szal\u00e1nczy Anna le\u00e1nya. F\u00e9rje: 1. borosjen\u0151i Sz\u00e9kely L\u00e1szl\u00f3 (1676\u201392-ig), 2. Haller Istv\u00e1n (1692\u2013). \u2013 A magyardell\u0151i ref. egyh\u00e1znak adom\u00e1nyozott aranyozott ez\u00fcst harangvir\u00e1g serleget (1701), a kerel\u0151szentp\u00e1li templom jav\u00edt\u00e1sa, a bels\u0151 felszerel\u00e9se, berendez\u00e9se (1699) neki k\u00f6sz\u00f6nhet\u0151, ut\u00f3lagos adom\u00e1nya h\u00e1rom textilia (1712) \u00e9s egy v\u00f6r\u00f6s sz\u0151nyeg. 566 forintot adom\u00e1nyozott [&hellip;]<\/p>\n","protected":false},"featured_media":0,"comment_status":"open","ping_status":"closed","template":"","meta":[],"product_brand":[],"product_cat":[137],"product_tag":[],"class_list":{"0":"post-5497","1":"product","2":"type-product","3":"status-publish","5":"product_cat-maros-megyei-eletrajzi-lexikon","7":"first","8":"instock","9":"shipping-taxable","10":"product-type-simple"},"_links":{"self":[{"href":"https:\/\/uj.adatbank.ro\/lexikon\/wp-json\/wp\/v2\/product\/5497","targetHints":{"allow":["GET"]}}],"collection":[{"href":"https:\/\/uj.adatbank.ro\/lexikon\/wp-json\/wp\/v2\/product"}],"about":[{"href":"https:\/\/uj.adatbank.ro\/lexikon\/wp-json\/wp\/v2\/types\/product"}],"replies":[{"embeddable":true,"href":"https:\/\/uj.adatbank.ro\/lexikon\/wp-json\/wp\/v2\/comments?post=5497"}],"wp:attachment":[{"href":"https:\/\/uj.adatbank.ro\/lexikon\/wp-json\/wp\/v2\/media?parent=5497"}],"wp:term":[{"taxonomy":"product_brand","embeddable":true,"href":"https:\/\/uj.adatbank.ro\/lexikon\/wp-json\/wp\/v2\/product_brand?post=5497"},{"taxonomy":"product_cat","embeddable":true,"href":"https:\/\/uj.adatbank.ro\/lexikon\/wp-json\/wp\/v2\/product_cat?post=5497"},{"taxonomy":"product_tag","embeddable":true,"href":"https:\/\/uj.adatbank.ro\/lexikon\/wp-json\/wp\/v2\/product_tag?post=5497"}],"curies":[{"name":"wp","href":"https:\/\/api.w.org\/{rel}","templated":true}]}}

BULCSESDI Sára, Bujcsesti Sára, Bulcescu Haller Istvánné, Bucsesti Sára

<p>1655., † 1708.: Stancul Preda Bulcescu, havasalföldi bojár és Szalánczy Anna leánya. Férje: 1. borosjenői Székely László (1676–92-ig), 2. Haller István (1692–). – A magyardellői ref. egyháznak adományozott aranyozott ezüst harangvirág serleget (1701), a kerelőszentpáli templom javítása, a belső felszerelése, berendezése (1699) neki köszönhető, utólagos adománya három textilia (1712) és egy vörös szőnyeg. 566 forintot adományozott a kv.-i ref. koll.-nak M. Kis Miklós újraöntött betűinek kiváltására (1699). <br /><strong>Irod.:</strong> Erdélyi féniks; Küküllői Ref. Egyházm. 2.</br></p>

<p>1655., † 1708.: Stancul Preda Bulcescu, havasalföldi bojár és Szalánczy Anna leánya. Férje: 1. borosjenői Székely László (1676–92-ig), 2. Haller István (1692–). – A magyardellői ref. egyháznak adományozott aranyozott ezüst harangvirág serleget (1701), a kerelőszentpáli templom javítása, a belső felszerelése, berendezése (1699) neki köszönhető, utólagos adománya három textilia (1712) és egy vörös szőnyeg. 566 forintot adományozott [&hellip;]</p>
