{"id":5509,"date":"2025-06-28T17:17:26","date_gmt":"2025-06-28T15:17:26","guid":{"rendered":"https:\/\/uj.adatbank.ro\/lexikon\/termek\/burger-albertne-tischler-julia\/"},"modified":"2025-06-28T17:17:26","modified_gmt":"2025-06-28T15:17:26","slug":"burger-albertne-tischler-julia","status":"publish","type":"product","link":"https:\/\/uj.adatbank.ro\/lexikon\/termek\/burger-albertne-tischler-julia\/","title":{"rendered":"B\u00dcRGER Albertn\u00e9, Tischler J\u00falia"},"content":{"rendered":"<p>? \u2020\u00a0? : s\u00f6rgy\u00e1rtulajdonos, az Izraelita N\u0151egylet eln\u00f6ke (1890). \u2013 Gy\u0171jt\u00e9st kezdem\u00e9nyezett a zsid\u00f3 elemi- \u00e9s polg\u00e1ri iskola fel\u00e9p\u00edt\u00e9s\u00e9re Haj\u00f3s u. (ma Horea). Pert ind\u00edtott Emil Dandea ellen, a s\u00f6rgy\u00e1r felsz\u00e1mol\u00e1s\u00e1\u00e9rt (1942) <br \/><strong>Irod.:<\/strong> Csepreghy A \u2013 Cs. H: Id\u0151t\u00e1r 2; Id\u0151t\u00e1r 3<\/br><\/p>\n","protected":false},"excerpt":{"rendered":"<p>? \u2020\u00a0? : s\u00f6rgy\u00e1rtulajdonos, az Izraelita N\u0151egylet eln\u00f6ke (1890). \u2013 Gy\u0171jt\u00e9st kezdem\u00e9nyezett a zsid\u00f3 elemi- \u00e9s polg\u00e1ri iskola fel\u00e9p\u00edt\u00e9s\u00e9re Haj\u00f3s u. (ma Horea). Pert ind\u00edtott Emil Dandea ellen, a s\u00f6rgy\u00e1r felsz\u00e1mol\u00e1s\u00e1\u00e9rt (1942) Irod.: Csepreghy A \u2013 Cs. H: Id\u0151t\u00e1r 2; Id\u0151t\u00e1r 3<\/p>\n","protected":false},"featured_media":0,"comment_status":"open","ping_status":"closed","template":"","meta":[],"product_brand":[],"product_cat":[137],"product_tag":[],"class_list":{"0":"post-5509","1":"product","2":"type-product","3":"status-publish","5":"product_cat-maros-megyei-eletrajzi-lexikon","7":"first","8":"instock","9":"shipping-taxable","10":"product-type-simple"},"_links":{"self":[{"href":"https:\/\/uj.adatbank.ro\/lexikon\/wp-json\/wp\/v2\/product\/5509","targetHints":{"allow":["GET"]}}],"collection":[{"href":"https:\/\/uj.adatbank.ro\/lexikon\/wp-json\/wp\/v2\/product"}],"about":[{"href":"https:\/\/uj.adatbank.ro\/lexikon\/wp-json\/wp\/v2\/types\/product"}],"replies":[{"embeddable":true,"href":"https:\/\/uj.adatbank.ro\/lexikon\/wp-json\/wp\/v2\/comments?post=5509"}],"wp:attachment":[{"href":"https:\/\/uj.adatbank.ro\/lexikon\/wp-json\/wp\/v2\/media?parent=5509"}],"wp:term":[{"taxonomy":"product_brand","embeddable":true,"href":"https:\/\/uj.adatbank.ro\/lexikon\/wp-json\/wp\/v2\/product_brand?post=5509"},{"taxonomy":"product_cat","embeddable":true,"href":"https:\/\/uj.adatbank.ro\/lexikon\/wp-json\/wp\/v2\/product_cat?post=5509"},{"taxonomy":"product_tag","embeddable":true,"href":"https:\/\/uj.adatbank.ro\/lexikon\/wp-json\/wp\/v2\/product_tag?post=5509"}],"curies":[{"name":"wp","href":"https:\/\/api.w.org\/{rel}","templated":true}]}}