{"id":5517,"date":"2025-06-28T17:17:40","date_gmt":"2025-06-28T15:17:40","guid":{"rendered":"https:\/\/uj.adatbank.ro\/lexikon\/termek\/burghardt-arthur-hans\/"},"modified":"2025-06-28T17:17:40","modified_gmt":"2025-06-28T15:17:40","slug":"burghardt-arthur-hans","status":"publish","type":"product","link":"https:\/\/uj.adatbank.ro\/lexikon\/termek\/burghardt-arthur-hans\/","title":{"rendered":"BURGHARDT Arthur Hans"},"content":{"rendered":"<p>Sz\u00e1szr\u00e9gen, 1896. m\u00e1rc. 25. \u2020 Temesv\u00e1r, ?: katonatiszt. \u2013 Gimn.-ot sz\u00fcl\u0151v\u00e1ros\u00e1ban, majd Segesv\u00e1ron a Bischof Teutsch Gimn.-ban v\u00e9gzett. \u00c9retts\u00e9gi vizsg\u00e1t Medgyesen a Stefan Ludwig Roth Lic.-ban tett (1914). Brass\u00f3ban \u00e9s Nagydiszn\u00f3don t\u0171z\u00e9riskol\u00e1t v\u00e9gzett (1914\u201315). Hadnagyk\u00e9nt akt\u00edv tagja lett a rom\u00e1n hadseregnek (1915. szept. 1), azut\u00e1n f\u0151hadnagy (1917). R\u00e9szt vett az I. vh. harcaiban a szerb fronton (1915\u201316), \u00e1tkelt a Dun\u00e1n \u00e9s Negotinig hatoltak be. Azut\u00e1n az orosz fronton \u00e9s Galici\u00e1ban bizony\u00edtotta katonai r\u00e1termetts\u00e9g\u00e9t (1916\u201317), majd az olasz fonton t\u00f6bb hadsz\u00ednt\u00e9ren k\u00fczd\u00f6tt. A h\u00e1bor\u00fa v\u00e9g\u00e9n visszat\u00e9rt Sz\u00e1szr\u00e9genbe (1918. nov.). A Rom\u00e1n Kir.-i Hadsereg \u00e1tvette (1918. dec. 1\u2013), \u00e9s a nyugati fronton Debrecenig jutott el (1919). Kapit\u00e1nyi rangot kapott (1920. okt. 1. \u2013). R\u00e9genben \u00e1tvette apj\u00e1nak a k\u00f6nyvesboltj\u00e1t (1920\u201323), azut\u00e1n eladta azt. Ism\u00e9t a rom\u00e1n hadsereg k\u00f6tel\u00e9k\u00e9be l\u00e9pett, ahol \u0151rnagyi rangra l\u00e9ptett\u00e9k el\u0151 (1933. \u00e1pr. 15.), k\u00e9s\u0151bb ezredes lett (1942. okt. 31.). A II. vh.-ban a 63. gyalogezred parancsnokhelyettesek\u00e9nt \u00e1tkelt a Pruton (1941. dec. 1.), Krivorogig jutottak el (1942. febr.). A 6. hadtest vez\u00e9rkar\u00e1nak tagja (1942. m\u00e1rc. 1. \u201343. m\u00e1j. 1.). Szt\u00e1lingr\u00e1dn\u00e1l s\u00falyos harcokban vett r\u00e9szt, majd visszavonultak. Moldv\u00e1ban a 40. t\u0171z\u00e9rezred parancsnoka lett (1943. m\u00e1j. 1- 1944. aug. 25). Szovjet hadifogoly (1944. aug. 25 \u2013 48. szept. 20). Hazat\u00e9r\u00e9se ut\u00e1n csal\u00e1dj\u00e1val Temesv\u00e1rra k\u00f6lt\u00f6z\u00f6tt \u00e9s nyugd\u00edjazt\u00e1k (1948\u2013). Mindk\u00e9t vh. ut\u00e1n t\u00f6bb magas kit\u00fcntet\u00e9sben r\u00e9szes\u00fclt. <br \/><strong>Irod.:<\/strong> Reghin, militari<\/br><\/p>\n","protected":false},"excerpt":{"rendered":"<p>Sz\u00e1szr\u00e9gen, 1896. m\u00e1rc. 25. \u2020 Temesv\u00e1r, ?: katonatiszt. \u2013 Gimn.-ot sz\u00fcl\u0151v\u00e1ros\u00e1ban, majd Segesv\u00e1ron a Bischof Teutsch Gimn.-ban v\u00e9gzett. \u00c9retts\u00e9gi vizsg\u00e1t Medgyesen a Stefan Ludwig Roth Lic.-ban tett (1914). Brass\u00f3ban \u00e9s Nagydiszn\u00f3don t\u0171z\u00e9riskol\u00e1t v\u00e9gzett (1914\u201315). Hadnagyk\u00e9nt akt\u00edv tagja lett a rom\u00e1n hadseregnek (1915. szept. 1), azut\u00e1n f\u0151hadnagy (1917). R\u00e9szt vett az I. vh. harcaiban a szerb [&hellip;]<\/p>\n","protected":false},"featured_media":0,"comment_status":"open","ping_status":"closed","template":"","meta":[],"product_brand":[],"product_cat":[137],"product_tag":[],"class_list":{"0":"post-5517","1":"product","2":"type-product","3":"status-publish","5":"product_cat-maros-megyei-eletrajzi-lexikon","7":"first","8":"instock","9":"shipping-taxable","10":"product-type-simple"},"_links":{"self":[{"href":"https:\/\/uj.adatbank.ro\/lexikon\/wp-json\/wp\/v2\/product\/5517","targetHints":{"allow":["GET"]}}],"collection":[{"href":"https:\/\/uj.adatbank.ro\/lexikon\/wp-json\/wp\/v2\/product"}],"about":[{"href":"https:\/\/uj.adatbank.ro\/lexikon\/wp-json\/wp\/v2\/types\/product"}],"replies":[{"embeddable":true,"href":"https:\/\/uj.adatbank.ro\/lexikon\/wp-json\/wp\/v2\/comments?post=5517"}],"wp:attachment":[{"href":"https:\/\/uj.adatbank.ro\/lexikon\/wp-json\/wp\/v2\/media?parent=5517"}],"wp:term":[{"taxonomy":"product_brand","embeddable":true,"href":"https:\/\/uj.adatbank.ro\/lexikon\/wp-json\/wp\/v2\/product_brand?post=5517"},{"taxonomy":"product_cat","embeddable":true,"href":"https:\/\/uj.adatbank.ro\/lexikon\/wp-json\/wp\/v2\/product_cat?post=5517"},{"taxonomy":"product_tag","embeddable":true,"href":"https:\/\/uj.adatbank.ro\/lexikon\/wp-json\/wp\/v2\/product_tag?post=5517"}],"curies":[{"name":"wp","href":"https:\/\/api.w.org\/{rel}","templated":true}]}}

<p>Szászrégen, 1896. márc. 25. † Temesvár, ?: katonatiszt. – Gimn.-ot szülővárosában, majd Segesváron a Bischof Teutsch Gimn.-ban végzett. Érettségi vizsgát Medgyesen a Stefan Ludwig Roth Lic.-ban tett (1914). Brassóban és Nagydisznódon tűzériskolát végzett (1914–15). Hadnagyként aktív tagja lett a román hadseregnek (1915. szept. 1), azután főhadnagy (1917). Részt vett az I. vh. harcaiban a szerb fronton (1915–16), átkelt a Dunán és Negotinig hatoltak be. Azután az orosz fronton és Galiciában bizonyította katonai rátermettségét (1916–17), majd az olasz fonton több hadszíntéren küzdött. A háború végén visszatért Szászrégenbe (1918. nov.). A Román Kir.-i Hadsereg átvette (1918. dec. 1–), és a nyugati fronton Debrecenig jutott el (1919). Kapitányi rangot kapott (1920. okt. 1. –). Régenben átvette apjának a könyvesboltját (1920–23), azután eladta azt. Ismét a román hadsereg kötelékébe lépett, ahol őrnagyi rangra léptették elő (1933. ápr. 15.), később ezredes lett (1942. okt. 31.). A II. vh.-ban a 63. gyalogezred parancsnokhelyetteseként átkelt a Pruton (1941. dec. 1.), Krivorogig jutottak el (1942. febr.). A 6. hadtest vezérkarának tagja (1942. márc. 1. –43. máj. 1.). Sztálingrádnál súlyos harcokban vett részt, majd visszavonultak. Moldvában a 40. tűzérezred parancsnoka lett (1943. máj. 1- 1944. aug. 25). Szovjet hadifogoly (1944. aug. 25 – 48. szept. 20). Hazatérése után családjával Temesvárra költözött és nyugdíjazták (1948–). Mindkét vh. után több magas kitüntetésben részesült. <br /><strong>Irod.:</strong> Reghin, militari</br></p>

<p>Szászrégen, 1896. márc. 25. † Temesvár, ?: katonatiszt. – Gimn.-ot szülővárosában, majd Segesváron a Bischof Teutsch Gimn.-ban végzett. Érettségi vizsgát Medgyesen a Stefan Ludwig Roth Lic.-ban tett (1914). Brassóban és Nagydisznódon tűzériskolát végzett (1914–15). Hadnagyként aktív tagja lett a román hadseregnek (1915. szept. 1), azután főhadnagy (1917). Részt vett az I. vh. harcaiban a szerb [&hellip;]</p>
