{"id":5528,"date":"2025-06-28T17:17:57","date_gmt":"2025-06-28T15:17:57","guid":{"rendered":"https:\/\/uj.adatbank.ro\/lexikon\/termek\/bustya-bela-%c2%a7-bustaga-bela\/"},"modified":"2025-06-28T17:17:57","modified_gmt":"2025-06-28T15:17:57","slug":"bustya-bela-%c2%a7-bustaga-bela","status":"publish","type":"product","link":"https:\/\/uj.adatbank.ro\/lexikon\/termek\/bustya-bela-%c2%a7-bustaga-bela\/","title":{"rendered":"BUSTYA B\u00e9la, \u00a7 Bustaga B\u00e9la"},"content":{"rendered":"<p>Mv., 1883., \u2020\u00a0? : \u00e9p\u00edt\u00e9sz, \u00e9p\u00edtkez\u00e9si v\u00e1llalkoz\u00f3. \u2013 Apja szint\u00e9n \u00e9p\u00edt\u00e9sz v\u00e1llalkoz\u00f3 volt. A k\u00f6z\u00e9piskol\u00e1t \u00e9s \u00e9p\u00edt\u0151ipari szakiskol\u00e1t Mv.-en v\u00e9gezte (1901). P\u00e1ly\u00e1j\u00e1t Mv.-en kezdte mint \u00e9p\u00edt\u00e9sz rajzol\u00f3 \u00e9s \u00e9p\u00edt\u00e9szeti vezet\u0151 (\u20131914). R\u00e9szt vett az I. vh.-ban az orosz frontra ker\u00fclt, k\u00e9tszer sebes\u00fclt \u00e9s mint \u0151rmester szerelt le (1914\u201318). Az I. Ez\u00fcst vit. \u00c9rem \u00e9s a K\u00e1roly Csapatkereszttel \u00e9s a n\u00e9met hadi \u00e9remmel \u00e9s a vaskereszttel t\u00fcntett\u00e9k ki. Mint \u00f6n\u00e1ll\u00f3 (1918\u2013) \u00e9p\u00edt\u00e9sz v\u00e1llalkoz\u00f3 t\u00f6bb nevezetes int\u00e9zm\u00e9ny, b\u00e9rh\u00e1z fel\u00e9p\u00edt\u00e9s\u00e9ben vett r\u00e9szt. A Kereskedelmi \u00e9s Iparkamara tan\u00e1csosa, a Mv.-i \u00c9p\u00edt\u0151iparos Sz\u00f6vets\u00e9g eln\u00f6ke (1925\u2013), a Mv.-i Kereskedelmi \u00e9s Iparkamara kereskedelmi oszt\u00e1ly\u00e1nak aleln\u00f6ke (1936); a M. Iparosegyes\u00fclet aleln\u00f6ke, a MP helyi eln\u00f6ki tan\u00e1csad\u00f3ja, az \u00c9p\u00edt\u0151iparosok Orsz\u00e1gos Sz\u00f6vets\u00e9g\u00e9nek t\u00e1rseln\u00f6ke. fel\u00fcgyel\u0151 f\u0151gondnoka volt. Mv.-en a rend, fegyelem \u00e9s a magyar javak biztons\u00e1g\u00e1t fel\u00fcgyel\u0151 Rendfenntart\u00f3 Bizotts\u00e1g egyik tagja (1940\u2013).<\/br><\/p>\n","protected":false},"excerpt":{"rendered":"<p>Mv., 1883., \u2020\u00a0? : \u00e9p\u00edt\u00e9sz, \u00e9p\u00edtkez\u00e9si v\u00e1llalkoz\u00f3. \u2013 Apja szint\u00e9n \u00e9p\u00edt\u00e9sz v\u00e1llalkoz\u00f3 volt. A k\u00f6z\u00e9piskol\u00e1t \u00e9s \u00e9p\u00edt\u0151ipari szakiskol\u00e1t Mv.-en v\u00e9gezte (1901). P\u00e1ly\u00e1j\u00e1t Mv.-en kezdte mint \u00e9p\u00edt\u00e9sz rajzol\u00f3 \u00e9s \u00e9p\u00edt\u00e9szeti vezet\u0151 (\u20131914). R\u00e9szt vett az I. vh.-ban az orosz frontra ker\u00fclt, k\u00e9tszer sebes\u00fclt \u00e9s mint \u0151rmester szerelt le (1914\u201318). Az I. Ez\u00fcst vit. \u00c9rem \u00e9s a [&hellip;]<\/p>\n","protected":false},"featured_media":0,"comment_status":"open","ping_status":"closed","template":"","meta":[],"product_brand":[],"product_cat":[137],"product_tag":[],"class_list":{"0":"post-5528","1":"product","2":"type-product","3":"status-publish","5":"product_cat-maros-megyei-eletrajzi-lexikon","7":"first","8":"instock","9":"shipping-taxable","10":"product-type-simple"},"_links":{"self":[{"href":"https:\/\/uj.adatbank.ro\/lexikon\/wp-json\/wp\/v2\/product\/5528","targetHints":{"allow":["GET"]}}],"collection":[{"href":"https:\/\/uj.adatbank.ro\/lexikon\/wp-json\/wp\/v2\/product"}],"about":[{"href":"https:\/\/uj.adatbank.ro\/lexikon\/wp-json\/wp\/v2\/types\/product"}],"replies":[{"embeddable":true,"href":"https:\/\/uj.adatbank.ro\/lexikon\/wp-json\/wp\/v2\/comments?post=5528"}],"wp:attachment":[{"href":"https:\/\/uj.adatbank.ro\/lexikon\/wp-json\/wp\/v2\/media?parent=5528"}],"wp:term":[{"taxonomy":"product_brand","embeddable":true,"href":"https:\/\/uj.adatbank.ro\/lexikon\/wp-json\/wp\/v2\/product_brand?post=5528"},{"taxonomy":"product_cat","embeddable":true,"href":"https:\/\/uj.adatbank.ro\/lexikon\/wp-json\/wp\/v2\/product_cat?post=5528"},{"taxonomy":"product_tag","embeddable":true,"href":"https:\/\/uj.adatbank.ro\/lexikon\/wp-json\/wp\/v2\/product_tag?post=5528"}],"curies":[{"name":"wp","href":"https:\/\/api.w.org\/{rel}","templated":true}]}}

BUSTYA Béla, § Bustaga Béla

<p>Mv., 1883., † ? : építész, építkezési vállalkozó. – Apja szintén építész vállalkozó volt. A középiskolát és építőipari szakiskolát Mv.-en végezte (1901). Pályáját Mv.-en kezdte mint építész rajzoló és építészeti vezető (–1914). Részt vett az I. vh.-ban az orosz frontra került, kétszer sebesült és mint őrmester szerelt le (1914–18). Az I. Ezüst vit. Érem és a Károly Csapatkereszttel és a német hadi éremmel és a vaskereszttel tüntették ki. Mint önálló (1918–) építész vállalkozó több nevezetes intézmény, bérház felépítésében vett részt. A Kereskedelmi és Iparkamara tanácsosa, a Mv.-i Építőiparos Szövetség elnöke (1925–), a Mv.-i Kereskedelmi és Iparkamara kereskedelmi osztályának alelnöke (1936); a M. Iparosegyesület alelnöke, a MP helyi elnöki tanácsadója, az Építőiparosok Országos Szövetségének társelnöke. felügyelő főgondnoka volt. Mv.-en a rend, fegyelem és a magyar javak biztonságát felügyelő Rendfenntartó Bizottság egyik tagja (1940–).</br></p>

<p>Mv., 1883., † ? : építész, építkezési vállalkozó. – Apja szintén építész vállalkozó volt. A középiskolát és építőipari szakiskolát Mv.-en végezte (1901). Pályáját Mv.-en kezdte mint építész rajzoló és építészeti vezető (–1914). Részt vett az I. vh.-ban az orosz frontra került, kétszer sebesült és mint őrmester szerelt le (1914–18). Az I. Ezüst vit. Érem és a [&hellip;]</p>
