{"id":5529,"date":"2025-06-28T17:17:59","date_gmt":"2025-06-28T15:17:59","guid":{"rendered":"https:\/\/uj.adatbank.ro\/lexikon\/termek\/bustya-endre-%c2%a7-alnevei-jaszai-andor-gombos-karoly\/"},"modified":"2026-02-17T09:14:26","modified_gmt":"2026-02-17T08:14:26","slug":"bustya-endre-%c2%a7-alnevei-jaszai-andor-gombos-karoly","status":"publish","type":"product","link":"https:\/\/uj.adatbank.ro\/lexikon\/termek\/bustya-endre-%c2%a7-alnevei-jaszai-andor-gombos-karoly\/","title":{"rendered":"BUSTYA Endre, \u00a7 \u00e1lnevei: J\u00e1szai Andor; Gombos K\u00e1roly"},"content":{"rendered":"<p>Mv., 1927. j\u00fan. 29., \u2020 Kv., 1996. dec. 23.: tan\u00e1r, irodalomt\u00f6rt\u00e9n\u00e9sz, m\u0171ford\u00edt\u00f3, bibliogr\u00e1fus. \u2013 Feles\u00e9ge: vadadi Filep Anna (1920\u20131995). \u2013 \u00c9retts\u00e9gizett a mv.-i Ref. Koll.-ban (1946). Itt egy tan\u00e1cskoz\u00e1son Szab\u00f3 Zolt\u00e1nnal felvetett\u00e9k az erd\u00e9lyi m. cserk\u00e9szmozgalom \u00fajj\u00e1szervez\u00e9s\u00e9nek \u00f6tlet\u00e9t (1946. jan. 5.), A kv.-i BTE m.-latin eszt\u00e9tika szakos hallgat\u00f3ja volt (1946\u201348), de tanulm\u00e1nyait nem fejezhette be mivel politikai okokb\u00f3l elt\u00e1vol\u00edtott\u00e1k. A kv.-i. katonai b\u00edr\u00f3s\u00e1g \u00edt\u00e9lkezett a B. E., Szab\u00f3 Zolt\u00e1n orvos \u00e9s Nagy S\u00e1ndor Zolt\u00e1n mv.-i volt cserk\u00e9szvezet\u0151k per\u00e9ben, a v\u00e1d: politikai izgat\u00e1s a fenn\u00e1ll\u00f3 rendszer ellen, egy \u00e9v \u00e9s 10 h\u00f3nap k\u00f6z\u00f6tti b\u00fcntet\u00e9st kaptak. Letart\u00f3zatt\u00e1k, t\u00e1rgyal\u00e1s n\u00e9lk\u00fcl engedt\u00e9k ki 6 h\u00f3nap ut\u00e1n (1948). Kiad\u00f3i lektor Kv-on (1950\u201351); ism\u00e9t letart\u00f3ztatt\u00e1k (1951); a borsz\u00e9ki sz\u00e9nb\u00e1ny\u00e1ban b\u00e1nyamunk\u00e1s (1952), majd tisztvisel\u0151. A Securitate megfigyel\u00e9si list\u00e1j\u00e1n szerepelt (1964. nov.-ig). Mv.-en a Teleki T\u00e9ka k\u00f6nyvt\u00e1rosa, bibliogr\u00e1fusa (1957\u201361); fizikai munk\u00e1s (1962\u20131966); a Korunk olvas\u00f3szerk.-je (1974\u201385). A mv.-i Szabad Sz\u00f3 k\u00f6z\u00f6lte els\u0151 cikkeit (1945). Kutat\u00e1si ter\u00fclete: A 18. sz. m. irodalom \u00e9s a 20. sz. els\u0151 k\u00e9t \u00e9vtized\u00e9nek m. irodalma, f\u0151k\u00e9nt Ady \u00e9letm\u0171ve, amelynek legalaposabb ismer\u0151je \u00e9s kutat\u00f3ja, Ady k\u00f6tetek szerk.-je. K\u00e1ny\u00e1di T\u00f6red\u00e9k c. alatt a Teleki T\u00e9k\u00e1ban felfedezett 16. sz. eleji nyelveml\u00e9kr\u0151l k\u00f6z\u00f6lt a NyIrK-ben, valamint tanulm\u00e1nyt \u00edrt a T\u00e9ka k\u00fclf\u00f6ld\u00f6n \u00e9rt\u00e9kes\u00edtett r\u00e9gi k\u00e9ziratair\u00f3l, ritkas\u00e1gair\u00f3l: A mv.-i Teleki T\u00e9ka elt\u0171nt Piccolomoni k\u00f3dexe s egy Amerik\u00e1ban felt\u0171nt Piccolomini korvina (MKSz. 81. 1965). Irodalom- \u00e9s k\u00f6nyvt\u00f6rt\u00e9neti tanulm\u00e1nyai, adatk\u00f6zl\u00e9sei, pr\u00f3zaford\u00edt\u00e1sai, recenzi\u00f3i, glossz\u00e1i jelentek meg a NyIrK, Igazs\u00e1g, Korunk, Korunk \u00c9vk\u00f6nyv, K\u00f6nyvt\u00e1ri Szemle, A H\u00e9t, Utunk, Szabad Sz\u00f3ban. Irodalomkutat\u00f3 munk\u00e1ss\u00e1ga mellett tanulm\u00e1nyokat, mes\u00e9ket, ifj\u00fas\u00e1gi t\u00f6rt\u00e9neteket, dokumentumreg\u00e9nyt ford\u00edtott rom\u00e1nb\u00f3l. Szerkesztett \u00e9s kiad\u00e1s al\u00e1 rendezett t\u00f6bb Ady m\u0171vet. Ady-jutalomban r\u00e9szes\u00fclt (1979). Az \u00f6sszegy\u0171jt\u00f6tt Ady-m\u0171vek \u00e9s a r\u00f3la sz\u00f3l\u00f3 Ady-irodalom hagyat\u00e9k\u00e1t a ref. egyh\u00e1zra hagyta, azzal a felt\u00e9tellel, hogy temet\u00e9s\u00e9r\u0151l gondoskodjanak, \u00e9s Mv.-en a ref. temet\u0151ben helyezz\u00e9k \u00f6r\u00f6k nyugalomra, k\u00edv\u00e1ns\u00e1ga nem teljes\u00fclt, a kv.-i monostori temet\u0151ben nyugszik. \u2013 <strong>F. m.:<\/strong> <strong>t\u00e1rssz.:<\/strong> M. irodalomt\u00f6rt\u00e9net a k\u00f6z\u00e9piskol\u00e1k IX o. sz\u00e1m\u00e1ra (Buk, 1949); Orvosl\u00e1s a XX. sz\u00e1zad v\u00e9g\u00e9n (Kv., 1983); <strong>szerk.:<\/strong> F\u00f6ldreng\u00e9s el\u0151tt (Buk., 1952); Novell\u00e1k 1\u20132 (Mv., 1957); Ady Endre \u00f6sszes novell\u00e1i (Bp., 1961); V\u00f6r\u00f6s felh\u0151k alatt (bevezet\u0151; Kv., 1972); Ady Endre: Mag h\u00f3 alatt (Buk., 1972) a k\u00f6lt\u0151 \u00e9let\u00e9nek \u00e9s munk\u00e1ss\u00e1g\u00e1nak id\u0151rendi \u00e1ttekint\u00e9s\u00e9vel; Ady Endre m\u0171vei, 2. k\u00f6t. (Bp., 1977); <strong>ford.:<\/strong> Grosu M.: Volt egyszer hol nem volt (Buk., 1956); S\u00eentimbreanu, M.: Kicsi hiba nagy galiba (Buk., 1958); Ludo, I.: A t\u00e1bornok \u00far korm\u00e1nyoz (Mv. 1959); Codru-Dr\u0103gu\u015fanu, Ion: Erd\u00e9lyi peregrinus (Buk., 1973); Brad, Ion: Emil Isac \u00faj eszm\u00e9k sz\u00f3sz\u00f3l\u00f3ja (Kv., 1975).<br \/>\n<strong>Irod.:<\/strong> B\u00e1nyai R\u00e9ka: Egy k\u00f6nyvt\u00e1r mindennapjai = K\u00f6nyvek \u00e1ltal; Clujeni ai sec. 20; De\u00e9; Filep; Filep 2.; Id\u0151t\u00e1r 4.; KKACS; KM\u00cd; Kusz\u00e1lik; Marosi-KZST; MIIB; RMIL; RMKK; R\u00daL; Sz\u0151cs Istv\u00e1n: K\u00eds\u00e9rtetes jegyzetek (Helikon, 17. sz., 2007. szept. 10.)<\/p>\n","protected":false},"excerpt":{"rendered":"<p>Mv., 1927. j\u00fan. 29., \u2020 Kv., 1996. dec. 23.: tan\u00e1r, irodalomt\u00f6rt\u00e9n\u00e9sz, m\u0171ford\u00edt\u00f3, bibliogr\u00e1fus. \u2013 Feles\u00e9ge: vadadi Filep Anna (1920\u20131995). \u2013 \u00c9retts\u00e9gizett a mv.-i Ref. Koll.-ban (1946). Itt egy tan\u00e1cskoz\u00e1son Szab\u00f3 Zolt\u00e1nnal felvetett\u00e9k az erd\u00e9lyi m. cserk\u00e9szmozgalom \u00fajj\u00e1szervez\u00e9s\u00e9nek \u00f6tlet\u00e9t (1946. jan. 5.), A kv.-i BTE m.-latin eszt\u00e9tika szakos hallgat\u00f3ja volt (1946\u201348), de tanulm\u00e1nyait nem fejezhette be [&hellip;]<\/p>\n","protected":false},"featured_media":0,"comment_status":"open","ping_status":"closed","template":"","meta":[],"product_brand":[],"product_cat":[137],"product_tag":[],"class_list":{"0":"post-5529","1":"product","2":"type-product","3":"status-publish","5":"product_cat-maros-megyei-eletrajzi-lexikon","7":"first","8":"instock","9":"shipping-taxable","10":"product-type-simple"},"_links":{"self":[{"href":"https:\/\/uj.adatbank.ro\/lexikon\/wp-json\/wp\/v2\/product\/5529","targetHints":{"allow":["GET"]}}],"collection":[{"href":"https:\/\/uj.adatbank.ro\/lexikon\/wp-json\/wp\/v2\/product"}],"about":[{"href":"https:\/\/uj.adatbank.ro\/lexikon\/wp-json\/wp\/v2\/types\/product"}],"replies":[{"embeddable":true,"href":"https:\/\/uj.adatbank.ro\/lexikon\/wp-json\/wp\/v2\/comments?post=5529"}],"wp:attachment":[{"href":"https:\/\/uj.adatbank.ro\/lexikon\/wp-json\/wp\/v2\/media?parent=5529"}],"wp:term":[{"taxonomy":"product_brand","embeddable":true,"href":"https:\/\/uj.adatbank.ro\/lexikon\/wp-json\/wp\/v2\/product_brand?post=5529"},{"taxonomy":"product_cat","embeddable":true,"href":"https:\/\/uj.adatbank.ro\/lexikon\/wp-json\/wp\/v2\/product_cat?post=5529"},{"taxonomy":"product_tag","embeddable":true,"href":"https:\/\/uj.adatbank.ro\/lexikon\/wp-json\/wp\/v2\/product_tag?post=5529"}],"curies":[{"name":"wp","href":"https:\/\/api.w.org\/{rel}","templated":true}]}}

BUSTYA Endre, § álnevei: Jászai Andor; Gombos Károly

<p>Mv., 1927. jún. 29., † Kv., 1996. dec. 23.: tanár, irodalomtörténész, műfordító, bibliográfus. – Felesége: vadadi Filep Anna (1920–1995). – Érettségizett a mv.-i Ref. Koll.-ban (1946). Itt egy tanácskozáson Szabó Zoltánnal felvetették az erdélyi m. cserkészmozgalom újjászervezésének ötletét (1946. jan. 5.), A kv.-i BTE m.-latin esztétika szakos hallgatója volt (1946–48), de tanulmányait nem fejezhette be mivel politikai okokból eltávolították. A kv.-i. katonai bíróság ítélkezett a B. E., Szabó Zoltán orvos és Nagy Sándor Zoltán mv.-i volt cserkészvezetők perében, a vád: politikai izgatás a fennálló rendszer ellen, egy év és 10 hónap közötti büntetést kaptak. Letartózatták, tárgyalás nélkül engedték ki 6 hónap után (1948). Kiadói lektor Kv-on (1950–51); ismét letartóztatták (1951); a borszéki szénbányában bányamunkás (1952), majd tisztviselő. A Securitate megfigyelési listáján szerepelt (1964. nov.-ig). Mv.-en a Teleki Téka könyvtárosa, bibliográfusa (1957–61); fizikai munkás (1962–1966); a Korunk olvasószerk.-je (1974–85). A mv.-i Szabad Szó közölte első cikkeit (1945). Kutatási területe: A 18. sz. m. irodalom és a 20. sz. első két évtizedének m. irodalma, főként Ady életműve, amelynek legalaposabb ismerője és kutatója, Ady kötetek szerk.-je. Kányádi Töredék c. alatt a Teleki Tékában felfedezett 16. sz. eleji nyelvemlékről közölt a NyIrK-ben, valamint tanulmányt írt a Téka külföldön értékesített régi kéziratairól, ritkaságairól: A mv.-i Teleki Téka eltűnt Piccolomoni kódexe s egy Amerikában feltűnt Piccolomini korvina (MKSz. 81. 1965). Irodalom- és könyvtörténeti tanulmányai, adatközlései, prózafordításai, recenziói, glosszái jelentek meg a NyIrK, Igazság, Korunk, Korunk Évkönyv, Könyvtári Szemle, A Hét, Utunk, Szabad Szóban. Irodalomkutató munkássága mellett tanulmányokat, meséket, ifjúsági történeteket, dokumentumregényt fordított románból. Szerkesztett és kiadás alá rendezett több Ady művet. Ady-jutalomban részesült (1979). Az összegyűjtött Ady-művek és a róla szóló Ady-irodalom hagyatékát a ref. egyházra hagyta, azzal a feltétellel, hogy temetéséről gondoskodjanak, és Mv.-en a ref. temetőben helyezzék örök nyugalomra, kívánsága nem teljesült, a kv.-i monostori temetőben nyugszik. – <strong>F. m.:</strong> <strong>társsz.:</strong> M. irodalomtörténet a középiskolák IX o. számára (Buk, 1949); Orvoslás a XX. század végén (Kv., 1983); <strong>szerk.:</strong> Földrengés előtt (Buk., 1952); Novellák 1–2 (Mv., 1957); Ady Endre összes novellái (Bp., 1961); Vörös felhők alatt (bevezető; Kv., 1972); Ady Endre: Mag hó alatt (Buk., 1972) a költő életének és munkásságának időrendi áttekintésével; Ady Endre művei, 2. köt. (Bp., 1977); <strong>ford.:</strong> Grosu M.: Volt egyszer hol nem volt (Buk., 1956); Sîntimbreanu, M.: Kicsi hiba nagy galiba (Buk., 1958); Ludo, I.: A tábornok úr kormányoz (Mv. 1959); Codru-Drăguşanu, Ion: Erdélyi peregrinus (Buk., 1973); Brad, Ion: Emil Isac új eszmék szószólója (Kv., 1975).<br />
<strong>Irod.:</strong> Bányai Réka: Egy könyvtár mindennapjai = Könyvek által; Clujeni ai sec. 20; Deé; Filep; Filep 2.; Időtár 4.; KKACS; KMÍ; Kuszálik; Marosi-KZST; MIIB; RMIL; RMKK; RÚL; Szőcs István: Kísértetes jegyzetek (Helikon, 17. sz., 2007. szept. 10.)</p>

<p>Mv., 1927. jún. 29., † Kv., 1996. dec. 23.: tanár, irodalomtörténész, műfordító, bibliográfus. – Felesége: vadadi Filep Anna (1920–1995). – Érettségizett a mv.-i Ref. Koll.-ban (1946). Itt egy tanácskozáson Szabó Zoltánnal felvetették az erdélyi m. cserkészmozgalom újjászervezésének ötletét (1946. jan. 5.), A kv.-i BTE m.-latin esztétika szakos hallgatója volt (1946–48), de tanulmányait nem fejezhette be [&hellip;]</p>
