{"id":5535,"date":"2025-06-28T17:18:07","date_gmt":"2025-06-28T15:18:07","guid":{"rendered":"https:\/\/uj.adatbank.ro\/lexikon\/termek\/buta-lazar\/"},"modified":"2025-06-28T17:18:07","modified_gmt":"2025-06-28T15:18:07","slug":"buta-lazar","status":"publish","type":"product","link":"https:\/\/uj.adatbank.ro\/lexikon\/termek\/buta-lazar\/","title":{"rendered":"BUTA L\u00e1z\u00e1r"},"content":{"rendered":"<p>? \u2020\u00a0? : f\u0151ldbirtokos. \u2013 Cikm\u00e1ntorban t\u00f6bb mint 100 hold birtokkal rendelkezett, amelyb\u0151l a f\u00f6ldoszt\u00e1s \u00e9veiben (1921\u201323) t\u00f6bb holdat saj\u00e1t\u00edtottak ki ugyan\u00fagy, mint m\u00e1s nyolc falust\u00e1rs\u00e1t\u00f3l \u00e9s a f\u0151birtokos Luth. Ev. Egyh\u00e1zt\u00f3l. A kisaj\u00e1t\u00edtott f\u00f6ldekb\u0151l h\u00e1zhelyeknek, az \u00e1llami iskol\u00e1nak, a csend\u0151rs\u00e9gnek, nyolc f\u00f6ldn\u00e9lk\u00fclinek juttattak ter\u00fcletet, nagy\u00edtott\u00e1k a k\u00f6zbirtokoss\u00e1gi erd\u0151t, \u00faj iskol\u00e1t \u00e9p\u00edtettek (1926). <br \/><strong>Irod.:<\/strong> Prozan<\/br><\/p>\n","protected":false},"excerpt":{"rendered":"<p>? \u2020\u00a0? : f\u0151ldbirtokos. \u2013 Cikm\u00e1ntorban t\u00f6bb mint 100 hold birtokkal rendelkezett, amelyb\u0151l a f\u00f6ldoszt\u00e1s \u00e9veiben (1921\u201323) t\u00f6bb holdat saj\u00e1t\u00edtottak ki ugyan\u00fagy, mint m\u00e1s nyolc falust\u00e1rs\u00e1t\u00f3l \u00e9s a f\u0151birtokos Luth. Ev. Egyh\u00e1zt\u00f3l. A kisaj\u00e1t\u00edtott f\u00f6ldekb\u0151l h\u00e1zhelyeknek, az \u00e1llami iskol\u00e1nak, a csend\u0151rs\u00e9gnek, nyolc f\u00f6ldn\u00e9lk\u00fclinek juttattak ter\u00fcletet, nagy\u00edtott\u00e1k a k\u00f6zbirtokoss\u00e1gi erd\u0151t, \u00faj iskol\u00e1t \u00e9p\u00edtettek (1926). Irod.: Prozan<\/p>\n","protected":false},"featured_media":0,"comment_status":"open","ping_status":"closed","template":"","meta":[],"product_brand":[],"product_cat":[137],"product_tag":[],"class_list":{"0":"post-5535","1":"product","2":"type-product","3":"status-publish","5":"product_cat-maros-megyei-eletrajzi-lexikon","7":"first","8":"instock","9":"shipping-taxable","10":"product-type-simple"},"_links":{"self":[{"href":"https:\/\/uj.adatbank.ro\/lexikon\/wp-json\/wp\/v2\/product\/5535","targetHints":{"allow":["GET"]}}],"collection":[{"href":"https:\/\/uj.adatbank.ro\/lexikon\/wp-json\/wp\/v2\/product"}],"about":[{"href":"https:\/\/uj.adatbank.ro\/lexikon\/wp-json\/wp\/v2\/types\/product"}],"replies":[{"embeddable":true,"href":"https:\/\/uj.adatbank.ro\/lexikon\/wp-json\/wp\/v2\/comments?post=5535"}],"wp:attachment":[{"href":"https:\/\/uj.adatbank.ro\/lexikon\/wp-json\/wp\/v2\/media?parent=5535"}],"wp:term":[{"taxonomy":"product_brand","embeddable":true,"href":"https:\/\/uj.adatbank.ro\/lexikon\/wp-json\/wp\/v2\/product_brand?post=5535"},{"taxonomy":"product_cat","embeddable":true,"href":"https:\/\/uj.adatbank.ro\/lexikon\/wp-json\/wp\/v2\/product_cat?post=5535"},{"taxonomy":"product_tag","embeddable":true,"href":"https:\/\/uj.adatbank.ro\/lexikon\/wp-json\/wp\/v2\/product_tag?post=5535"}],"curies":[{"name":"wp","href":"https:\/\/api.w.org\/{rel}","templated":true}]}}

BUTA Lázár

<p>? † ? : főldbirtokos. – Cikmántorban több mint 100 hold birtokkal rendelkezett, amelyből a földosztás éveiben (1921–23) több holdat sajátítottak ki ugyanúgy, mint más nyolc falustársától és a főbirtokos Luth. Ev. Egyháztól. A kisajátított földekből házhelyeknek, az állami iskolának, a csendőrségnek, nyolc földnélkülinek juttattak területet, nagyították a közbirtokossági erdőt, új iskolát építettek (1926). <br /><strong>Irod.:</strong> Prozan</br></p>

<p>? † ? : főldbirtokos. – Cikmántorban több mint 100 hold birtokkal rendelkezett, amelyből a földosztás éveiben (1921–23) több holdat sajátítottak ki ugyanúgy, mint más nyolc falustársától és a főbirtokos Luth. Ev. Egyháztól. A kisajátított földekből házhelyeknek, az állami iskolának, a csendőrségnek, nyolc földnélkülinek juttattak területet, nagyították a közbirtokossági erdőt, új iskolát építettek (1926). Irod.: Prozan</p>
