{"id":5537,"date":"2025-06-28T17:18:10","date_gmt":"2025-06-28T15:18:10","guid":{"rendered":"https:\/\/uj.adatbank.ro\/lexikon\/termek\/buteanu-ioan-buteanu-istvan-ioan\/"},"modified":"2025-06-28T17:18:10","modified_gmt":"2025-06-28T15:18:10","slug":"buteanu-ioan-buteanu-istvan-ioan","status":"publish","type":"product","link":"https:\/\/uj.adatbank.ro\/lexikon\/termek\/buteanu-ioan-buteanu-istvan-ioan\/","title":{"rendered":"BUTEANU Ioan, Buteanu Istv\u00e1n Ioan"},"content":{"rendered":"<p>1821, \u2020 1849. m\u00e1j. 23.: Zar\u00e1nd f\u0151isp\u00e1nja, forradalm\u00e1r.- 3 \u00e9vig kancellista a mv.-i Kir. T\u00e1bl\u00e1n, ahol \u00fcgyv\u00e9di diplom\u00e1t szerzett. Prefektus 1848\u201349-ben. Abrudb\u00e1ny\u00e1n dolgozott. Mv.-en utca viseli a nev\u00e9t. <br \/><strong>Irod.:<\/strong> Dragomir, Silviu: Ioan Buteanu prefectul Zarandului \u00een anii 1848\u201349 (Buc., 1928); Dragomir, Silviu: Studii \u015fi documente privitoare la revolu\u0163ia rom\u00e2nilor din Transilvania \u00een anii 1848\u201349.; Ezernyolcsz\u00e1znegyvennyolc (Bp., 1898); M\u00e1th\u00e9 Levente; P\u0103c\u0103\u0163ian; Predescu; Vatra, nr. 6., iun. 1987, supl. A.<\/br><\/p>\n","protected":false},"excerpt":{"rendered":"<p>1821, \u2020 1849. m\u00e1j. 23.: Zar\u00e1nd f\u0151isp\u00e1nja, forradalm\u00e1r.- 3 \u00e9vig kancellista a mv.-i Kir. T\u00e1bl\u00e1n, ahol \u00fcgyv\u00e9di diplom\u00e1t szerzett. Prefektus 1848\u201349-ben. Abrudb\u00e1ny\u00e1n dolgozott. Mv.-en utca viseli a nev\u00e9t. Irod.: Dragomir, Silviu: Ioan Buteanu prefectul Zarandului \u00een anii 1848\u201349 (Buc., 1928); Dragomir, Silviu: Studii \u015fi documente privitoare la revolu\u0163ia rom\u00e2nilor din Transilvania \u00een anii 1848\u201349.; Ezernyolcsz\u00e1znegyvennyolc [&hellip;]<\/p>\n","protected":false},"featured_media":0,"comment_status":"open","ping_status":"closed","template":"","meta":[],"product_brand":[],"product_cat":[137],"product_tag":[],"class_list":{"0":"post-5537","1":"product","2":"type-product","3":"status-publish","5":"product_cat-maros-megyei-eletrajzi-lexikon","7":"first","8":"instock","9":"shipping-taxable","10":"product-type-simple"},"_links":{"self":[{"href":"https:\/\/uj.adatbank.ro\/lexikon\/wp-json\/wp\/v2\/product\/5537","targetHints":{"allow":["GET"]}}],"collection":[{"href":"https:\/\/uj.adatbank.ro\/lexikon\/wp-json\/wp\/v2\/product"}],"about":[{"href":"https:\/\/uj.adatbank.ro\/lexikon\/wp-json\/wp\/v2\/types\/product"}],"replies":[{"embeddable":true,"href":"https:\/\/uj.adatbank.ro\/lexikon\/wp-json\/wp\/v2\/comments?post=5537"}],"wp:attachment":[{"href":"https:\/\/uj.adatbank.ro\/lexikon\/wp-json\/wp\/v2\/media?parent=5537"}],"wp:term":[{"taxonomy":"product_brand","embeddable":true,"href":"https:\/\/uj.adatbank.ro\/lexikon\/wp-json\/wp\/v2\/product_brand?post=5537"},{"taxonomy":"product_cat","embeddable":true,"href":"https:\/\/uj.adatbank.ro\/lexikon\/wp-json\/wp\/v2\/product_cat?post=5537"},{"taxonomy":"product_tag","embeddable":true,"href":"https:\/\/uj.adatbank.ro\/lexikon\/wp-json\/wp\/v2\/product_tag?post=5537"}],"curies":[{"name":"wp","href":"https:\/\/api.w.org\/{rel}","templated":true}]}}

BUTEANU Ioan, Buteanu István Ioan

<p>1821, † 1849. máj. 23.: Zaránd főispánja, forradalmár.- 3 évig kancellista a mv.-i Kir. Táblán, ahol ügyvédi diplomát szerzett. Prefektus 1848–49-ben. Abrudbányán dolgozott. Mv.-en utca viseli a nevét. <br /><strong>Irod.:</strong> Dragomir, Silviu: Ioan Buteanu prefectul Zarandului în anii 1848–49 (Buc., 1928); Dragomir, Silviu: Studii şi documente privitoare la revoluţia românilor din Transilvania în anii 1848–49.; Ezernyolcszáznegyvennyolc (Bp., 1898); Máthé Levente; Păcăţian; Predescu; Vatra, nr. 6., iun. 1987, supl. A.</br></p>

<p>1821, † 1849. máj. 23.: Zaránd főispánja, forradalmár.- 3 évig kancellista a mv.-i Kir. Táblán, ahol ügyvédi diplomát szerzett. Prefektus 1848–49-ben. Abrudbányán dolgozott. Mv.-en utca viseli a nevét. Irod.: Dragomir, Silviu: Ioan Buteanu prefectul Zarandului în anii 1848–49 (Buc., 1928); Dragomir, Silviu: Studii şi documente privitoare la revoluţia românilor din Transilvania în anii 1848–49.; Ezernyolcszáznegyvennyolc [&hellip;]</p>
