{"id":5541,"date":"2025-06-28T17:18:17","date_gmt":"2025-06-28T15:18:17","guid":{"rendered":"https:\/\/uj.adatbank.ro\/lexikon\/termek\/butnariu-alexandru\/"},"modified":"2025-06-28T17:18:17","modified_gmt":"2025-06-28T15:18:17","slug":"butnariu-alexandru","status":"publish","type":"product","link":"https:\/\/uj.adatbank.ro\/lexikon\/termek\/butnariu-alexandru\/","title":{"rendered":"BUTNARIU Alexandru"},"content":{"rendered":"<p>1842., \u2020\u00a0P\u00e9ntekpataka, 1876. \u00e1pr. 3.: ort. pap. \u2013 Miut\u00e1n elv\u00e9gezte a teol\u00f3gi\u00e1t, \u015euli\u0163iu mitropolita G\u00f6rg\u00e9nybe helyezte (1852, 1867\u20131872). P\u00e9ntekpatak\u00e1n is szolg\u00e1lt. <br \/><strong>Irod.:<\/strong> Dobozi<\/br><\/p>\n","protected":false},"excerpt":{"rendered":"<p>1842., \u2020\u00a0P\u00e9ntekpataka, 1876. \u00e1pr. 3.: ort. pap. \u2013 Miut\u00e1n elv\u00e9gezte a teol\u00f3gi\u00e1t, \u015euli\u0163iu mitropolita G\u00f6rg\u00e9nybe helyezte (1852, 1867\u20131872). P\u00e9ntekpatak\u00e1n is szolg\u00e1lt. Irod.: Dobozi<\/p>\n","protected":false},"featured_media":0,"comment_status":"open","ping_status":"closed","template":"","meta":[],"product_brand":[],"product_cat":[137],"product_tag":[],"class_list":{"0":"post-5541","1":"product","2":"type-product","3":"status-publish","5":"product_cat-maros-megyei-eletrajzi-lexikon","7":"first","8":"instock","9":"shipping-taxable","10":"product-type-simple"},"_links":{"self":[{"href":"https:\/\/uj.adatbank.ro\/lexikon\/wp-json\/wp\/v2\/product\/5541","targetHints":{"allow":["GET"]}}],"collection":[{"href":"https:\/\/uj.adatbank.ro\/lexikon\/wp-json\/wp\/v2\/product"}],"about":[{"href":"https:\/\/uj.adatbank.ro\/lexikon\/wp-json\/wp\/v2\/types\/product"}],"replies":[{"embeddable":true,"href":"https:\/\/uj.adatbank.ro\/lexikon\/wp-json\/wp\/v2\/comments?post=5541"}],"wp:attachment":[{"href":"https:\/\/uj.adatbank.ro\/lexikon\/wp-json\/wp\/v2\/media?parent=5541"}],"wp:term":[{"taxonomy":"product_brand","embeddable":true,"href":"https:\/\/uj.adatbank.ro\/lexikon\/wp-json\/wp\/v2\/product_brand?post=5541"},{"taxonomy":"product_cat","embeddable":true,"href":"https:\/\/uj.adatbank.ro\/lexikon\/wp-json\/wp\/v2\/product_cat?post=5541"},{"taxonomy":"product_tag","embeddable":true,"href":"https:\/\/uj.adatbank.ro\/lexikon\/wp-json\/wp\/v2\/product_tag?post=5541"}],"curies":[{"name":"wp","href":"https:\/\/api.w.org\/{rel}","templated":true}]}}