{"id":5542,"date":"2025-06-28T17:18:19","date_gmt":"2025-06-28T15:18:19","guid":{"rendered":"https:\/\/uj.adatbank.ro\/lexikon\/termek\/butnariu-ion-butnariu-ioan\/"},"modified":"2025-06-28T17:18:19","modified_gmt":"2025-06-28T15:18:19","slug":"butnariu-ion-butnariu-ioan","status":"publish","type":"product","link":"https:\/\/uj.adatbank.ro\/lexikon\/termek\/butnariu-ion-butnariu-ioan\/","title":{"rendered":"BUTNARIU Ion, Butnariu Ioan"},"content":{"rendered":"<p>? \u2020\u00a0? : tan\u00e1r, folklorista. \u2013 Mv.-en, tagja a Maros Megyei Tan\u00edt\u00f3k Egyes\u00fclet\u00e9nek, amely l\u00e9trehozta a Progres \u015fi cultur\u0103 c. foly\u00f3iratot (1933\u201338). Ennek f\u0151szek.-je, ebben \u00e9pk\u00f6lt\u00e9szeti gy\u0171jtem\u00e9sit is k\u00f6z\u00f6lte (1933). Petel\u00e9n tan\u00edtott az elemi iskol\u00e1ban (1939\u201340). <br \/><strong>Irod.:<\/strong> Bosoanc\u0103\u2013Opri\u015f; Netea: Folclorul; Pusztai-Popovits J\u00f3zsef: Rom\u00e1n kult\u00far\u00e9let a m. Erd\u00e9lyben (P\u00e9cs, 1942)<\/br><\/p>\n","protected":false},"excerpt":{"rendered":"<p>? \u2020\u00a0? : tan\u00e1r, folklorista. \u2013 Mv.-en, tagja a Maros Megyei Tan\u00edt\u00f3k Egyes\u00fclet\u00e9nek, amely l\u00e9trehozta a Progres \u015fi cultur\u0103 c. foly\u00f3iratot (1933\u201338). Ennek f\u0151szek.-je, ebben \u00e9pk\u00f6lt\u00e9szeti gy\u0171jtem\u00e9sit is k\u00f6z\u00f6lte (1933). Petel\u00e9n tan\u00edtott az elemi iskol\u00e1ban (1939\u201340). Irod.: Bosoanc\u0103\u2013Opri\u015f; Netea: Folclorul; Pusztai-Popovits J\u00f3zsef: Rom\u00e1n kult\u00far\u00e9let a m. Erd\u00e9lyben (P\u00e9cs, 1942)<\/p>\n","protected":false},"featured_media":0,"comment_status":"open","ping_status":"closed","template":"","meta":[],"product_brand":[],"product_cat":[137],"product_tag":[],"class_list":{"0":"post-5542","1":"product","2":"type-product","3":"status-publish","5":"product_cat-maros-megyei-eletrajzi-lexikon","7":"first","8":"instock","9":"shipping-taxable","10":"product-type-simple"},"_links":{"self":[{"href":"https:\/\/uj.adatbank.ro\/lexikon\/wp-json\/wp\/v2\/product\/5542","targetHints":{"allow":["GET"]}}],"collection":[{"href":"https:\/\/uj.adatbank.ro\/lexikon\/wp-json\/wp\/v2\/product"}],"about":[{"href":"https:\/\/uj.adatbank.ro\/lexikon\/wp-json\/wp\/v2\/types\/product"}],"replies":[{"embeddable":true,"href":"https:\/\/uj.adatbank.ro\/lexikon\/wp-json\/wp\/v2\/comments?post=5542"}],"wp:attachment":[{"href":"https:\/\/uj.adatbank.ro\/lexikon\/wp-json\/wp\/v2\/media?parent=5542"}],"wp:term":[{"taxonomy":"product_brand","embeddable":true,"href":"https:\/\/uj.adatbank.ro\/lexikon\/wp-json\/wp\/v2\/product_brand?post=5542"},{"taxonomy":"product_cat","embeddable":true,"href":"https:\/\/uj.adatbank.ro\/lexikon\/wp-json\/wp\/v2\/product_cat?post=5542"},{"taxonomy":"product_tag","embeddable":true,"href":"https:\/\/uj.adatbank.ro\/lexikon\/wp-json\/wp\/v2\/product_tag?post=5542"}],"curies":[{"name":"wp","href":"https:\/\/api.w.org\/{rel}","templated":true}]}}