{"id":5553,"date":"2025-06-28T17:22:33","date_gmt":"2025-06-28T15:22:33","guid":{"rendered":"https:\/\/uj.adatbank.ro\/lexikon\/termek\/cadar-andrei\/"},"modified":"2025-06-28T17:22:33","modified_gmt":"2025-06-28T15:22:33","slug":"cadar-andrei","status":"publish","type":"product","link":"https:\/\/uj.adatbank.ro\/lexikon\/termek\/cadar-andrei\/","title":{"rendered":"CADAR Andrei"},"content":{"rendered":"<p>G\u00f6demesterh\u00e1za, 1860. okt. 10., \u2020 G\u00f6demesterh\u00e1za, 1930. okt. 11.: f\u00f6ldbirtokos, politikus. \u2013 Sz\u00fcl\u0151faluja, G\u00f6demesterh\u00e1za, polg\u00e1rmestere volt (1908\u201316). Letart\u00f3ztatt\u00e1k \u00e9s \u00c9szak-Mo.-ra deport\u00e1lt\u00e1k (\u20131918 \u0151sz\u00e9ig). G\u00f6demesterh\u00e1za hivatalos k\u00fcld\u00f6tte a gyulafeh\u00e9rv\u00e1ri nemzeti nagygy\u0171l\u00e9sen (1918. dec. 1.). Maros-Torda megye \u00e1lland\u00f3 bizotts\u00e1g\u00e1nak tagja (1923\u201325), a gazdas\u00e1gi \u00e9s a n\u00e9pm\u0171vel\u00e9si bizotts\u00e1gban tev\u00e9kenykedett, a RNP \u00e9s a Nemzeti Paraszt P\u00e1rt tagja (1926), a gazdas\u00e1gi \u00e9s a n\u00e9pm\u0171vel\u00e9si bizotts\u00e1gokban tev\u00e9kenykedett, a Maros megyei tan\u00e1cs tagja (1930). A sz\u00e1szr\u00e9geni Mure\u015fana Bank cenzora. A k\u00fclf\u00f6ldi utaz\u00e1sakor l\u00e1tottakat itthon is kamatoztatta. Erd\u0151tulajdonaib\u00f3l anyagilag hozz\u00e1j\u00e1rult a r\u00e9geni g\u00f6r. kat. iskola fenntart\u00e1s\u00e1hoz (1909). sok szeg\u00e9nysors\u00fa tanul\u00f3t t\u00e1mogatott. <br \/><strong>Irod.:<\/strong> ASTRA reghinean\u0103; Bosoanc\u0103; Todea 2013<\/br><\/p>\n","protected":false},"excerpt":{"rendered":"<p>G\u00f6demesterh\u00e1za, 1860. okt. 10., \u2020 G\u00f6demesterh\u00e1za, 1930. okt. 11.: f\u00f6ldbirtokos, politikus. \u2013 Sz\u00fcl\u0151faluja, G\u00f6demesterh\u00e1za, polg\u00e1rmestere volt (1908\u201316). Letart\u00f3ztatt\u00e1k \u00e9s \u00c9szak-Mo.-ra deport\u00e1lt\u00e1k (\u20131918 \u0151sz\u00e9ig). G\u00f6demesterh\u00e1za hivatalos k\u00fcld\u00f6tte a gyulafeh\u00e9rv\u00e1ri nemzeti nagygy\u0171l\u00e9sen (1918. dec. 1.). Maros-Torda megye \u00e1lland\u00f3 bizotts\u00e1g\u00e1nak tagja (1923\u201325), a gazdas\u00e1gi \u00e9s a n\u00e9pm\u0171vel\u00e9si bizotts\u00e1gban tev\u00e9kenykedett, a RNP \u00e9s a Nemzeti Paraszt P\u00e1rt tagja (1926), [&hellip;]<\/p>\n","protected":false},"featured_media":0,"comment_status":"open","ping_status":"closed","template":"","meta":[],"product_brand":[],"product_cat":[137],"product_tag":[],"class_list":{"0":"post-5553","1":"product","2":"type-product","3":"status-publish","5":"product_cat-maros-megyei-eletrajzi-lexikon","7":"first","8":"instock","9":"shipping-taxable","10":"product-type-simple"},"_links":{"self":[{"href":"https:\/\/uj.adatbank.ro\/lexikon\/wp-json\/wp\/v2\/product\/5553","targetHints":{"allow":["GET"]}}],"collection":[{"href":"https:\/\/uj.adatbank.ro\/lexikon\/wp-json\/wp\/v2\/product"}],"about":[{"href":"https:\/\/uj.adatbank.ro\/lexikon\/wp-json\/wp\/v2\/types\/product"}],"replies":[{"embeddable":true,"href":"https:\/\/uj.adatbank.ro\/lexikon\/wp-json\/wp\/v2\/comments?post=5553"}],"wp:attachment":[{"href":"https:\/\/uj.adatbank.ro\/lexikon\/wp-json\/wp\/v2\/media?parent=5553"}],"wp:term":[{"taxonomy":"product_brand","embeddable":true,"href":"https:\/\/uj.adatbank.ro\/lexikon\/wp-json\/wp\/v2\/product_brand?post=5553"},{"taxonomy":"product_cat","embeddable":true,"href":"https:\/\/uj.adatbank.ro\/lexikon\/wp-json\/wp\/v2\/product_cat?post=5553"},{"taxonomy":"product_tag","embeddable":true,"href":"https:\/\/uj.adatbank.ro\/lexikon\/wp-json\/wp\/v2\/product_tag?post=5553"}],"curies":[{"name":"wp","href":"https:\/\/api.w.org\/{rel}","templated":true}]}}

<p>Gödemesterháza, 1860. okt. 10., † Gödemesterháza, 1930. okt. 11.: földbirtokos, politikus. – Szülőfaluja, Gödemesterháza, polgármestere volt (1908–16). Letartóztatták és Észak-Mo.-ra deportálták (–1918 őszéig). Gödemesterháza hivatalos küldötte a gyulafehérvári nemzeti nagygyűlésen (1918. dec. 1.). Maros-Torda megye állandó bizottságának tagja (1923–25), a gazdasági és a népművelési bizottságban tevékenykedett, a RNP és a Nemzeti Paraszt Párt tagja (1926), a gazdasági és a népművelési bizottságokban tevékenykedett, a Maros megyei tanács tagja (1930). A szászrégeni Mureşana Bank cenzora. A külföldi utazásakor látottakat itthon is kamatoztatta. Erdőtulajdonaiból anyagilag hozzájárult a régeni gör. kat. iskola fenntartásához (1909). sok szegénysorsú tanulót támogatott. <br /><strong>Irod.:</strong> ASTRA reghineană; Bosoancă; Todea 2013</br></p>

<p>Gödemesterháza, 1860. okt. 10., † Gödemesterháza, 1930. okt. 11.: földbirtokos, politikus. – Szülőfaluja, Gödemesterháza, polgármestere volt (1908–16). Letartóztatták és Észak-Mo.-ra deportálták (–1918 őszéig). Gödemesterháza hivatalos küldötte a gyulafehérvári nemzeti nagygyűlésen (1918. dec. 1.). Maros-Torda megye állandó bizottságának tagja (1923–25), a gazdasági és a népművelési bizottságban tevékenykedett, a RNP és a Nemzeti Paraszt Párt tagja (1926), [&hellip;]</p>
