{"id":5557,"date":"2025-06-28T17:22:38","date_gmt":"2025-06-28T15:22:38","guid":{"rendered":"https:\/\/uj.adatbank.ro\/lexikon\/termek\/caian-demetriu-caian-demetrius-senior-caian-dumitru\/"},"modified":"2025-06-28T17:22:38","modified_gmt":"2025-06-28T15:22:38","slug":"caian-demetriu-caian-demetrius-senior-caian-dumitru","status":"publish","type":"product","link":"https:\/\/uj.adatbank.ro\/lexikon\/termek\/caian-demetriu-caian-demetrius-senior-caian-dumitru\/","title":{"rendered":"CAIAN Demetriu, Caian, Demetrius senior; Caian, Dumitru"},"content":{"rendered":"<p>1754., \u2020 1831.: g\u00f6r. kat. pap. \u2013 Elemi \u00e9s k\u00f6z\u00e9piskol\u00e1it Kv.-on v\u00e9gezte, teol\u00f3gi\u00e1t \u00e9s filoz\u00f3fi\u00e1t B\u00e9csben a Szt. Barbara Koll.-ban hallgatott. Visszat\u00e9rt Bal\u00e1zsfalv\u00e1ra, ahol papp\u00e1 szentelt\u00e9k (1779). Verespatakon kezdte szolg\u00e1lat\u00e1t, k\u00e9s\u0151bb Mv.-re nevezt\u00e9k ki pl\u00e9b\u00e1nosnak, majd esperesnek Bob p\u00fcsp\u00f6k hely\u00e9re a k\u0151templomba (1782\u201385. nov.). Sokat tett a g\u00f6r. kat vall\u00e1s terjeszt\u00e9s\u00e9\u00e9rt a v\u00e1rosban \u00e9s k\u00f6rny\u00e9k\u00e9n. Visszarendelt\u00e9k Bal\u00e1zsfalv\u00e1ra, ahol a p\u00fcsp\u00f6ki birtokok kezel\u0151je, a nyomda fel\u00fcgyel\u0151je, pl\u00e9b\u00e1nos, esperes, a papi szemin\u00e1riumban tan\u00e1r (1787\u201388), a Bob-i kanonoks\u00e1g idej\u00e9n pr\u00e9post volt hal\u00e1l\u00e1ig (1807\u20131931). \u2013 <strong>F. m.:<\/strong> Discurs: \u00cen\u015ftiin\u0163area c\u0103tre cler a ep. Ion Bob (1807). <br \/><strong>Irod.:<\/strong> Com\u015fa-Seiceanu; Id\u0151t\u00e1r 1; Popa, Traian: Tg. M.; \u015eerban 2006<\/br><\/p>\n","protected":false},"excerpt":{"rendered":"<p>1754., \u2020 1831.: g\u00f6r. kat. pap. \u2013 Elemi \u00e9s k\u00f6z\u00e9piskol\u00e1it Kv.-on v\u00e9gezte, teol\u00f3gi\u00e1t \u00e9s filoz\u00f3fi\u00e1t B\u00e9csben a Szt. Barbara Koll.-ban hallgatott. Visszat\u00e9rt Bal\u00e1zsfalv\u00e1ra, ahol papp\u00e1 szentelt\u00e9k (1779). Verespatakon kezdte szolg\u00e1lat\u00e1t, k\u00e9s\u0151bb Mv.-re nevezt\u00e9k ki pl\u00e9b\u00e1nosnak, majd esperesnek Bob p\u00fcsp\u00f6k hely\u00e9re a k\u0151templomba (1782\u201385. nov.). Sokat tett a g\u00f6r. kat vall\u00e1s terjeszt\u00e9s\u00e9\u00e9rt a v\u00e1rosban \u00e9s k\u00f6rny\u00e9k\u00e9n. [&hellip;]<\/p>\n","protected":false},"featured_media":0,"comment_status":"open","ping_status":"closed","template":"","meta":[],"product_brand":[],"product_cat":[137],"product_tag":[],"class_list":{"0":"post-5557","1":"product","2":"type-product","3":"status-publish","5":"product_cat-maros-megyei-eletrajzi-lexikon","7":"first","8":"instock","9":"shipping-taxable","10":"product-type-simple"},"_links":{"self":[{"href":"https:\/\/uj.adatbank.ro\/lexikon\/wp-json\/wp\/v2\/product\/5557","targetHints":{"allow":["GET"]}}],"collection":[{"href":"https:\/\/uj.adatbank.ro\/lexikon\/wp-json\/wp\/v2\/product"}],"about":[{"href":"https:\/\/uj.adatbank.ro\/lexikon\/wp-json\/wp\/v2\/types\/product"}],"replies":[{"embeddable":true,"href":"https:\/\/uj.adatbank.ro\/lexikon\/wp-json\/wp\/v2\/comments?post=5557"}],"wp:attachment":[{"href":"https:\/\/uj.adatbank.ro\/lexikon\/wp-json\/wp\/v2\/media?parent=5557"}],"wp:term":[{"taxonomy":"product_brand","embeddable":true,"href":"https:\/\/uj.adatbank.ro\/lexikon\/wp-json\/wp\/v2\/product_brand?post=5557"},{"taxonomy":"product_cat","embeddable":true,"href":"https:\/\/uj.adatbank.ro\/lexikon\/wp-json\/wp\/v2\/product_cat?post=5557"},{"taxonomy":"product_tag","embeddable":true,"href":"https:\/\/uj.adatbank.ro\/lexikon\/wp-json\/wp\/v2\/product_tag?post=5557"}],"curies":[{"name":"wp","href":"https:\/\/api.w.org\/{rel}","templated":true}]}}

<p>1754., † 1831.: gör. kat. pap. – Elemi és középiskoláit Kv.-on végezte, teológiát és filozófiát Bécsben a Szt. Barbara Koll.-ban hallgatott. Visszatért Balázsfalvára, ahol pappá szentelték (1779). Verespatakon kezdte szolgálatát, később Mv.-re nevezték ki plébánosnak, majd esperesnek Bob püspök helyére a kőtemplomba (1782–85. nov.). Sokat tett a gör. kat vallás terjesztéséért a városban és környékén. Visszarendelték Balázsfalvára, ahol a püspöki birtokok kezelője, a nyomda felügyelője, plébános, esperes, a papi szemináriumban tanár (1787–88), a Bob-i kanonokság idején prépost volt haláláig (1807–1931). – <strong>F. m.:</strong> Discurs: Înştiinţarea către cler a ep. Ion Bob (1807). <br /><strong>Irod.:</strong> Comşa-Seiceanu; Időtár 1; Popa, Traian: Tg. M.; Şerban 2006</br></p>

<p>1754., † 1831.: gör. kat. pap. – Elemi és középiskoláit Kv.-on végezte, teológiát és filozófiát Bécsben a Szt. Barbara Koll.-ban hallgatott. Visszatért Balázsfalvára, ahol pappá szentelték (1779). Verespatakon kezdte szolgálatát, később Mv.-re nevezték ki plébánosnak, majd esperesnek Bob püspök helyére a kőtemplomba (1782–85. nov.). Sokat tett a gör. kat vallás terjesztéséért a városban és környékén. [&hellip;]</p>
