{"id":5558,"date":"2025-06-28T17:22:39","date_gmt":"2025-06-28T15:22:39","guid":{"rendered":"https:\/\/uj.adatbank.ro\/lexikon\/termek\/caliani\/"},"modified":"2025-06-28T17:22:39","modified_gmt":"2025-06-28T15:22:39","slug":"caliani","status":"publish","type":"product","link":"https:\/\/uj.adatbank.ro\/lexikon\/termek\/caliani\/","title":{"rendered":"CALIANI ?"},"content":{"rendered":"<p>T\u00f3falva, ? \u2020 ? : g\u00f6r. kat. pap. \u2013 Az 1848-as forradalom idej\u00e9n bekapcsol\u00f3dott a politikai harcokba, ez\u00e9rt \u00fcld\u00f6zt\u00e9k. Kozma faluba menek\u00fclt, de n\u00e9gy h\u00e9t ut\u00e1n visszament faluj\u00e1ba, T\u00f3falv\u00e1ra, majd r\u00f6vid szolg\u00e1lat ut\u00e1n Sz\u00e9lk\u00faton telepedett le (1850. j\u00fal. 28. \u2013). <br \/><strong>Irod.:<\/strong> S\u0103lcud<\/br><\/p>\n","protected":false},"excerpt":{"rendered":"<p>T\u00f3falva, ? \u2020 ? : g\u00f6r. kat. pap. \u2013 Az 1848-as forradalom idej\u00e9n bekapcsol\u00f3dott a politikai harcokba, ez\u00e9rt \u00fcld\u00f6zt\u00e9k. Kozma faluba menek\u00fclt, de n\u00e9gy h\u00e9t ut\u00e1n visszament faluj\u00e1ba, T\u00f3falv\u00e1ra, majd r\u00f6vid szolg\u00e1lat ut\u00e1n Sz\u00e9lk\u00faton telepedett le (1850. j\u00fal. 28. \u2013). Irod.: S\u0103lcud<\/p>\n","protected":false},"featured_media":0,"comment_status":"open","ping_status":"closed","template":"","meta":[],"product_brand":[],"product_cat":[137],"product_tag":[],"class_list":{"0":"post-5558","1":"product","2":"type-product","3":"status-publish","5":"product_cat-maros-megyei-eletrajzi-lexikon","7":"first","8":"instock","9":"shipping-taxable","10":"product-type-simple"},"_links":{"self":[{"href":"https:\/\/uj.adatbank.ro\/lexikon\/wp-json\/wp\/v2\/product\/5558","targetHints":{"allow":["GET"]}}],"collection":[{"href":"https:\/\/uj.adatbank.ro\/lexikon\/wp-json\/wp\/v2\/product"}],"about":[{"href":"https:\/\/uj.adatbank.ro\/lexikon\/wp-json\/wp\/v2\/types\/product"}],"replies":[{"embeddable":true,"href":"https:\/\/uj.adatbank.ro\/lexikon\/wp-json\/wp\/v2\/comments?post=5558"}],"wp:attachment":[{"href":"https:\/\/uj.adatbank.ro\/lexikon\/wp-json\/wp\/v2\/media?parent=5558"}],"wp:term":[{"taxonomy":"product_brand","embeddable":true,"href":"https:\/\/uj.adatbank.ro\/lexikon\/wp-json\/wp\/v2\/product_brand?post=5558"},{"taxonomy":"product_cat","embeddable":true,"href":"https:\/\/uj.adatbank.ro\/lexikon\/wp-json\/wp\/v2\/product_cat?post=5558"},{"taxonomy":"product_tag","embeddable":true,"href":"https:\/\/uj.adatbank.ro\/lexikon\/wp-json\/wp\/v2\/product_tag?post=5558"}],"curies":[{"name":"wp","href":"https:\/\/api.w.org\/{rel}","templated":true}]}}

<p>Tófalva, ? † ? : gör. kat. pap. – Az 1848-as forradalom idején bekapcsolódott a politikai harcokba, ezért üldözték. Kozma faluba menekült, de négy hét után visszament falujába, Tófalvára, majd rövid szolgálat után Szélkúton telepedett le (1850. júl. 28. –). <br /><strong>Irod.:</strong> Sălcud</br></p>

<p>Tófalva, ? † ? : gör. kat. pap. – Az 1848-as forradalom idején bekapcsolódott a politikai harcokba, ezért üldözték. Kozma faluba menekült, de négy hét után visszament falujába, Tófalvára, majd rövid szolgálat után Szélkúton telepedett le (1850. júl. 28. –). Irod.: Sălcud</p>
