{"id":5559,"date":"2025-06-28T17:22:40","date_gmt":"2025-06-28T15:22:40","guid":{"rendered":"https:\/\/uj.adatbank.ro\/lexikon\/termek\/caliani-augustin\/"},"modified":"2025-06-28T17:22:40","modified_gmt":"2025-06-28T15:22:40","slug":"caliani-augustin","status":"publish","type":"product","link":"https:\/\/uj.adatbank.ro\/lexikon\/termek\/caliani-augustin\/","title":{"rendered":"CALIANI Augustin"},"content":{"rendered":"<p>Lomp\u00e9rd, 1879. szept. 20., \u2020\u00a0Buc., 1969. szept. 24.: tan\u00e1r, g\u00f6r. kat. pap, tiszteletbeli esperes, konzisztoriumi \u00fcln\u00f6k \u2013 K\u00f6z\u00e9piskolai tanulm\u00e1nyait Mv.-en, Bal\u00e1zsfalv\u00e1n, Nagyszebenben, az egyetemet Kv.-on a Filol\u00f3gia Kar latin-m. -rom\u00e1n szak\u00e1n v\u00e9gezte. Tanulm\u00e1ny\u00faton j\u00e1rt Olaszo.-ban (1902), ahol m\u0171v\u00e9szett\u00f6rt\u00e9netet \u00e9s r\u00e9g\u00e9szetet tanult. Papp\u00e1 szentelt\u00e9k (1911). Tagja az ASTRA bal\u00e1zsfalvi tagozat\u00e1nak (1911). Latin-m. szakos tan\u00e1r a bal\u00e1zsfalvi Sf. Vasile L\u00edc.-ban (1902\u201319), majd u. o. igazgat\u00f3 (1919\u201328), az Oktat\u00e1s\u00fcgyi Miniszteriumban vez\u00e9rigazgat\u00f3 (1928\u2013). R\u00e9szt vett a gyulafeh\u00e9rv\u00e1ri nagygy\u0171l\u00e9sen mint Bal\u00e1zsfalva k\u00fcld\u00f6tte (1918. dec. 1). Jelent\u0151s szerepet j\u00e1tszott a rom\u00e1n k\u00f6zoktat\u00e1s\u00fcgy megszervez\u00e9s\u00e9ben (1920\u2013). Beadv\u00e1nyt int\u00e9zett a K\u00f6zigazgat\u00e1si Tan\u00e1cshoz (Consiliu Dirigent): Ridicarea nivelului cultural \u0219i economic al C\u00e2mpiei Ardelene- c. (1919). Javaslat\u00e1ra hozt\u00e1k l\u00e9tre S\u00e1rm\u00e1son a lic. -ot, ez\u00e1ltal a mez\u0151s\u00e9gi rom\u00e1n gyermekek is v\u00e9gezhettek fels\u0151bb iskol\u00e1t (1922\u2013). Egyh\u00e1zi \u00e9s tan\u00fcgyi tev\u00e9kenys\u00e9ge elismer\u00e9sek\u00e9nt tiszteletbeli esperesi c\u00edmet kapott, \u00e9s konziszt\u00f3riumi \u00fcln\u00f6k lett. K\u00f6zir\u00f3k\u00e9nt is jelent\u0151s. Munkat\u00e1rsa volt a bal\u00e1zsfalvi Unirea, Cultura Cre\u015ftin\u0103, Unirea poporului c. lapoknak. Kit\u00fcntett\u00e9k a Rom\u00e1n Korona Rend I. o. lovagi rangban, a Tan\u00fcgyi Munka Elismer\u00e9se I. o. \u00e9rdem\u00e9remmel (1931). \u2013 <strong>F. m.:<\/strong> Urmele domniei romane \u00een Ardeal (Blaj, 1915.); Educa\u0163ia na\u0163ional\u0103 \u00een \u015fcolile Blajului (Blaj, 1937); Profesori \u015fi elevi din Blaj (Blaj, 1937.); Sentimente \u015fi sbucium\u0103ru na\u0163ionale (S. l., s. a.); Cr\u00e2mpeie din suferin\u0163ele Blajului \u00een r\u0103zboiul mondial (Blaj, , 1937.); \u015ecolile Blajului (S. l., s. a.). Kirche der Minderheitengruppen Rum\u00e4niens ( Buk., 1943., A kisebbs\u00e9gek egyh\u00e1zai Rom\u00e1ni\u00e1ban); L\u2019enseignement primaire et secondaire en Transylvanie avant et apr\u00eas 1918 (Buk., 1944), Elemi \u00e9s k\u00f6z\u00e9piskolai oktat\u00e1s Erd\u00e9lyben 1918 el\u0151tt \u00e9s ut\u00e1n. <br \/><strong>Irod.:<\/strong> Com\u015fa; S\u0103rma\u015fu; Todea 2013<\/br><\/p>\n","protected":false},"excerpt":{"rendered":"<p>Lomp\u00e9rd, 1879. szept. 20., \u2020\u00a0Buc., 1969. szept. 24.: tan\u00e1r, g\u00f6r. kat. pap, tiszteletbeli esperes, konzisztoriumi \u00fcln\u00f6k \u2013 K\u00f6z\u00e9piskolai tanulm\u00e1nyait Mv.-en, Bal\u00e1zsfalv\u00e1n, Nagyszebenben, az egyetemet Kv.-on a Filol\u00f3gia Kar latin-m. -rom\u00e1n szak\u00e1n v\u00e9gezte. Tanulm\u00e1ny\u00faton j\u00e1rt Olaszo.-ban (1902), ahol m\u0171v\u00e9szett\u00f6rt\u00e9netet \u00e9s r\u00e9g\u00e9szetet tanult. Papp\u00e1 szentelt\u00e9k (1911). Tagja az ASTRA bal\u00e1zsfalvi tagozat\u00e1nak (1911). Latin-m. szakos tan\u00e1r a bal\u00e1zsfalvi [&hellip;]<\/p>\n","protected":false},"featured_media":0,"comment_status":"open","ping_status":"closed","template":"","meta":[],"product_brand":[],"product_cat":[137],"product_tag":[],"class_list":{"0":"post-5559","1":"product","2":"type-product","3":"status-publish","5":"product_cat-maros-megyei-eletrajzi-lexikon","7":"first","8":"instock","9":"shipping-taxable","10":"product-type-simple"},"_links":{"self":[{"href":"https:\/\/uj.adatbank.ro\/lexikon\/wp-json\/wp\/v2\/product\/5559","targetHints":{"allow":["GET"]}}],"collection":[{"href":"https:\/\/uj.adatbank.ro\/lexikon\/wp-json\/wp\/v2\/product"}],"about":[{"href":"https:\/\/uj.adatbank.ro\/lexikon\/wp-json\/wp\/v2\/types\/product"}],"replies":[{"embeddable":true,"href":"https:\/\/uj.adatbank.ro\/lexikon\/wp-json\/wp\/v2\/comments?post=5559"}],"wp:attachment":[{"href":"https:\/\/uj.adatbank.ro\/lexikon\/wp-json\/wp\/v2\/media?parent=5559"}],"wp:term":[{"taxonomy":"product_brand","embeddable":true,"href":"https:\/\/uj.adatbank.ro\/lexikon\/wp-json\/wp\/v2\/product_brand?post=5559"},{"taxonomy":"product_cat","embeddable":true,"href":"https:\/\/uj.adatbank.ro\/lexikon\/wp-json\/wp\/v2\/product_cat?post=5559"},{"taxonomy":"product_tag","embeddable":true,"href":"https:\/\/uj.adatbank.ro\/lexikon\/wp-json\/wp\/v2\/product_tag?post=5559"}],"curies":[{"name":"wp","href":"https:\/\/api.w.org\/{rel}","templated":true}]}}

<p>Lompérd, 1879. szept. 20., † Buc., 1969. szept. 24.: tanár, gör. kat. pap, tiszteletbeli esperes, konzisztoriumi ülnök – Középiskolai tanulmányait Mv.-en, Balázsfalván, Nagyszebenben, az egyetemet Kv.-on a Filológia Kar latin-m. -román szakán végezte. Tanulmányúton járt Olaszo.-ban (1902), ahol művészettörténetet és régészetet tanult. Pappá szentelték (1911). Tagja az ASTRA balázsfalvi tagozatának (1911). Latin-m. szakos tanár a balázsfalvi Sf. Vasile Líc.-ban (1902–19), majd u. o. igazgató (1919–28), az Oktatásügyi Miniszteriumban vezérigazgató (1928–). Részt vett a gyulafehérvári nagygyűlésen mint Balázsfalva küldötte (1918. dec. 1). Jelentős szerepet játszott a román közoktatásügy megszervezésében (1920–). Beadványt intézett a Közigazgatási Tanácshoz (Consiliu Dirigent): Ridicarea nivelului cultural și economic al Câmpiei Ardelene- c. (1919). Javaslatára hozták létre Sármáson a lic. -ot, ezáltal a mezőségi román gyermekek is végezhettek felsőbb iskolát (1922–). Egyházi és tanügyi tevékenysége elismeréseként tiszteletbeli esperesi címet kapott, és konzisztóriumi ülnök lett. Köziróként is jelentős. Munkatársa volt a balázsfalvi Unirea, Cultura Creştină, Unirea poporului c. lapoknak. Kitüntették a Román Korona Rend I. o. lovagi rangban, a Tanügyi Munka Elismerése I. o. érdeméremmel (1931). – <strong>F. m.:</strong> Urmele domniei romane în Ardeal (Blaj, 1915.); Educaţia naţională în şcolile Blajului (Blaj, 1937); Profesori şi elevi din Blaj (Blaj, 1937.); Sentimente şi sbuciumăru naţionale (S. l., s. a.); Crâmpeie din suferinţele Blajului în războiul mondial (Blaj, , 1937.); Şcolile Blajului (S. l., s. a.). Kirche der Minderheitengruppen Rumäniens ( Buk., 1943., A kisebbségek egyházai Romániában); L’enseignement primaire et secondaire en Transylvanie avant et aprês 1918 (Buk., 1944), Elemi és középiskolai oktatás Erdélyben 1918 előtt és után. <br /><strong>Irod.:</strong> Comşa; Sărmaşu; Todea 2013</br></p>

<p>Lompérd, 1879. szept. 20., † Buc., 1969. szept. 24.: tanár, gör. kat. pap, tiszteletbeli esperes, konzisztoriumi ülnök – Középiskolai tanulmányait Mv.-en, Balázsfalván, Nagyszebenben, az egyetemet Kv.-on a Filológia Kar latin-m. -román szakán végezte. Tanulmányúton járt Olaszo.-ban (1902), ahol művészettörténetet és régészetet tanult. Pappá szentelték (1911). Tagja az ASTRA balázsfalvi tagozatának (1911). Latin-m. szakos tanár a balázsfalvi [&hellip;]</p>
