{"id":5561,"date":"2025-06-28T17:22:43","date_gmt":"2025-06-28T15:22:43","guid":{"rendered":"https:\/\/uj.adatbank.ro\/lexikon\/termek\/caliani-silvestru\/"},"modified":"2025-06-28T17:22:43","modified_gmt":"2025-06-28T15:22:43","slug":"caliani-silvestru","status":"publish","type":"product","link":"https:\/\/uj.adatbank.ro\/lexikon\/termek\/caliani-silvestru\/","title":{"rendered":"CALIANI Silvestru"},"content":{"rendered":"<p>Mez\u0151szentm\u00e1rton, ? \u2020\u00a0? : g\u00f6r. kat. szerzetes, kolostori pr\u00e9post. \u2013 A Collegium De Propaganda Fide Int\u00e9zet (A Hitterjeszt\u00e9s Szent Kongreg\u00e1ci\u00f3ja) hallgat\u00f3ja R\u00f3m\u00e1ban (1743\u201347). A munk\u00e1csi kolostorban l\u00e9pett be a szerzetes rendbe, majd Bal\u00e1zsfalv\u00e1n szerzetes a Szenth\u00e1roms\u00e1g kolostorban (1747); \u0151t is jel\u0151lt\u00e9k p\u00fcsp\u00f6knek, de P. P. Aront v\u00e1lasztott\u00e1k meg (1751). Aron p\u00fcsp\u00f6k tan\u00e1csosa (1753\u201364), az iskol\u00e1k prefektusa, a kolostor szerzetese, pr\u00e9post. T\u00f6bbedmag\u00e1val rom\u00e1n k\u00f6nyvt\u00e1rat l\u00e9tes\u00edtett Bal\u00e1zsfalv\u00e1n (1738), amely k\u00f6nyvt\u00e1r k\u00e9s\u0151bb az \u00fajonnan l\u00e9tes\u00edtett g\u00f6r. kat. iskola \u00e1llom\u00e1ny\u00e1nak alapj\u00e1t k\u00e9pezte (1754), Egyike volt a kollegium els\u0151 tan\u00e1rainak, dogmatik\u00e1t tan\u00edtott. <br \/><strong>Irod.:<\/strong> Com\u015fa; Internet; Todea 2013<\/br><\/p>\n","protected":false},"excerpt":{"rendered":"<p>Mez\u0151szentm\u00e1rton, ? \u2020\u00a0? : g\u00f6r. kat. szerzetes, kolostori pr\u00e9post. \u2013 A Collegium De Propaganda Fide Int\u00e9zet (A Hitterjeszt\u00e9s Szent Kongreg\u00e1ci\u00f3ja) hallgat\u00f3ja R\u00f3m\u00e1ban (1743\u201347). A munk\u00e1csi kolostorban l\u00e9pett be a szerzetes rendbe, majd Bal\u00e1zsfalv\u00e1n szerzetes a Szenth\u00e1roms\u00e1g kolostorban (1747); \u0151t is jel\u0151lt\u00e9k p\u00fcsp\u00f6knek, de P. P. Aront v\u00e1lasztott\u00e1k meg (1751). Aron p\u00fcsp\u00f6k tan\u00e1csosa (1753\u201364), az iskol\u00e1k [&hellip;]<\/p>\n","protected":false},"featured_media":0,"comment_status":"open","ping_status":"closed","template":"","meta":[],"product_brand":[],"product_cat":[137],"product_tag":[],"class_list":{"0":"post-5561","1":"product","2":"type-product","3":"status-publish","5":"product_cat-maros-megyei-eletrajzi-lexikon","7":"first","8":"instock","9":"shipping-taxable","10":"product-type-simple"},"_links":{"self":[{"href":"https:\/\/uj.adatbank.ro\/lexikon\/wp-json\/wp\/v2\/product\/5561","targetHints":{"allow":["GET"]}}],"collection":[{"href":"https:\/\/uj.adatbank.ro\/lexikon\/wp-json\/wp\/v2\/product"}],"about":[{"href":"https:\/\/uj.adatbank.ro\/lexikon\/wp-json\/wp\/v2\/types\/product"}],"replies":[{"embeddable":true,"href":"https:\/\/uj.adatbank.ro\/lexikon\/wp-json\/wp\/v2\/comments?post=5561"}],"wp:attachment":[{"href":"https:\/\/uj.adatbank.ro\/lexikon\/wp-json\/wp\/v2\/media?parent=5561"}],"wp:term":[{"taxonomy":"product_brand","embeddable":true,"href":"https:\/\/uj.adatbank.ro\/lexikon\/wp-json\/wp\/v2\/product_brand?post=5561"},{"taxonomy":"product_cat","embeddable":true,"href":"https:\/\/uj.adatbank.ro\/lexikon\/wp-json\/wp\/v2\/product_cat?post=5561"},{"taxonomy":"product_tag","embeddable":true,"href":"https:\/\/uj.adatbank.ro\/lexikon\/wp-json\/wp\/v2\/product_tag?post=5561"}],"curies":[{"name":"wp","href":"https:\/\/api.w.org\/{rel}","templated":true}]}}

<p>Mezőszentmárton, ? † ? : gör. kat. szerzetes, kolostori prépost. – A Collegium De Propaganda Fide Intézet (A Hitterjesztés Szent Kongregációja) hallgatója Rómában (1743–47). A munkácsi kolostorban lépett be a szerzetes rendbe, majd Balázsfalván szerzetes a Szentháromság kolostorban (1747); őt is jelőlték püspöknek, de P. P. Aront választották meg (1751). Aron püspök tanácsosa (1753–64), az iskolák prefektusa, a kolostor szerzetese, prépost. Többedmagával román könyvtárat létesített Balázsfalván (1738), amely könyvtár később az újonnan létesített gör. kat. iskola állományának alapját képezte (1754), Egyike volt a kollegium első tanárainak, dogmatikát tanított. <br /><strong>Irod.:</strong> Comşa; Internet; Todea 2013</br></p>

<p>Mezőszentmárton, ? † ? : gör. kat. szerzetes, kolostori prépost. – A Collegium De Propaganda Fide Intézet (A Hitterjesztés Szent Kongregációja) hallgatója Rómában (1743–47). A munkácsi kolostorban lépett be a szerzetes rendbe, majd Balázsfalván szerzetes a Szentháromság kolostorban (1747); őt is jelőlték püspöknek, de P. P. Aront választották meg (1751). Aron püspök tanácsosa (1753–64), az iskolák [&hellip;]</p>
