{"id":5569,"date":"2025-06-28T17:22:56","date_gmt":"2025-06-28T15:22:56","guid":{"rendered":"https:\/\/uj.adatbank.ro\/lexikon\/termek\/calutiu-marcian\/"},"modified":"2025-07-14T09:23:02","modified_gmt":"2025-07-14T07:23:02","slug":"calutiu-marcian","status":"publish","type":"product","link":"https:\/\/uj.adatbank.ro\/lexikon\/termek\/calutiu-marcian\/","title":{"rendered":"C\u0102LU\u0162IU Marcian"},"content":{"rendered":"<p>Mv., 1883. febr. 26., \u2020 Kv., 1940. j\u00fal. 8.: jog\u00e1sz,. \u2013 G\u00f6r. kat. l\u00edc. -ot Bal\u00e1zsfalv\u00e1n v\u00e9gzett, majd \u015eulu\u0163iu \u00e9s Ramoncai g\u00f6r. kat. alap\u00edtv\u00e1nyi \u00f6szt\u00f6nd\u00edjjal tanult a bp.-i M. K Egyetem Jogi \u00e9s Politikatudom\u00e1nyok Kar\u00e1n (1901\u20136), k\u00f6zben a kv.-i FJTE el\u0151ad\u00e1sait hallgatta (1902\u201303); jogi doktor\u00e1tust szerzett (1910). Az ASTRA tagja (1901). A M. Parlament k\u00e9pvisel\u0151je. \u00dcgyv\u00e9djel\u00f6lt Dics\u0151szentm\u00e1rtonban (1906\u201312), majd uo. \u00fcgyv\u00e9di irod\u00e1t nyitott. \u0150 szervezte a bonyhai n\u00e9pgy\u0171l\u00e9st melynek t\u00e1rgya: \u00e1ltal\u00e1nos v\u00e1laszt\u00f3jog, sajt\u00f3szabads\u00e1g, a felekezeti iskol\u00e1k \u00e9s oktat\u00f3ik helyzete (1907. m\u00e1rc. 24). R\u00e9szt vett a gyulafeh\u00e9rv\u00e1ri nagygy\u0171l\u00e9sen, mint a K\u00fck\u00fcll\u0151 megyei rom\u00e1n nemzeti g\u00e1rda k\u00e9pvisel\u0151je (1918. dec. 1). El\u0151bb a RNP tagja, els\u0151 biztosa majd a N\u00e9pp\u00e1rt tagja, kev\u00e9s ideig a p\u00e1rt megyei bizotts\u00e1g\u00e1nak eln\u00f6ke. A N\u00e9pp\u00e1rt list\u00e1j\u00e1n szerepelt a parlamenti v\u00e1laszt\u00e1sok t\u00f6bbs\u00e9g\u00e9n, k\u00e9pvisel\u0151 (1920). Kisk\u00fck\u00fcll\u0151 vm.-ben jelent\u0151s k\u00f6zigazgat\u00e1si funkci\u00f3kat t\u00f6lt\u00f6tt be: az els\u0151 rom\u00e1n nemzetis\u00e9g\u0171 f\u0151isp\u00e1n (1918. dec. 13. ideiglenes 1919\u201320, v\u00e9gleges 1926), Kolozs megye prefektusa (1926\u201327), az Agr\u00e1rbank SA vezet\u0151s\u00e9gi tagja (1928). A Bel\u00fcgyminiszt\u00e9rium kik\u00fcld\u0151ttje a kv.-i It\u00e9l\u0151t\u00e1bla mellett m\u0171k\u00f6d\u0151, a rom\u00e1n nemzetis\u00e9get meg\u00e1llap\u00edt\u00f3 bizotts\u00e1gnak. Alap\u00edt\u00f3tagja a K\u00fck\u00fcll\u0151 Mente Ipari \u00e9s Kereskedelmi Banknak, a Tordai Kereskedelmi Banknak (1926) Dics\u0151szentm\u00e1rton sz\u00e9khellyel, a Furnica SC eln\u00f6ke (1929), az \u00c1ltal\u00e1nos Hitelbank vezet\u0151s\u00e9gi tagja, az udvarhelyi fi\u00f3k igazgat\u00f3s\u00e1g\u00e1ban is r\u00e9szt vett. Tagja a g\u00f6r. kat egyh\u00e1zk\u00f6zs\u00e9g kurat\u00f3rium\u00e1nak. A \u015etefan cel Mare szobor fel\u00e1ll\u00edt\u00e1s\u00e1ra l\u00e9tes\u00edtett bizotts\u00e1g tagja. 5000 lejjel j\u00e1rult hozz\u00e1 K\u00fck\u00fcll\u0151 megyei iskol\u00e1k \u00e9p\u00edt\u00e9s\u00e9hez. Kv.-on \u00fcgyv\u00e9d (1933). Az I Ferdin\u00e1nd Rend kit\u00fcntetettje tiszti rangban (1931). Cikke Zola-r\u00f3l a Kisk\u00fck\u00fcll\u0151 c. lapban jelent meg.<br \/>\n<strong>Irod.:<\/strong> Bosoanc\u0103; Dics\u0151szentm\u00e1rton r\u00e9gi arca; Fola; Guly\u00e1s; Sigmirean; T\u00e2rn\u0103veni \u2013 725; Todea 2013<\/p>\n","protected":false},"excerpt":{"rendered":"<p>Mv., 1883. febr. 26., \u2020 Kv., 1940. j\u00fal. 8.: jog\u00e1sz,. \u2013 G\u00f6r. kat. l\u00edc. -ot Bal\u00e1zsfalv\u00e1n v\u00e9gzett, majd \u015eulu\u0163iu \u00e9s Ramoncai g\u00f6r. kat. alap\u00edtv\u00e1nyi \u00f6szt\u00f6nd\u00edjjal tanult a bp.-i M. K Egyetem Jogi \u00e9s Politikatudom\u00e1nyok Kar\u00e1n (1901\u20136), k\u00f6zben a kv.-i FJTE el\u0151ad\u00e1sait hallgatta (1902\u201303); jogi doktor\u00e1tust szerzett (1910). Az ASTRA tagja (1901). A M. Parlament k\u00e9pvisel\u0151je. [&hellip;]<\/p>\n","protected":false},"featured_media":0,"comment_status":"open","ping_status":"closed","template":"","meta":[],"product_brand":[],"product_cat":[137],"product_tag":[],"class_list":{"0":"post-5569","1":"product","2":"type-product","3":"status-publish","5":"product_cat-maros-megyei-eletrajzi-lexikon","7":"first","8":"instock","9":"shipping-taxable","10":"product-type-simple"},"_links":{"self":[{"href":"https:\/\/uj.adatbank.ro\/lexikon\/wp-json\/wp\/v2\/product\/5569","targetHints":{"allow":["GET"]}}],"collection":[{"href":"https:\/\/uj.adatbank.ro\/lexikon\/wp-json\/wp\/v2\/product"}],"about":[{"href":"https:\/\/uj.adatbank.ro\/lexikon\/wp-json\/wp\/v2\/types\/product"}],"replies":[{"embeddable":true,"href":"https:\/\/uj.adatbank.ro\/lexikon\/wp-json\/wp\/v2\/comments?post=5569"}],"wp:attachment":[{"href":"https:\/\/uj.adatbank.ro\/lexikon\/wp-json\/wp\/v2\/media?parent=5569"}],"wp:term":[{"taxonomy":"product_brand","embeddable":true,"href":"https:\/\/uj.adatbank.ro\/lexikon\/wp-json\/wp\/v2\/product_brand?post=5569"},{"taxonomy":"product_cat","embeddable":true,"href":"https:\/\/uj.adatbank.ro\/lexikon\/wp-json\/wp\/v2\/product_cat?post=5569"},{"taxonomy":"product_tag","embeddable":true,"href":"https:\/\/uj.adatbank.ro\/lexikon\/wp-json\/wp\/v2\/product_tag?post=5569"}],"curies":[{"name":"wp","href":"https:\/\/api.w.org\/{rel}","templated":true}]}}

CĂLUŢIU Marcian

<p>Mv., 1883. febr. 26., † Kv., 1940. júl. 8.: jogász,. – Gör. kat. líc. -ot Balázsfalván végzett, majd Şuluţiu és Ramoncai gör. kat. alapítványi ösztöndíjjal tanult a bp.-i M. K Egyetem Jogi és Politikatudományok Karán (1901–6), közben a kv.-i FJTE előadásait hallgatta (1902–03); jogi doktorátust szerzett (1910). Az ASTRA tagja (1901). A M. Parlament képviselője. Ügyvédjelölt Dicsőszentmártonban (1906–12), majd uo. ügyvédi irodát nyitott. Ő szervezte a bonyhai népgyűlést melynek tárgya: általános választójog, sajtószabadság, a felekezeti iskolák és oktatóik helyzete (1907. márc. 24). Részt vett a gyulafehérvári nagygyűlésen, mint a Küküllő megyei román nemzeti gárda képviselője (1918. dec. 1). Előbb a RNP tagja, első biztosa majd a Néppárt tagja, kevés ideig a párt megyei bizottságának elnöke. A Néppárt listáján szerepelt a parlamenti választások többségén, képviselő (1920). Kisküküllő vm.-ben jelentős közigazgatási funkciókat töltött be: az első román nemzetiségű főispán (1918. dec. 13. ideiglenes 1919–20, végleges 1926), Kolozs megye prefektusa (1926–27), az Agrárbank SA vezetőségi tagja (1928). A Belügyminisztérium kiküldőttje a kv.-i Itélőtábla mellett működő, a román nemzetiséget megállapító bizottságnak. Alapítótagja a Küküllő Mente Ipari és Kereskedelmi Banknak, a Tordai Kereskedelmi Banknak (1926) Dicsőszentmárton székhellyel, a Furnica SC elnöke (1929), az Általános Hitelbank vezetőségi tagja, az udvarhelyi fiók igazgatóságában is részt vett. Tagja a gör. kat egyházközség kuratóriumának. A Ştefan cel Mare szobor felállítására létesített bizottság tagja. 5000 lejjel járult hozzá Küküllő megyei iskolák építéséhez. Kv.-on ügyvéd (1933). Az I Ferdinánd Rend kitüntetettje tiszti rangban (1931). Cikke Zola-ról a Kisküküllő c. lapban jelent meg.<br />
<strong>Irod.:</strong> Bosoancă; Dicsőszentmárton régi arca; Fola; Gulyás; Sigmirean; Târnăveni – 725; Todea 2013</p>

<p>Mv., 1883. febr. 26., † Kv., 1940. júl. 8.: jogász,. – Gör. kat. líc. -ot Balázsfalván végzett, majd Şuluţiu és Ramoncai gör. kat. alapítványi ösztöndíjjal tanult a bp.-i M. K Egyetem Jogi és Politikatudományok Karán (1901–6), közben a kv.-i FJTE előadásait hallgatta (1902–03); jogi doktorátust szerzett (1910). Az ASTRA tagja (1901). A M. Parlament képviselője. [&hellip;]</p>
