{"id":5572,"date":"2025-06-28T17:23:03","date_gmt":"2025-06-28T15:23:03","guid":{"rendered":"https:\/\/uj.adatbank.ro\/lexikon\/termek\/campean-ioan\/"},"modified":"2025-06-28T17:23:03","modified_gmt":"2025-06-28T15:23:03","slug":"campean-ioan","status":"publish","type":"product","link":"https:\/\/uj.adatbank.ro\/lexikon\/termek\/campean-ioan\/","title":{"rendered":"C\u00c2MPEAN Ioan"},"content":{"rendered":"<p>Szancsal, 1929., \u2020\u00a0Mv., 1980. szept. 15.: orvos. \u2013 A kv.-i OGYI K\u00f6zeg\u00e9szs\u00e9gtani fakult\u00e1s\u00e1n szerzett orvosi diplom\u00e1t (1955). Orvosi tev\u00e9kenys\u00e9g\u00e9t a MOGYI K\u00f6zeg\u00e9szs\u00e9gtani tansz\u00e9k\u00e9n kezdte tan\u00e1rseg\u00e9dk\u00e9nt. A mv.-i K\u00f6zeg\u00e9szs\u00e9g- \u00e9s J\u00e1rv\u00e1nytani k\u00f6zpontban dolgozott, mint fel\u00fcgyel\u0151 oszt\u00e1lyf\u0151n\u00f6k (1968\u2013), Maros megye j\u00e1rv\u00e1ny\u00fcgyi f\u0151orvosa (1973\u2013). A megye j\u00e1rv\u00e1ny-megel\u0151z\u00e9si tev\u00e9kenys\u00e9g\u00e9t ir\u00e1ny\u00edtotta. \u00c9rdemei\u00e9rt az RSZK \u00e9rdem\u00e9rmeivel \u00e9s \u00e9rdemrendjeivel t\u00fcntett\u00e9k ki. <br \/><strong>Irod.:<\/strong> Dr. I. C. [Nekrol\u00f3g], (V. Z., 1980. szept. 17.)<\/br><\/p>\n","protected":false},"excerpt":{"rendered":"<p>Szancsal, 1929., \u2020\u00a0Mv., 1980. szept. 15.: orvos. \u2013 A kv.-i OGYI K\u00f6zeg\u00e9szs\u00e9gtani fakult\u00e1s\u00e1n szerzett orvosi diplom\u00e1t (1955). Orvosi tev\u00e9kenys\u00e9g\u00e9t a MOGYI K\u00f6zeg\u00e9szs\u00e9gtani tansz\u00e9k\u00e9n kezdte tan\u00e1rseg\u00e9dk\u00e9nt. A mv.-i K\u00f6zeg\u00e9szs\u00e9g- \u00e9s J\u00e1rv\u00e1nytani k\u00f6zpontban dolgozott, mint fel\u00fcgyel\u0151 oszt\u00e1lyf\u0151n\u00f6k (1968\u2013), Maros megye j\u00e1rv\u00e1ny\u00fcgyi f\u0151orvosa (1973\u2013). A megye j\u00e1rv\u00e1ny-megel\u0151z\u00e9si tev\u00e9kenys\u00e9g\u00e9t ir\u00e1ny\u00edtotta. \u00c9rdemei\u00e9rt az RSZK \u00e9rdem\u00e9rmeivel \u00e9s \u00e9rdemrendjeivel t\u00fcntett\u00e9k ki. Irod.: [&hellip;]<\/p>\n","protected":false},"featured_media":0,"comment_status":"open","ping_status":"closed","template":"","meta":[],"product_brand":[],"product_cat":[137],"product_tag":[],"class_list":{"0":"post-5572","1":"product","2":"type-product","3":"status-publish","5":"product_cat-maros-megyei-eletrajzi-lexikon","7":"first","8":"instock","9":"shipping-taxable","10":"product-type-simple"},"_links":{"self":[{"href":"https:\/\/uj.adatbank.ro\/lexikon\/wp-json\/wp\/v2\/product\/5572","targetHints":{"allow":["GET"]}}],"collection":[{"href":"https:\/\/uj.adatbank.ro\/lexikon\/wp-json\/wp\/v2\/product"}],"about":[{"href":"https:\/\/uj.adatbank.ro\/lexikon\/wp-json\/wp\/v2\/types\/product"}],"replies":[{"embeddable":true,"href":"https:\/\/uj.adatbank.ro\/lexikon\/wp-json\/wp\/v2\/comments?post=5572"}],"wp:attachment":[{"href":"https:\/\/uj.adatbank.ro\/lexikon\/wp-json\/wp\/v2\/media?parent=5572"}],"wp:term":[{"taxonomy":"product_brand","embeddable":true,"href":"https:\/\/uj.adatbank.ro\/lexikon\/wp-json\/wp\/v2\/product_brand?post=5572"},{"taxonomy":"product_cat","embeddable":true,"href":"https:\/\/uj.adatbank.ro\/lexikon\/wp-json\/wp\/v2\/product_cat?post=5572"},{"taxonomy":"product_tag","embeddable":true,"href":"https:\/\/uj.adatbank.ro\/lexikon\/wp-json\/wp\/v2\/product_tag?post=5572"}],"curies":[{"name":"wp","href":"https:\/\/api.w.org\/{rel}","templated":true}]}}

CÂMPEAN Ioan

<p>Szancsal, 1929., † Mv., 1980. szept. 15.: orvos. – A kv.-i OGYI Közegészségtani fakultásán szerzett orvosi diplomát (1955). Orvosi tevékenységét a MOGYI Közegészségtani tanszékén kezdte tanársegédként. A mv.-i Közegészség- és Járványtani központban dolgozott, mint felügyelő osztályfőnök (1968–), Maros megye járványügyi főorvosa (1973–). A megye járvány-megelőzési tevékenységét irányította. Érdemeiért az RSZK érdemérmeivel és érdemrendjeivel tüntették ki. <br /><strong>Irod.:</strong> Dr. I. C. [Nekrológ], (V. Z., 1980. szept. 17.)</br></p>

<p>Szancsal, 1929., † Mv., 1980. szept. 15.: orvos. – A kv.-i OGYI Közegészségtani fakultásán szerzett orvosi diplomát (1955). Orvosi tevékenységét a MOGYI Közegészségtani tanszékén kezdte tanársegédként. A mv.-i Közegészség- és Járványtani központban dolgozott, mint felügyelő osztályfőnök (1968–), Maros megye járványügyi főorvosa (1973–). A megye járvány-megelőzési tevékenységét irányította. Érdemeiért az RSZK érdemérmeivel és érdemrendjeivel tüntették ki. Irod.: [&hellip;]</p>
