{"id":5575,"date":"2025-06-28T17:23:10","date_gmt":"2025-06-28T15:23:10","guid":{"rendered":"https:\/\/uj.adatbank.ro\/lexikon\/termek\/campean-victor-%c2%a7\/"},"modified":"2025-06-28T17:23:10","modified_gmt":"2025-06-28T15:23:10","slug":"campean-victor-%c2%a7","status":"publish","type":"product","link":"https:\/\/uj.adatbank.ro\/lexikon\/termek\/campean-victor-%c2%a7\/","title":{"rendered":"C\u00c2MPEAN Victor, \u00a7"},"content":{"rendered":"<p>? \u2020\u00a0? : ort. pap. \u2013 Marosfelfaluban szolg\u00e1lt (1920\u201339). Az Astra \u00e9gisze alatt m\u0171k\u00f6d\u0151 falusi m\u0171vel\u0151d\u00e9si k\u00f6r eln\u00f6ke. R\u00e9genben a v\u00e1rosi M\u0171vel\u0151d\u00e9si H\u00e1z felavat\u00e1sakor kultur\u00e1lis tev\u00e9kenys\u00e9g\u00e9\u00e9rt kit\u00fcntett\u00e9k. Szolg\u00e1lata idej\u00e9ben \u00e9p\u00fclt a felfalusi kult\u00farotthon. <br \/><strong>Irod.:<\/strong> Lueriu; Netea: Astra<\/br><\/p>\n","protected":false},"excerpt":{"rendered":"<p>? \u2020\u00a0? : ort. pap. \u2013 Marosfelfaluban szolg\u00e1lt (1920\u201339). Az Astra \u00e9gisze alatt m\u0171k\u00f6d\u0151 falusi m\u0171vel\u0151d\u00e9si k\u00f6r eln\u00f6ke. R\u00e9genben a v\u00e1rosi M\u0171vel\u0151d\u00e9si H\u00e1z felavat\u00e1sakor kultur\u00e1lis tev\u00e9kenys\u00e9g\u00e9\u00e9rt kit\u00fcntett\u00e9k. Szolg\u00e1lata idej\u00e9ben \u00e9p\u00fclt a felfalusi kult\u00farotthon. Irod.: Lueriu; Netea: Astra<\/p>\n","protected":false},"featured_media":0,"comment_status":"open","ping_status":"closed","template":"","meta":[],"product_brand":[],"product_cat":[137],"product_tag":[],"class_list":{"0":"post-5575","1":"product","2":"type-product","3":"status-publish","5":"product_cat-maros-megyei-eletrajzi-lexikon","7":"first","8":"instock","9":"shipping-taxable","10":"product-type-simple"},"_links":{"self":[{"href":"https:\/\/uj.adatbank.ro\/lexikon\/wp-json\/wp\/v2\/product\/5575","targetHints":{"allow":["GET"]}}],"collection":[{"href":"https:\/\/uj.adatbank.ro\/lexikon\/wp-json\/wp\/v2\/product"}],"about":[{"href":"https:\/\/uj.adatbank.ro\/lexikon\/wp-json\/wp\/v2\/types\/product"}],"replies":[{"embeddable":true,"href":"https:\/\/uj.adatbank.ro\/lexikon\/wp-json\/wp\/v2\/comments?post=5575"}],"wp:attachment":[{"href":"https:\/\/uj.adatbank.ro\/lexikon\/wp-json\/wp\/v2\/media?parent=5575"}],"wp:term":[{"taxonomy":"product_brand","embeddable":true,"href":"https:\/\/uj.adatbank.ro\/lexikon\/wp-json\/wp\/v2\/product_brand?post=5575"},{"taxonomy":"product_cat","embeddable":true,"href":"https:\/\/uj.adatbank.ro\/lexikon\/wp-json\/wp\/v2\/product_cat?post=5575"},{"taxonomy":"product_tag","embeddable":true,"href":"https:\/\/uj.adatbank.ro\/lexikon\/wp-json\/wp\/v2\/product_tag?post=5575"}],"curies":[{"name":"wp","href":"https:\/\/api.w.org\/{rel}","templated":true}]}}