{"id":5577,"date":"2025-06-28T17:23:15","date_gmt":"2025-06-28T15:23:15","guid":{"rendered":"https:\/\/uj.adatbank.ro\/lexikon\/termek\/campeanu-george\/"},"modified":"2025-06-28T17:23:15","modified_gmt":"2025-06-28T15:23:15","slug":"campeanu-george","status":"publish","type":"product","link":"https:\/\/uj.adatbank.ro\/lexikon\/termek\/campeanu-george\/","title":{"rendered":"C\u00c2MPEANU George"},"content":{"rendered":"<p>1908 \u2020 ? : ort. pap. \u2013 Bozi\u00e1s papja (1948\u201390), de t\u00f6bb \u00e9ven kereszt\u00fcl ell\u00e1tta a dics\u0151szentm\u00e1rtoni kissz\u00e1m\u00fa ort. h\u00edveket is. Szolg\u00e1lt Gyergy\u00f3b\u00e9k\u00e1sban (1939\u201340), ahol k\u0151templomot \u00e9p\u00edttetett, majd a b\u00e9csi dikt\u00e1tum idej\u00e9n Velc-re menek\u00fclt, ahol szint\u00e9n templom\u00e9p\u00edt\u00e9sbe akart kezdeni, a kom. hat\u00f3s\u00e1gok azonban azt nem enged\u00e9lyezt\u00e9k. Az \u00f6sszegy\u0171jt\u00f6tt anyagb\u00f3l ist\u00e1ll\u00f3kat \u00e9p\u00edtettek. Bozi\u00e1sban szint\u00e9n templomot \u00e9p\u00edttetett Sf. Arhangheli Mihail \u015fi Gavriilnak aj\u00e1lva azt. <br \/><strong>Irod.:<\/strong> T\u00e2rn\u0103veni, cult. &#8211; ist.<\/br><\/p>\n","protected":false},"excerpt":{"rendered":"<p>1908 \u2020 ? : ort. pap. \u2013 Bozi\u00e1s papja (1948\u201390), de t\u00f6bb \u00e9ven kereszt\u00fcl ell\u00e1tta a dics\u0151szentm\u00e1rtoni kissz\u00e1m\u00fa ort. h\u00edveket is. Szolg\u00e1lt Gyergy\u00f3b\u00e9k\u00e1sban (1939\u201340), ahol k\u0151templomot \u00e9p\u00edttetett, majd a b\u00e9csi dikt\u00e1tum idej\u00e9n Velc-re menek\u00fclt, ahol szint\u00e9n templom\u00e9p\u00edt\u00e9sbe akart kezdeni, a kom. hat\u00f3s\u00e1gok azonban azt nem enged\u00e9lyezt\u00e9k. Az \u00f6sszegy\u0171jt\u00f6tt anyagb\u00f3l ist\u00e1ll\u00f3kat \u00e9p\u00edtettek. Bozi\u00e1sban szint\u00e9n templomot \u00e9p\u00edttetett [&hellip;]<\/p>\n","protected":false},"featured_media":0,"comment_status":"open","ping_status":"closed","template":"","meta":[],"product_brand":[],"product_cat":[137],"product_tag":[],"class_list":{"0":"post-5577","1":"product","2":"type-product","3":"status-publish","5":"product_cat-maros-megyei-eletrajzi-lexikon","7":"first","8":"instock","9":"shipping-taxable","10":"product-type-simple"},"_links":{"self":[{"href":"https:\/\/uj.adatbank.ro\/lexikon\/wp-json\/wp\/v2\/product\/5577","targetHints":{"allow":["GET"]}}],"collection":[{"href":"https:\/\/uj.adatbank.ro\/lexikon\/wp-json\/wp\/v2\/product"}],"about":[{"href":"https:\/\/uj.adatbank.ro\/lexikon\/wp-json\/wp\/v2\/types\/product"}],"replies":[{"embeddable":true,"href":"https:\/\/uj.adatbank.ro\/lexikon\/wp-json\/wp\/v2\/comments?post=5577"}],"wp:attachment":[{"href":"https:\/\/uj.adatbank.ro\/lexikon\/wp-json\/wp\/v2\/media?parent=5577"}],"wp:term":[{"taxonomy":"product_brand","embeddable":true,"href":"https:\/\/uj.adatbank.ro\/lexikon\/wp-json\/wp\/v2\/product_brand?post=5577"},{"taxonomy":"product_cat","embeddable":true,"href":"https:\/\/uj.adatbank.ro\/lexikon\/wp-json\/wp\/v2\/product_cat?post=5577"},{"taxonomy":"product_tag","embeddable":true,"href":"https:\/\/uj.adatbank.ro\/lexikon\/wp-json\/wp\/v2\/product_tag?post=5577"}],"curies":[{"name":"wp","href":"https:\/\/api.w.org\/{rel}","templated":true}]}}

CÂMPEANU George

<p>1908 † ? : ort. pap. – Boziás papja (1948–90), de több éven keresztül ellátta a dicsőszentmártoni kisszámú ort. híveket is. Szolgált Gyergyóbékásban (1939–40), ahol kőtemplomot építtetett, majd a bécsi diktátum idején Velc-re menekült, ahol szintén templomépítésbe akart kezdeni, a kom. hatóságok azonban azt nem engedélyezték. Az összegyűjtött anyagból istállókat építettek. Boziásban szintén templomot építtetett Sf. Arhangheli Mihail şi Gavriilnak ajálva azt. <br /><strong>Irod.:</strong> Târnăveni, cult. &#8211; ist.</br></p>

<p>1908 † ? : ort. pap. – Boziás papja (1948–90), de több éven keresztül ellátta a dicsőszentmártoni kisszámú ort. híveket is. Szolgált Gyergyóbékásban (1939–40), ahol kőtemplomot építtetett, majd a bécsi diktátum idején Velc-re menekült, ahol szintén templomépítésbe akart kezdeni, a kom. hatóságok azonban azt nem engedélyezték. Az összegyűjtött anyagból istállókat építettek. Boziásban szintén templomot építtetett [&hellip;]</p>
