{"id":5580,"date":"2025-06-28T17:23:22","date_gmt":"2025-06-28T15:23:22","guid":{"rendered":"https:\/\/uj.adatbank.ro\/lexikon\/termek\/campeanu-victor\/"},"modified":"2025-06-28T17:23:22","modified_gmt":"2025-06-28T15:23:22","slug":"campeanu-victor","status":"publish","type":"product","link":"https:\/\/uj.adatbank.ro\/lexikon\/termek\/campeanu-victor\/","title":{"rendered":"C\u00c2MPEANU Victor"},"content":{"rendered":"<p>? \u2020\u00a0? : g\u00f6r. kat. pap. \u2013 Dedr\u00e1dsz\u00e9plakon szolg\u00e1lata idej\u00e9ben (1948\u201355) \u00e9p\u00fclt a Szt. G\u00f6rgy-nek aj\u00e1lott g\u00f6r. kat. templom, amelyet a r\u00e9gi fatemplom (\u00e9p\u00fclt 1700) hely\u00e9re \u00e1ll\u00edtottak. A r\u00e9gi templomb\u00f3l megmentettek ikonokat, az ikonoszt\u00e1sz egy r\u00e9sz\u00e9t, ajt\u00f3kat \u00e9s a tornyon \u00e1ll\u00f3 keresztet, amelyeket ma is \u0151riznek. A g\u00f6r. kat. h\u00edveket mind \u00e1tt\u00e9r\u00edtett\u00e9k az ort. vall\u00e1sra (1948). <br \/><strong>Irod.:<\/strong> Reghin, Protopopiat<\/br><\/p>\n","protected":false},"excerpt":{"rendered":"<p>? \u2020\u00a0? : g\u00f6r. kat. pap. \u2013 Dedr\u00e1dsz\u00e9plakon szolg\u00e1lata idej\u00e9ben (1948\u201355) \u00e9p\u00fclt a Szt. G\u00f6rgy-nek aj\u00e1lott g\u00f6r. kat. templom, amelyet a r\u00e9gi fatemplom (\u00e9p\u00fclt 1700) hely\u00e9re \u00e1ll\u00edtottak. A r\u00e9gi templomb\u00f3l megmentettek ikonokat, az ikonoszt\u00e1sz egy r\u00e9sz\u00e9t, ajt\u00f3kat \u00e9s a tornyon \u00e1ll\u00f3 keresztet, amelyeket ma is \u0151riznek. A g\u00f6r. kat. h\u00edveket mind \u00e1tt\u00e9r\u00edtett\u00e9k az ort. vall\u00e1sra [&hellip;]<\/p>\n","protected":false},"featured_media":0,"comment_status":"open","ping_status":"closed","template":"","meta":[],"product_brand":[],"product_cat":[137],"product_tag":[],"class_list":{"0":"post-5580","1":"product","2":"type-product","3":"status-publish","5":"product_cat-maros-megyei-eletrajzi-lexikon","7":"first","8":"instock","9":"shipping-taxable","10":"product-type-simple"},"_links":{"self":[{"href":"https:\/\/uj.adatbank.ro\/lexikon\/wp-json\/wp\/v2\/product\/5580","targetHints":{"allow":["GET"]}}],"collection":[{"href":"https:\/\/uj.adatbank.ro\/lexikon\/wp-json\/wp\/v2\/product"}],"about":[{"href":"https:\/\/uj.adatbank.ro\/lexikon\/wp-json\/wp\/v2\/types\/product"}],"replies":[{"embeddable":true,"href":"https:\/\/uj.adatbank.ro\/lexikon\/wp-json\/wp\/v2\/comments?post=5580"}],"wp:attachment":[{"href":"https:\/\/uj.adatbank.ro\/lexikon\/wp-json\/wp\/v2\/media?parent=5580"}],"wp:term":[{"taxonomy":"product_brand","embeddable":true,"href":"https:\/\/uj.adatbank.ro\/lexikon\/wp-json\/wp\/v2\/product_brand?post=5580"},{"taxonomy":"product_cat","embeddable":true,"href":"https:\/\/uj.adatbank.ro\/lexikon\/wp-json\/wp\/v2\/product_cat?post=5580"},{"taxonomy":"product_tag","embeddable":true,"href":"https:\/\/uj.adatbank.ro\/lexikon\/wp-json\/wp\/v2\/product_tag?post=5580"}],"curies":[{"name":"wp","href":"https:\/\/api.w.org\/{rel}","templated":true}]}}