{"id":5581,"date":"2025-06-28T17:23:24","date_gmt":"2025-06-28T15:23:24","guid":{"rendered":"https:\/\/uj.adatbank.ro\/lexikon\/termek\/campian-constantin\/"},"modified":"2025-06-28T17:23:24","modified_gmt":"2025-06-28T15:23:24","slug":"campian-constantin","status":"publish","type":"product","link":"https:\/\/uj.adatbank.ro\/lexikon\/termek\/campian-constantin\/","title":{"rendered":"C\u00c2MPIAN Constantin"},"content":{"rendered":"<p>Sz\u00e9lk\u00fat, 1908, \u2020\u00a0? : cip\u00e9sz, szakszervezeti vezet\u0151. \u2013 Cip\u00e9sztanonc Mv.-en (1923\u2013), tagja lett a szakszervezeteknek (1927\u2013), a RKP-nak (1934\u2013), beb\u00f6rt\u00f6n\u00f6zt\u00e9k (1943), a m\u00e1sodik vh.-ban munkaszolg\u00e1latos (1944). A b\u00f6r-, ruh\u00e1zati- \u00e9s textilipari szakszervezetek titk\u00e1ra (1944 \u0151sz\u2013), a Maros megyei Szakszervezeti Tan\u00e1cs aleln\u00f6ke (1946\u2013), eln\u00f6ke (1947\u2013). A mv.-i Unitatea sz\u00f6vetkezet megszervez\u0151je. A Maros tartom\u00e1nyi ARLUS f\u0151titk\u00e1ra (1950\u2013), a tartom\u00e1nyi n\u00e9ptan\u00e1cs k\u00e9pvisel\u0151je. <br \/><strong>Irod.:<\/strong> C. C. elvt\u00e1rs (N\u00e9p\u00fajs\u00e1g, 1950. nov. 12.)<\/br><\/p>\n","protected":false},"excerpt":{"rendered":"<p>Sz\u00e9lk\u00fat, 1908, \u2020\u00a0? : cip\u00e9sz, szakszervezeti vezet\u0151. \u2013 Cip\u00e9sztanonc Mv.-en (1923\u2013), tagja lett a szakszervezeteknek (1927\u2013), a RKP-nak (1934\u2013), beb\u00f6rt\u00f6n\u00f6zt\u00e9k (1943), a m\u00e1sodik vh.-ban munkaszolg\u00e1latos (1944). A b\u00f6r-, ruh\u00e1zati- \u00e9s textilipari szakszervezetek titk\u00e1ra (1944 \u0151sz\u2013), a Maros megyei Szakszervezeti Tan\u00e1cs aleln\u00f6ke (1946\u2013), eln\u00f6ke (1947\u2013). A mv.-i Unitatea sz\u00f6vetkezet megszervez\u0151je. A Maros tartom\u00e1nyi ARLUS f\u0151titk\u00e1ra (1950\u2013), [&hellip;]<\/p>\n","protected":false},"featured_media":0,"comment_status":"open","ping_status":"closed","template":"","meta":[],"product_brand":[],"product_cat":[137],"product_tag":[],"class_list":{"0":"post-5581","1":"product","2":"type-product","3":"status-publish","5":"product_cat-maros-megyei-eletrajzi-lexikon","7":"first","8":"instock","9":"shipping-taxable","10":"product-type-simple"},"_links":{"self":[{"href":"https:\/\/uj.adatbank.ro\/lexikon\/wp-json\/wp\/v2\/product\/5581","targetHints":{"allow":["GET"]}}],"collection":[{"href":"https:\/\/uj.adatbank.ro\/lexikon\/wp-json\/wp\/v2\/product"}],"about":[{"href":"https:\/\/uj.adatbank.ro\/lexikon\/wp-json\/wp\/v2\/types\/product"}],"replies":[{"embeddable":true,"href":"https:\/\/uj.adatbank.ro\/lexikon\/wp-json\/wp\/v2\/comments?post=5581"}],"wp:attachment":[{"href":"https:\/\/uj.adatbank.ro\/lexikon\/wp-json\/wp\/v2\/media?parent=5581"}],"wp:term":[{"taxonomy":"product_brand","embeddable":true,"href":"https:\/\/uj.adatbank.ro\/lexikon\/wp-json\/wp\/v2\/product_brand?post=5581"},{"taxonomy":"product_cat","embeddable":true,"href":"https:\/\/uj.adatbank.ro\/lexikon\/wp-json\/wp\/v2\/product_cat?post=5581"},{"taxonomy":"product_tag","embeddable":true,"href":"https:\/\/uj.adatbank.ro\/lexikon\/wp-json\/wp\/v2\/product_tag?post=5581"}],"curies":[{"name":"wp","href":"https:\/\/api.w.org\/{rel}","templated":true}]}}

CÂMPIAN Constantin

<p>Szélkút, 1908, † ? : cipész, szakszervezeti vezető. – Cipésztanonc Mv.-en (1923–), tagja lett a szakszervezeteknek (1927–), a RKP-nak (1934–), bebörtönözték (1943), a második vh.-ban munkaszolgálatos (1944). A bör-, ruházati- és textilipari szakszervezetek titkára (1944 ősz–), a Maros megyei Szakszervezeti Tanács alelnöke (1946–), elnöke (1947–). A mv.-i Unitatea szövetkezet megszervezője. A Maros tartományi ARLUS főtitkára (1950–), a tartományi néptanács képviselője. <br /><strong>Irod.:</strong> C. C. elvtárs (Népújság, 1950. nov. 12.)</br></p>

<p>Szélkút, 1908, † ? : cipész, szakszervezeti vezető. – Cipésztanonc Mv.-en (1923–), tagja lett a szakszervezeteknek (1927–), a RKP-nak (1934–), bebörtönözték (1943), a második vh.-ban munkaszolgálatos (1944). A bör-, ruházati- és textilipari szakszervezetek titkára (1944 ősz–), a Maros megyei Szakszervezeti Tanács alelnöke (1946–), elnöke (1947–). A mv.-i Unitatea szövetkezet megszervezője. A Maros tartományi ARLUS főtitkára (1950–), [&hellip;]</p>
