{"id":5583,"date":"2025-06-28T17:23:27","date_gmt":"2025-06-28T15:23:27","guid":{"rendered":"https:\/\/uj.adatbank.ro\/lexikon\/termek\/cantar-t-dumitru-%c2%a7\/"},"modified":"2025-06-28T17:23:27","modified_gmt":"2025-06-28T15:23:27","slug":"cantar-t-dumitru-%c2%a7","status":"publish","type":"product","link":"https:\/\/uj.adatbank.ro\/lexikon\/termek\/cantar-t-dumitru-%c2%a7\/","title":{"rendered":"C\u00c2NTAR T. Dumitru, \u00a7"},"content":{"rendered":"<p>Izvorul Ane\u015ftilor, 1915. jan. 7., \u2020 Als\u00f3k\u00f6h\u00e9r, 1944. szept. 22.: hadnagy. \u2013 A lugosi 17. gyalogs\u00e1gi ezred harcosak\u00e9nt a moldovai harcok r\u00e9sztvev\u0151je (1944), \u00e1t\u00e1llt az antifasiszta 103-as hegyi hadoszt\u00e1lyhoz, amellyel Erd\u00e9lyben harcolt, elesett Als\u00f3k\u00f6h\u00e9rn\u00e9l, ahol t\u00f6megs\u00edrban nyugszik m\u00e9g 46 bajt\u00e1rs\u00e1val egy\u00fctt. <br \/><strong>Irod.:<\/strong> Chiheru; MMK<\/br><\/p>\n","protected":false},"excerpt":{"rendered":"<p>Izvorul Ane\u015ftilor, 1915. jan. 7., \u2020 Als\u00f3k\u00f6h\u00e9r, 1944. szept. 22.: hadnagy. \u2013 A lugosi 17. gyalogs\u00e1gi ezred harcosak\u00e9nt a moldovai harcok r\u00e9sztvev\u0151je (1944), \u00e1t\u00e1llt az antifasiszta 103-as hegyi hadoszt\u00e1lyhoz, amellyel Erd\u00e9lyben harcolt, elesett Als\u00f3k\u00f6h\u00e9rn\u00e9l, ahol t\u00f6megs\u00edrban nyugszik m\u00e9g 46 bajt\u00e1rs\u00e1val egy\u00fctt. Irod.: Chiheru; MMK<\/p>\n","protected":false},"featured_media":0,"comment_status":"open","ping_status":"closed","template":"","meta":[],"product_brand":[],"product_cat":[137],"product_tag":[],"class_list":{"0":"post-5583","1":"product","2":"type-product","3":"status-publish","5":"product_cat-maros-megyei-eletrajzi-lexikon","7":"first","8":"instock","9":"shipping-taxable","10":"product-type-simple"},"_links":{"self":[{"href":"https:\/\/uj.adatbank.ro\/lexikon\/wp-json\/wp\/v2\/product\/5583","targetHints":{"allow":["GET"]}}],"collection":[{"href":"https:\/\/uj.adatbank.ro\/lexikon\/wp-json\/wp\/v2\/product"}],"about":[{"href":"https:\/\/uj.adatbank.ro\/lexikon\/wp-json\/wp\/v2\/types\/product"}],"replies":[{"embeddable":true,"href":"https:\/\/uj.adatbank.ro\/lexikon\/wp-json\/wp\/v2\/comments?post=5583"}],"wp:attachment":[{"href":"https:\/\/uj.adatbank.ro\/lexikon\/wp-json\/wp\/v2\/media?parent=5583"}],"wp:term":[{"taxonomy":"product_brand","embeddable":true,"href":"https:\/\/uj.adatbank.ro\/lexikon\/wp-json\/wp\/v2\/product_brand?post=5583"},{"taxonomy":"product_cat","embeddable":true,"href":"https:\/\/uj.adatbank.ro\/lexikon\/wp-json\/wp\/v2\/product_cat?post=5583"},{"taxonomy":"product_tag","embeddable":true,"href":"https:\/\/uj.adatbank.ro\/lexikon\/wp-json\/wp\/v2\/product_tag?post=5583"}],"curies":[{"name":"wp","href":"https:\/\/api.w.org\/{rel}","templated":true}]}}