{"id":5585,"date":"2025-06-28T17:23:29","date_gmt":"2025-06-28T15:23:29","guid":{"rendered":"https:\/\/uj.adatbank.ro\/lexikon\/termek\/capesius-bartolomeus\/"},"modified":"2025-06-28T17:23:29","modified_gmt":"2025-06-28T15:23:29","slug":"capesius-bartolomeus","status":"publish","type":"product","link":"https:\/\/uj.adatbank.ro\/lexikon\/termek\/capesius-bartolomeus\/","title":{"rendered":"CAPESIUS Bartolomeus"},"content":{"rendered":"<p>? \u2020\u00a0Z\u00e1gor, 1733.: ev. lelk\u00e9sz \u2013 Apja Georg, sz\u00e9naver\u0151si evang. lelk\u00e9sz. \u2013 Wittenbergben tanult (1692). A segesv\u00e1ri gimn. igazgat\u00f3ja (1698\u20131700); lelk\u00e9sz Kem\u00e9nynagysz\u00f6l\u0151s\u00f6n (1705\u201314), majd Z\u00e1gorban (1714\u201333). Az \u0151 szolg\u00e1lata alatt k\u00e9sz\u00fclt a z\u00e1gori ev. templom olt\u00e1ra, amely ma is megvan. \u2013 <strong>F. m.:<\/strong> Dissertatio ex historia sacrorum rituum de diptychis veterum cumprimis graecorum (Wittebergae, 1693). <br \/><strong>Irod.:<\/strong> Hor\u00e1nyi 2.; Szinnyei<\/br><\/p>\n","protected":false},"excerpt":{"rendered":"<p>? \u2020\u00a0Z\u00e1gor, 1733.: ev. lelk\u00e9sz \u2013 Apja Georg, sz\u00e9naver\u0151si evang. lelk\u00e9sz. \u2013 Wittenbergben tanult (1692). A segesv\u00e1ri gimn. igazgat\u00f3ja (1698\u20131700); lelk\u00e9sz Kem\u00e9nynagysz\u00f6l\u0151s\u00f6n (1705\u201314), majd Z\u00e1gorban (1714\u201333). Az \u0151 szolg\u00e1lata alatt k\u00e9sz\u00fclt a z\u00e1gori ev. templom olt\u00e1ra, amely ma is megvan. \u2013 F. m.: Dissertatio ex historia sacrorum rituum de diptychis veterum cumprimis graecorum (Wittebergae, 1693). [&hellip;]<\/p>\n","protected":false},"featured_media":0,"comment_status":"open","ping_status":"closed","template":"","meta":[],"product_brand":[],"product_cat":[137],"product_tag":[],"class_list":{"0":"post-5585","1":"product","2":"type-product","3":"status-publish","5":"product_cat-maros-megyei-eletrajzi-lexikon","7":"first","8":"instock","9":"shipping-taxable","10":"product-type-simple"},"_links":{"self":[{"href":"https:\/\/uj.adatbank.ro\/lexikon\/wp-json\/wp\/v2\/product\/5585","targetHints":{"allow":["GET"]}}],"collection":[{"href":"https:\/\/uj.adatbank.ro\/lexikon\/wp-json\/wp\/v2\/product"}],"about":[{"href":"https:\/\/uj.adatbank.ro\/lexikon\/wp-json\/wp\/v2\/types\/product"}],"replies":[{"embeddable":true,"href":"https:\/\/uj.adatbank.ro\/lexikon\/wp-json\/wp\/v2\/comments?post=5585"}],"wp:attachment":[{"href":"https:\/\/uj.adatbank.ro\/lexikon\/wp-json\/wp\/v2\/media?parent=5585"}],"wp:term":[{"taxonomy":"product_brand","embeddable":true,"href":"https:\/\/uj.adatbank.ro\/lexikon\/wp-json\/wp\/v2\/product_brand?post=5585"},{"taxonomy":"product_cat","embeddable":true,"href":"https:\/\/uj.adatbank.ro\/lexikon\/wp-json\/wp\/v2\/product_cat?post=5585"},{"taxonomy":"product_tag","embeddable":true,"href":"https:\/\/uj.adatbank.ro\/lexikon\/wp-json\/wp\/v2\/product_tag?post=5585"}],"curies":[{"name":"wp","href":"https:\/\/api.w.org\/{rel}","templated":true}]}}