{"id":5591,"date":"2025-06-28T17:23:38","date_gmt":"2025-06-28T15:23:38","guid":{"rendered":"https:\/\/uj.adatbank.ro\/lexikon\/termek\/caraffa-antonio-gr\/"},"modified":"2025-06-28T17:23:38","modified_gmt":"2025-06-28T15:23:38","slug":"caraffa-antonio-gr","status":"publish","type":"product","link":"https:\/\/uj.adatbank.ro\/lexikon\/termek\/caraffa-antonio-gr\/","title":{"rendered":"CARAFFA Antonio, gr."},"content":{"rendered":"<p>1642., Karaffa Antal, 1646, \u2020 1693: hadvez\u00e9r. \u2013 Olasz hadvez\u00e9r, t\u00e1bornok, a b\u00e9csi udvar szolg\u00e1lat\u00e1ban \u00e1llt (1665\u2013). Erd\u00e9ly katonai parancsnoka (1688\u20131690). Vezet\u0151 szerepe volt Magyarorsz\u00e1gnak a t\u00f6r\u00f6k\u00f6kt\u0151l val\u00f3 visszafoglal\u00e1s\u00e1ban. H\u00edres volt kegyetlenked\u00e9seir\u0151l. Apafi Mih\u00e1ly fejedelmet \u00e9s az erd\u00e9lyi orsz\u00e1ggy\u00fcl\u00e9st \u0151 k\u00e9nyszer\u00edtette a Habsburg birodalomhoz val\u00f3 csatlakoz\u00e1sra. <br \/><strong>Irod.:<\/strong> Benk\u0151 K.: Mv.; Gyallay<\/br><\/p>\n","protected":false},"excerpt":{"rendered":"<p>1642., Karaffa Antal, 1646, \u2020 1693: hadvez\u00e9r. \u2013 Olasz hadvez\u00e9r, t\u00e1bornok, a b\u00e9csi udvar szolg\u00e1lat\u00e1ban \u00e1llt (1665\u2013). Erd\u00e9ly katonai parancsnoka (1688\u20131690). Vezet\u0151 szerepe volt Magyarorsz\u00e1gnak a t\u00f6r\u00f6k\u00f6kt\u0151l val\u00f3 visszafoglal\u00e1s\u00e1ban. H\u00edres volt kegyetlenked\u00e9seir\u0151l. Apafi Mih\u00e1ly fejedelmet \u00e9s az erd\u00e9lyi orsz\u00e1ggy\u00fcl\u00e9st \u0151 k\u00e9nyszer\u00edtette a Habsburg birodalomhoz val\u00f3 csatlakoz\u00e1sra. Irod.: Benk\u0151 K.: Mv.; Gyallay<\/p>\n","protected":false},"featured_media":0,"comment_status":"open","ping_status":"closed","template":"","meta":[],"product_brand":[],"product_cat":[137],"product_tag":[],"class_list":{"0":"post-5591","1":"product","2":"type-product","3":"status-publish","5":"product_cat-maros-megyei-eletrajzi-lexikon","7":"first","8":"instock","9":"shipping-taxable","10":"product-type-simple"},"_links":{"self":[{"href":"https:\/\/uj.adatbank.ro\/lexikon\/wp-json\/wp\/v2\/product\/5591","targetHints":{"allow":["GET"]}}],"collection":[{"href":"https:\/\/uj.adatbank.ro\/lexikon\/wp-json\/wp\/v2\/product"}],"about":[{"href":"https:\/\/uj.adatbank.ro\/lexikon\/wp-json\/wp\/v2\/types\/product"}],"replies":[{"embeddable":true,"href":"https:\/\/uj.adatbank.ro\/lexikon\/wp-json\/wp\/v2\/comments?post=5591"}],"wp:attachment":[{"href":"https:\/\/uj.adatbank.ro\/lexikon\/wp-json\/wp\/v2\/media?parent=5591"}],"wp:term":[{"taxonomy":"product_brand","embeddable":true,"href":"https:\/\/uj.adatbank.ro\/lexikon\/wp-json\/wp\/v2\/product_brand?post=5591"},{"taxonomy":"product_cat","embeddable":true,"href":"https:\/\/uj.adatbank.ro\/lexikon\/wp-json\/wp\/v2\/product_cat?post=5591"},{"taxonomy":"product_tag","embeddable":true,"href":"https:\/\/uj.adatbank.ro\/lexikon\/wp-json\/wp\/v2\/product_tag?post=5591"}],"curies":[{"name":"wp","href":"https:\/\/api.w.org\/{rel}","templated":true}]}}

<p>1642., Karaffa Antal, 1646, † 1693: hadvezér. – Olasz hadvezér, tábornok, a bécsi udvar szolgálatában állt (1665–). Erdély katonai parancsnoka (1688–1690). Vezető szerepe volt Magyarországnak a törököktől való visszafoglalásában. Híres volt kegyetlenkedéseiről. Apafi Mihály fejedelmet és az erdélyi országgyülést ő kényszerítette a Habsburg birodalomhoz való csatlakozásra. <br /><strong>Irod.:</strong> Benkő K.: Mv.; Gyallay</br></p>

<p>1642., Karaffa Antal, 1646, † 1693: hadvezér. – Olasz hadvezér, tábornok, a bécsi udvar szolgálatában állt (1665–). Erdély katonai parancsnoka (1688–1690). Vezető szerepe volt Magyarországnak a törököktől való visszafoglalásában. Híres volt kegyetlenkedéseiről. Apafi Mihály fejedelmet és az erdélyi országgyülést ő kényszerítette a Habsburg birodalomhoz való csatlakozásra. Irod.: Benkő K.: Mv.; Gyallay</p>
