{"id":5596,"date":"2025-06-28T17:23:47","date_gmt":"2025-06-28T15:23:47","guid":{"rendered":"https:\/\/uj.adatbank.ro\/lexikon\/termek\/cariadi-gheorghe\/"},"modified":"2025-06-28T17:23:47","modified_gmt":"2025-06-28T15:23:47","slug":"cariadi-gheorghe","status":"publish","type":"product","link":"https:\/\/uj.adatbank.ro\/lexikon\/termek\/cariadi-gheorghe\/","title":{"rendered":"CARIADI Gheorghe"},"content":{"rendered":"<p>? \u2020\u00a0? : rend\u0151rf\u0151n\u00f6k. \u2013 Az els\u0151 vh.-ban husz\u00e1r alezredes volt. Az \u00f3kir\u00e1lys\u00e1gban volt rend\u0151r, majd siguranca \u00fcgyn\u00f6k, Mv.-re nevezt\u00e9k ki \u00e9s itt tev\u00e9kenykedett k\u00e9t \u00edzben is (1922\u201326; 1927\u201328). K\u00e9tnyelv\u0171 c\u00edmt\u00e1r jelent meg el\u0151szav\u00e1val (1924) \u00e9s szerkeszt\u00e9s\u00e9ben (1928). \u2013 <strong>F. m.:<\/strong> Almanahul ora\u015fului municipal Tg. \u2013Mure\u015f = Tvh. joggal felruh\u00e1zott v\u00e1ros Almanachja \/ redactat de =szerk. Dr. Iulius Ghila, Francisc Parizek. (Tg. M., 1924). <br \/><strong>Irod.:<\/strong> Id\u0151t\u00e1r 3<\/br><\/p>\n","protected":false},"excerpt":{"rendered":"<p>? \u2020\u00a0? : rend\u0151rf\u0151n\u00f6k. \u2013 Az els\u0151 vh.-ban husz\u00e1r alezredes volt. Az \u00f3kir\u00e1lys\u00e1gban volt rend\u0151r, majd siguranca \u00fcgyn\u00f6k, Mv.-re nevezt\u00e9k ki \u00e9s itt tev\u00e9kenykedett k\u00e9t \u00edzben is (1922\u201326; 1927\u201328). K\u00e9tnyelv\u0171 c\u00edmt\u00e1r jelent meg el\u0151szav\u00e1val (1924) \u00e9s szerkeszt\u00e9s\u00e9ben (1928). \u2013 F. m.: Almanahul ora\u015fului municipal Tg. \u2013Mure\u015f = Tvh. joggal felruh\u00e1zott v\u00e1ros Almanachja \/ redactat de [&hellip;]<\/p>\n","protected":false},"featured_media":0,"comment_status":"open","ping_status":"closed","template":"","meta":[],"product_brand":[],"product_cat":[137],"product_tag":[],"class_list":{"0":"post-5596","1":"product","2":"type-product","3":"status-publish","5":"product_cat-maros-megyei-eletrajzi-lexikon","7":"first","8":"instock","9":"shipping-taxable","10":"product-type-simple"},"_links":{"self":[{"href":"https:\/\/uj.adatbank.ro\/lexikon\/wp-json\/wp\/v2\/product\/5596","targetHints":{"allow":["GET"]}}],"collection":[{"href":"https:\/\/uj.adatbank.ro\/lexikon\/wp-json\/wp\/v2\/product"}],"about":[{"href":"https:\/\/uj.adatbank.ro\/lexikon\/wp-json\/wp\/v2\/types\/product"}],"replies":[{"embeddable":true,"href":"https:\/\/uj.adatbank.ro\/lexikon\/wp-json\/wp\/v2\/comments?post=5596"}],"wp:attachment":[{"href":"https:\/\/uj.adatbank.ro\/lexikon\/wp-json\/wp\/v2\/media?parent=5596"}],"wp:term":[{"taxonomy":"product_brand","embeddable":true,"href":"https:\/\/uj.adatbank.ro\/lexikon\/wp-json\/wp\/v2\/product_brand?post=5596"},{"taxonomy":"product_cat","embeddable":true,"href":"https:\/\/uj.adatbank.ro\/lexikon\/wp-json\/wp\/v2\/product_cat?post=5596"},{"taxonomy":"product_tag","embeddable":true,"href":"https:\/\/uj.adatbank.ro\/lexikon\/wp-json\/wp\/v2\/product_tag?post=5596"}],"curies":[{"name":"wp","href":"https:\/\/api.w.org\/{rel}","templated":true}]}}

<p>? † ? : rendőrfőnök. – Az első vh.-ban huszár alezredes volt. Az ókirályságban volt rendőr, majd siguranca ügynök, Mv.-re nevezték ki és itt tevékenykedett két ízben is (1922–26; 1927–28). Kétnyelvű címtár jelent meg előszavával (1924) és szerkesztésében (1928). – <strong>F. m.:</strong> Almanahul oraşului municipal Tg. –Mureş = Tvh. joggal felruházott város Almanachja / redactat de =szerk. Dr. Iulius Ghila, Francisc Parizek. (Tg. M., 1924). <br /><strong>Irod.:</strong> Időtár 3</br></p>

<p>? † ? : rendőrfőnök. – Az első vh.-ban huszár alezredes volt. Az ókirályságban volt rendőr, majd siguranca ügynök, Mv.-re nevezték ki és itt tevékenykedett két ízben is (1922–26; 1927–28). Kétnyelvű címtár jelent meg előszavával (1924) és szerkesztésében (1928). – F. m.: Almanahul oraşului municipal Tg. –Mureş = Tvh. joggal felruházott város Almanachja / redactat de [&hellip;]</p>
