{"id":5598,"date":"2025-06-28T17:23:51","date_gmt":"2025-06-28T15:23:51","guid":{"rendered":"https:\/\/uj.adatbank.ro\/lexikon\/termek\/carol-al-ii-lea-rege-ii-karoly-romania-kiralya\/"},"modified":"2025-06-28T17:23:51","modified_gmt":"2025-06-28T15:23:51","slug":"carol-al-ii-lea-rege-ii-karoly-romania-kiralya","status":"publish","type":"product","link":"https:\/\/uj.adatbank.ro\/lexikon\/termek\/carol-al-ii-lea-rege-ii-karoly-romania-kiralya\/","title":{"rendered":"CAROL al II-lea, rege, II. K\u00e1roly, Rom\u00e1nia kir\u00e1lya"},"content":{"rendered":"<p>1893. okt. 15., \u2020\u00a01953. \u00e1pr. 4.: Rom\u00e1nia kir\u00e1lya (1930. j\u00fan. 8. \u2013 1940. szept. 6.). \u2013 Tr\u00f3n\u00f6r\u00f6k\u00f6s kor\u00e1ban j\u00e1rt Mv.-en (1922, \u201323, \u201324) mint aut\u00f3versenyz\u0151. Megvette Kincsesf\u0151r\u0151l azt a fatemplomot (\u00e9p\u00fclt 1773), amely mellett vad\u00e1szat k\u00f6zben haladt el \u00e9s nagyon megtetszett neki (1937. j\u00fan. 24.). K\u00e9s\u0151bb a templomot Laposny\u00e1ra k\u00f6lt\u00f6ztett\u00e9k, mert a falunak nem volt temploma, a kir.-i vad\u00e1szh\u00e1z szomsz\u00e9ds\u00e1g\u00e1ban \u00e1ll\u00edtott\u00e1k fel. A 40-es \u00e9vek \u00f3ta csak k\u00fcl\u00f6nleges alkamakkor ny\u00edtj\u00e1k meg. <br \/><strong>Irod.:<\/strong> Id\u0151t\u00e1r 3; L\u0103pu\u015fna; \u00d6kr\u00f6s; Reghin, Protopopiat<\/br><\/p>\n","protected":false},"excerpt":{"rendered":"<p>1893. okt. 15., \u2020\u00a01953. \u00e1pr. 4.: Rom\u00e1nia kir\u00e1lya (1930. j\u00fan. 8. \u2013 1940. szept. 6.). \u2013 Tr\u00f3n\u00f6r\u00f6k\u00f6s kor\u00e1ban j\u00e1rt Mv.-en (1922, \u201323, \u201324) mint aut\u00f3versenyz\u0151. Megvette Kincsesf\u0151r\u0151l azt a fatemplomot (\u00e9p\u00fclt 1773), amely mellett vad\u00e1szat k\u00f6zben haladt el \u00e9s nagyon megtetszett neki (1937. j\u00fan. 24.). K\u00e9s\u0151bb a templomot Laposny\u00e1ra k\u00f6lt\u00f6ztett\u00e9k, mert a falunak nem volt [&hellip;]<\/p>\n","protected":false},"featured_media":0,"comment_status":"open","ping_status":"closed","template":"","meta":[],"product_brand":[],"product_cat":[137],"product_tag":[],"class_list":{"0":"post-5598","1":"product","2":"type-product","3":"status-publish","5":"product_cat-maros-megyei-eletrajzi-lexikon","7":"first","8":"instock","9":"shipping-taxable","10":"product-type-simple"},"_links":{"self":[{"href":"https:\/\/uj.adatbank.ro\/lexikon\/wp-json\/wp\/v2\/product\/5598","targetHints":{"allow":["GET"]}}],"collection":[{"href":"https:\/\/uj.adatbank.ro\/lexikon\/wp-json\/wp\/v2\/product"}],"about":[{"href":"https:\/\/uj.adatbank.ro\/lexikon\/wp-json\/wp\/v2\/types\/product"}],"replies":[{"embeddable":true,"href":"https:\/\/uj.adatbank.ro\/lexikon\/wp-json\/wp\/v2\/comments?post=5598"}],"wp:attachment":[{"href":"https:\/\/uj.adatbank.ro\/lexikon\/wp-json\/wp\/v2\/media?parent=5598"}],"wp:term":[{"taxonomy":"product_brand","embeddable":true,"href":"https:\/\/uj.adatbank.ro\/lexikon\/wp-json\/wp\/v2\/product_brand?post=5598"},{"taxonomy":"product_cat","embeddable":true,"href":"https:\/\/uj.adatbank.ro\/lexikon\/wp-json\/wp\/v2\/product_cat?post=5598"},{"taxonomy":"product_tag","embeddable":true,"href":"https:\/\/uj.adatbank.ro\/lexikon\/wp-json\/wp\/v2\/product_tag?post=5598"}],"curies":[{"name":"wp","href":"https:\/\/api.w.org\/{rel}","templated":true}]}}