{"id":5604,"date":"2025-06-28T17:24:05","date_gmt":"2025-06-28T15:24:05","guid":{"rendered":"https:\/\/uj.adatbank.ro\/lexikon\/termek\/catarig-aurelia-maria\/"},"modified":"2025-06-28T17:24:05","modified_gmt":"2025-06-28T15:24:05","slug":"catarig-aurelia-maria","status":"publish","type":"product","link":"https:\/\/uj.adatbank.ro\/lexikon\/termek\/catarig-aurelia-maria\/","title":{"rendered":"C\u0102T\u0102RIG Aurelia-Maria"},"content":{"rendered":"<p>Lib\u00e1nfalva, 1935. szept. 1., \u2020 Mv., 2001. nov. 28.: tan\u00e1r. \u2013 Elemi iskol\u00e1t a sz\u00fcl\u0151helyen, tan\u00edt\u00f3k\u00e9pz\u0151t Sz\u00e1szr\u00e9genben v\u00e9gzett (1956). Kv.-on a ped. f\u0151isk. -\u00e1n rom\u00e1ntan\u00e1ri okl. -t szerzett (1965), majd a BBTE-en letette a tan\u00e1ri fokozati vizsg\u00e1kat (II. \/1976 \u00e9s I. \/1981).). Tan\u00edtott G\u00f6rg\u00e9nyoroszfaluban (1953\u201358), B\u00e1toson (1958\u201366), a mv.-i Papiu Ilarian L\u00edc.-ban (1966. szept. \u2013 1967), azut\u00e1n Marosszentgy\u00f6rgyre helyezt\u00e9k (1967\u201384), ahol aligazgat\u00f3 is volt (1973\u201380). Mv.-re a 7-es sz. \u00e1lt. isk.-ban iskolaigazgat\u00f3 (1984\u201390), majd aligazgat\u00f3 nyugd\u00edjaz\u00e1s\u00e1ig (1990. szept. 1\u2013). <br \/><strong>Irod.:<\/strong> S\u00e2ngeorgiu de Mure\u015f; S\u00e2ngeorgiu de Mure\u015f \u2013 \u015ecoala<\/br><\/p>\n","protected":false},"excerpt":{"rendered":"<p>Lib\u00e1nfalva, 1935. szept. 1., \u2020 Mv., 2001. nov. 28.: tan\u00e1r. \u2013 Elemi iskol\u00e1t a sz\u00fcl\u0151helyen, tan\u00edt\u00f3k\u00e9pz\u0151t Sz\u00e1szr\u00e9genben v\u00e9gzett (1956). Kv.-on a ped. f\u0151isk. -\u00e1n rom\u00e1ntan\u00e1ri okl. -t szerzett (1965), majd a BBTE-en letette a tan\u00e1ri fokozati vizsg\u00e1kat (II. \/1976 \u00e9s I. \/1981).). Tan\u00edtott G\u00f6rg\u00e9nyoroszfaluban (1953\u201358), B\u00e1toson (1958\u201366), a mv.-i Papiu Ilarian L\u00edc.-ban (1966. szept. \u2013 [&hellip;]<\/p>\n","protected":false},"featured_media":0,"comment_status":"open","ping_status":"closed","template":"","meta":[],"product_brand":[],"product_cat":[137],"product_tag":[],"class_list":{"0":"post-5604","1":"product","2":"type-product","3":"status-publish","5":"product_cat-maros-megyei-eletrajzi-lexikon","7":"first","8":"instock","9":"shipping-taxable","10":"product-type-simple"},"_links":{"self":[{"href":"https:\/\/uj.adatbank.ro\/lexikon\/wp-json\/wp\/v2\/product\/5604","targetHints":{"allow":["GET"]}}],"collection":[{"href":"https:\/\/uj.adatbank.ro\/lexikon\/wp-json\/wp\/v2\/product"}],"about":[{"href":"https:\/\/uj.adatbank.ro\/lexikon\/wp-json\/wp\/v2\/types\/product"}],"replies":[{"embeddable":true,"href":"https:\/\/uj.adatbank.ro\/lexikon\/wp-json\/wp\/v2\/comments?post=5604"}],"wp:attachment":[{"href":"https:\/\/uj.adatbank.ro\/lexikon\/wp-json\/wp\/v2\/media?parent=5604"}],"wp:term":[{"taxonomy":"product_brand","embeddable":true,"href":"https:\/\/uj.adatbank.ro\/lexikon\/wp-json\/wp\/v2\/product_brand?post=5604"},{"taxonomy":"product_cat","embeddable":true,"href":"https:\/\/uj.adatbank.ro\/lexikon\/wp-json\/wp\/v2\/product_cat?post=5604"},{"taxonomy":"product_tag","embeddable":true,"href":"https:\/\/uj.adatbank.ro\/lexikon\/wp-json\/wp\/v2\/product_tag?post=5604"}],"curies":[{"name":"wp","href":"https:\/\/api.w.org\/{rel}","templated":true}]}}

CĂTĂRIG Aurelia-Maria

<p>Libánfalva, 1935. szept. 1., † Mv., 2001. nov. 28.: tanár. – Elemi iskolát a szülőhelyen, tanítóképzőt Szászrégenben végzett (1956). Kv.-on a ped. főisk. -án romántanári okl. -t szerzett (1965), majd a BBTE-en letette a tanári fokozati vizsgákat (II. /1976 és I. /1981).). Tanított Görgényoroszfaluban (1953–58), Bátoson (1958–66), a mv.-i Papiu Ilarian Líc.-ban (1966. szept. – 1967), azután Marosszentgyörgyre helyezték (1967–84), ahol aligazgató is volt (1973–80). Mv.-re a 7-es sz. ált. isk.-ban iskolaigazgató (1984–90), majd aligazgató nyugdíjazásáig (1990. szept. 1–). <br /><strong>Irod.:</strong> Sângeorgiu de Mureş; Sângeorgiu de Mureş – Şcoala</br></p>

<p>Libánfalva, 1935. szept. 1., † Mv., 2001. nov. 28.: tanár. – Elemi iskolát a szülőhelyen, tanítóképzőt Szászrégenben végzett (1956). Kv.-on a ped. főisk. -án romántanári okl. -t szerzett (1965), majd a BBTE-en letette a tanári fokozati vizsgákat (II. /1976 és I. /1981).). Tanított Görgényoroszfaluban (1953–58), Bátoson (1958–66), a mv.-i Papiu Ilarian Líc.-ban (1966. szept. – [&hellip;]</p>
