{"id":5606,"date":"2025-06-28T17:24:08","date_gmt":"2025-06-28T15:24:08","guid":{"rendered":"https:\/\/uj.adatbank.ro\/lexikon\/termek\/catarig-ioan\/"},"modified":"2025-06-28T17:24:08","modified_gmt":"2025-06-28T15:24:08","slug":"catarig-ioan","status":"publish","type":"product","link":"https:\/\/uj.adatbank.ro\/lexikon\/termek\/catarig-ioan\/","title":{"rendered":"C\u0102T\u0102RIG Ioan"},"content":{"rendered":"<p>? \u2020 ? : k\u00f6zrend\u0151r. \u2013 A sinaiai rend\u0151rs\u00e9g k\u00f6zrend\u0151re (1931. dec. 1. \u2013 1933. \u00e1pr. 30.). Ebben az id\u0151szakban Buk.-ben v\u00e9gezte a tud. -os rend\u0151riskola III. tagozat\u00e1t (1932. nov. 30. \u2013 1933. \u00e1pr. 30). Mv.-en a rend\u0151rkapit\u00e1nys\u00e1g biztosa (1933. m\u00e1j. 1-j\u00fal. 1.), majd a sz\u00e1szr\u00e9geni komisz\u00e1ri\u00e1tusn\u00e1l volt (1933. j\u00fal. 1. \u2013 1940. szept. 1.). \u00c9szak-Erd\u00e9ly elcsatol\u00e1sa ut\u00e1n is Sz\u00e1szr\u00e9genben maradt, \u00e9s erd\u0151munk\u00e1sk\u00e9nt dolgozott. Ebben az id\u0151szakban t\u00f6bbsz\u00f6r letart\u00f3ztatt\u00e1k. A h\u00e1bor\u00fa v\u00e9g\u00e9n Sz\u00e1szr\u00e9genben k\u00f6zrend\u0151r, majd a n\u00e9pi g\u00e1rda f\u0151n\u00f6kek\u00e9nt \u00e9s az akkor l\u00e9tes\u00edtett r\u00e9geni l\u00e1ger vezet\u0151jek\u00e9nt, a fasiszta elemek intern\u00e1l\u00e1s\u00e1ban tev\u00e9kenykedett, amig a n\u00e9pi g\u00e1rd\u00e1t be nem sz\u00fcntett\u00e9k (1944. okt. 15. \u2013 1945. j\u00fan. 9.). Ism\u00e9t k\u00f6zrend\u0151rk\u00e9nt alkalmazt\u00e1k a r\u00e9geni rend\u0151rs\u00e9gen (1945. dec. 1\u2013), majd az ottani siguranca \u00fcgyn\u00f6kek\u00e9nt dolgozott lelkiismeretess\u00e9ggel (1947. aug. 1-? ). <br \/><strong>Irod.:<\/strong> Regh. Cult. (10., 2010)<\/br><\/p>\n","protected":false},"excerpt":{"rendered":"<p>? \u2020 ? : k\u00f6zrend\u0151r. \u2013 A sinaiai rend\u0151rs\u00e9g k\u00f6zrend\u0151re (1931. dec. 1. \u2013 1933. \u00e1pr. 30.). Ebben az id\u0151szakban Buk.-ben v\u00e9gezte a tud. -os rend\u0151riskola III. tagozat\u00e1t (1932. nov. 30. \u2013 1933. \u00e1pr. 30). Mv.-en a rend\u0151rkapit\u00e1nys\u00e1g biztosa (1933. m\u00e1j. 1-j\u00fal. 1.), majd a sz\u00e1szr\u00e9geni komisz\u00e1ri\u00e1tusn\u00e1l volt (1933. j\u00fal. 1. \u2013 1940. szept. 1.). [&hellip;]<\/p>\n","protected":false},"featured_media":0,"comment_status":"open","ping_status":"closed","template":"","meta":[],"product_brand":[],"product_cat":[137],"product_tag":[],"class_list":{"0":"post-5606","1":"product","2":"type-product","3":"status-publish","5":"product_cat-maros-megyei-eletrajzi-lexikon","7":"first","8":"instock","9":"shipping-taxable","10":"product-type-simple"},"_links":{"self":[{"href":"https:\/\/uj.adatbank.ro\/lexikon\/wp-json\/wp\/v2\/product\/5606","targetHints":{"allow":["GET"]}}],"collection":[{"href":"https:\/\/uj.adatbank.ro\/lexikon\/wp-json\/wp\/v2\/product"}],"about":[{"href":"https:\/\/uj.adatbank.ro\/lexikon\/wp-json\/wp\/v2\/types\/product"}],"replies":[{"embeddable":true,"href":"https:\/\/uj.adatbank.ro\/lexikon\/wp-json\/wp\/v2\/comments?post=5606"}],"wp:attachment":[{"href":"https:\/\/uj.adatbank.ro\/lexikon\/wp-json\/wp\/v2\/media?parent=5606"}],"wp:term":[{"taxonomy":"product_brand","embeddable":true,"href":"https:\/\/uj.adatbank.ro\/lexikon\/wp-json\/wp\/v2\/product_brand?post=5606"},{"taxonomy":"product_cat","embeddable":true,"href":"https:\/\/uj.adatbank.ro\/lexikon\/wp-json\/wp\/v2\/product_cat?post=5606"},{"taxonomy":"product_tag","embeddable":true,"href":"https:\/\/uj.adatbank.ro\/lexikon\/wp-json\/wp\/v2\/product_tag?post=5606"}],"curies":[{"name":"wp","href":"https:\/\/api.w.org\/{rel}","templated":true}]}}

CĂTĂRIG Ioan

<p>? † ? : közrendőr. – A sinaiai rendőrség közrendőre (1931. dec. 1. – 1933. ápr. 30.). Ebben az időszakban Buk.-ben végezte a tud. -os rendőriskola III. tagozatát (1932. nov. 30. – 1933. ápr. 30). Mv.-en a rendőrkapitányság biztosa (1933. máj. 1-júl. 1.), majd a szászrégeni komiszáriátusnál volt (1933. júl. 1. – 1940. szept. 1.). Észak-Erdély elcsatolása után is Szászrégenben maradt, és erdőmunkásként dolgozott. Ebben az időszakban többször letartóztatták. A háború végén Szászrégenben közrendőr, majd a népi gárda főnökeként és az akkor létesített régeni láger vezetőjeként, a fasiszta elemek internálásában tevékenykedett, amig a népi gárdát be nem szüntették (1944. okt. 15. – 1945. jún. 9.). Ismét közrendőrként alkalmazták a régeni rendőrségen (1945. dec. 1–), majd az ottani siguranca ügynökeként dolgozott lelkiismeretességgel (1947. aug. 1-? ). <br /><strong>Irod.:</strong> Regh. Cult. (10., 2010)</br></p>

<p>? † ? : közrendőr. – A sinaiai rendőrség közrendőre (1931. dec. 1. – 1933. ápr. 30.). Ebben az időszakban Buk.-ben végezte a tud. -os rendőriskola III. tagozatát (1932. nov. 30. – 1933. ápr. 30). Mv.-en a rendőrkapitányság biztosa (1933. máj. 1-júl. 1.), majd a szászrégeni komiszáriátusnál volt (1933. júl. 1. – 1940. szept. 1.). [&hellip;]</p>
