{"id":5607,"date":"2025-06-28T17:24:11","date_gmt":"2025-06-28T15:24:11","guid":{"rendered":"https:\/\/uj.adatbank.ro\/lexikon\/termek\/catarig-ioan-2\/"},"modified":"2025-06-28T17:24:11","modified_gmt":"2025-06-28T15:24:11","slug":"catarig-ioan-2","status":"publish","type":"product","link":"https:\/\/uj.adatbank.ro\/lexikon\/termek\/catarig-ioan-2\/","title":{"rendered":"C\u0102T\u0102RIG Ioan"},"content":{"rendered":"<p>? \u2020 Mv., 2000. jan. 29.: dr., mez\u0151gazdas\u00e1gi m\u00e9rn\u00f6k. \u2013 Tev\u00e9kenys\u00e9g\u00e9t B\u00e1toson kezdte az \u00c1llami Gazdas\u00e1gban mint m\u00e9rn\u00f6k, ahol kezdem\u00e9nyez\u0151je volt a gy\u00fcm\u00f6lcsfa \u00fcltetv\u00e9nyek telep\u00edt\u00e9s\u00e9nek B\u00e1tos-Regen vid\u00e9k\u00e9n; a Maros megyei Mez\u0151gazdas\u00e1gi \u00e9s \u00c9lelmez\u00e9s\u00fcgyi Igazgat\u00f3s\u00e1g f\u0151m\u00e9rn\u00f6ke, majd igazgat\u00f3ja. 20 \u00e9ven \u00e1t ir\u00e1ny\u00edtotta eg\u00e9sz Maros megye mez\u0151gazdas\u00e1g\u00e1t mint vez\u00e9rigazgat\u00f3. <br \/><strong>Irod.:<\/strong> [Nekrol\u00f3g] (N\u00fa. 2000. febr. 1.); Tom\u0219a Mihai: Acum zece ani a c\u0103zut o stea (C. l., 2010. ian. 29)<\/br><\/p>\n","protected":false},"excerpt":{"rendered":"<p>? \u2020 Mv., 2000. jan. 29.: dr., mez\u0151gazdas\u00e1gi m\u00e9rn\u00f6k. \u2013 Tev\u00e9kenys\u00e9g\u00e9t B\u00e1toson kezdte az \u00c1llami Gazdas\u00e1gban mint m\u00e9rn\u00f6k, ahol kezdem\u00e9nyez\u0151je volt a gy\u00fcm\u00f6lcsfa \u00fcltetv\u00e9nyek telep\u00edt\u00e9s\u00e9nek B\u00e1tos-Regen vid\u00e9k\u00e9n; a Maros megyei Mez\u0151gazdas\u00e1gi \u00e9s \u00c9lelmez\u00e9s\u00fcgyi Igazgat\u00f3s\u00e1g f\u0151m\u00e9rn\u00f6ke, majd igazgat\u00f3ja. 20 \u00e9ven \u00e1t ir\u00e1ny\u00edtotta eg\u00e9sz Maros megye mez\u0151gazdas\u00e1g\u00e1t mint vez\u00e9rigazgat\u00f3. Irod.: [Nekrol\u00f3g] (N\u00fa. 2000. febr. 1.); Tom\u0219a Mihai: [&hellip;]<\/p>\n","protected":false},"featured_media":0,"comment_status":"open","ping_status":"closed","template":"","meta":[],"product_brand":[],"product_cat":[137],"product_tag":[],"class_list":{"0":"post-5607","1":"product","2":"type-product","3":"status-publish","5":"product_cat-maros-megyei-eletrajzi-lexikon","7":"first","8":"instock","9":"shipping-taxable","10":"product-type-simple"},"_links":{"self":[{"href":"https:\/\/uj.adatbank.ro\/lexikon\/wp-json\/wp\/v2\/product\/5607","targetHints":{"allow":["GET"]}}],"collection":[{"href":"https:\/\/uj.adatbank.ro\/lexikon\/wp-json\/wp\/v2\/product"}],"about":[{"href":"https:\/\/uj.adatbank.ro\/lexikon\/wp-json\/wp\/v2\/types\/product"}],"replies":[{"embeddable":true,"href":"https:\/\/uj.adatbank.ro\/lexikon\/wp-json\/wp\/v2\/comments?post=5607"}],"wp:attachment":[{"href":"https:\/\/uj.adatbank.ro\/lexikon\/wp-json\/wp\/v2\/media?parent=5607"}],"wp:term":[{"taxonomy":"product_brand","embeddable":true,"href":"https:\/\/uj.adatbank.ro\/lexikon\/wp-json\/wp\/v2\/product_brand?post=5607"},{"taxonomy":"product_cat","embeddable":true,"href":"https:\/\/uj.adatbank.ro\/lexikon\/wp-json\/wp\/v2\/product_cat?post=5607"},{"taxonomy":"product_tag","embeddable":true,"href":"https:\/\/uj.adatbank.ro\/lexikon\/wp-json\/wp\/v2\/product_tag?post=5607"}],"curies":[{"name":"wp","href":"https:\/\/api.w.org\/{rel}","templated":true}]}}

CĂTĂRIG Ioan

<p>? † Mv., 2000. jan. 29.: dr., mezőgazdasági mérnök. – Tevékenységét Bátoson kezdte az Állami Gazdaságban mint mérnök, ahol kezdeményezője volt a gyümölcsfa ültetvények telepítésének Bátos-Regen vidékén; a Maros megyei Mezőgazdasági és Élelmezésügyi Igazgatóság főmérnöke, majd igazgatója. 20 éven át irányította egész Maros megye mezőgazdaságát mint vezérigazgató. <br /><strong>Irod.:</strong> [Nekrológ] (Nú. 2000. febr. 1.); Tomșa Mihai: Acum zece ani a căzut o stea (C. l., 2010. ian. 29)</br></p>

<p>? † Mv., 2000. jan. 29.: dr., mezőgazdasági mérnök. – Tevékenységét Bátoson kezdte az Állami Gazdaságban mint mérnök, ahol kezdeményezője volt a gyümölcsfa ültetvények telepítésének Bátos-Regen vidékén; a Maros megyei Mezőgazdasági és Élelmezésügyi Igazgatóság főmérnöke, majd igazgatója. 20 éven át irányította egész Maros megye mezőgazdaságát mint vezérigazgató. Irod.: [Nekrológ] (Nú. 2000. febr. 1.); Tomșa Mihai: [&hellip;]</p>
