{"id":5608,"date":"2025-06-28T17:24:13","date_gmt":"2025-06-28T15:24:13","guid":{"rendered":"https:\/\/uj.adatbank.ro\/lexikon\/termek\/catarig-romul\/"},"modified":"2025-06-28T17:24:13","modified_gmt":"2025-06-28T15:24:13","slug":"catarig-romul","status":"publish","type":"product","link":"https:\/\/uj.adatbank.ro\/lexikon\/termek\/catarig-romul\/","title":{"rendered":"C\u0102T\u0102RIG Romul"},"content":{"rendered":"<p>G\u00f6rg\u00e9nyszentimre, 1885. m\u00e1rc. 29., \u2020 Mv., 1934. m\u00e1j. 15.: tan\u00edt\u00f3. \u2013 Elemi iskol\u00e1t sz\u00fcl\u0151faluj\u00e1ban, gimn. -ot \u00e9s 3 \u00e9ves pedag\u00f3giai tanulm\u00e1nyokat Bal\u00e1zsfalv\u00e1n v\u00e9gzett (1905). G\u00f6rg\u00e9nyszentimr\u00e9n tan\u00edtott (1904\u2013), ahol a g\u00f6r. kat. egyh\u00e1z gondnoka is volt. A g\u00f6rg\u00e9nyi Rom\u00e1n Nemzeti Tan\u00e1cs eln\u00f6ke (1918). \u00d6nk\u00e9ntesk\u00e9nt r\u00e9szt vett a gyulafeh\u00e9rv\u00e1ri egyes\u00fcl\u00e9si gy\u0171l\u00e9sen. Tan\u00fcgyi alfel\u00fcgyel\u0151 Sz\u00e1szr\u00e9gen, G\u00f6rg\u00e9ny, B\u00f6lk\u00e9ny v\u00f6lgye \u00e9s Ny\u00e1r\u00e1dremete k\u00f6rzetben (1923\u2013). Tagja az Astra r\u00e9geni r\u00e9geni r\u00e9szleg\u00e9nek, sz\u00e1mos el\u0151ad\u00e1st tartott nevel\u00e9si \u00e9s k\u00f6zm\u0171vel\u00e9si t\u00e9m\u00e1val. Tagja a Maros megyei N\u00e9pnevel\u0151 Bizotts\u00e1gnak, a g\u00f6rg\u00e9nyi tan\u00e1csnak. A mv.-i 7-es sz. \u00c1ltal\u00e1nos Iskola igazgat\u00f3ja (1929\u2013). Mv.-en is tagja az Astranak, az Ogorul vezet\u0151s\u00e9gi tan\u00e1cs\u00e1nak \u00e9s a Sz\u00f6vetkezetek Sz\u00f6vets\u00e9gnek. Tisztelet\u00e9re G\u00f6rg\u00e9nyben az ortodox par\u00f3kia fal\u00e1ra eml\u00e9kt\u00e1bl\u00e1t helyeztek el (1989). <br \/><strong>Irod.:<\/strong> Dasc\u0103li mure\u015feni, 1.<\/br><\/p>\n","protected":false},"excerpt":{"rendered":"<p>G\u00f6rg\u00e9nyszentimre, 1885. m\u00e1rc. 29., \u2020 Mv., 1934. m\u00e1j. 15.: tan\u00edt\u00f3. \u2013 Elemi iskol\u00e1t sz\u00fcl\u0151faluj\u00e1ban, gimn. -ot \u00e9s 3 \u00e9ves pedag\u00f3giai tanulm\u00e1nyokat Bal\u00e1zsfalv\u00e1n v\u00e9gzett (1905). G\u00f6rg\u00e9nyszentimr\u00e9n tan\u00edtott (1904\u2013), ahol a g\u00f6r. kat. egyh\u00e1z gondnoka is volt. A g\u00f6rg\u00e9nyi Rom\u00e1n Nemzeti Tan\u00e1cs eln\u00f6ke (1918). \u00d6nk\u00e9ntesk\u00e9nt r\u00e9szt vett a gyulafeh\u00e9rv\u00e1ri egyes\u00fcl\u00e9si gy\u0171l\u00e9sen. Tan\u00fcgyi alfel\u00fcgyel\u0151 Sz\u00e1szr\u00e9gen, G\u00f6rg\u00e9ny, B\u00f6lk\u00e9ny v\u00f6lgye [&hellip;]<\/p>\n","protected":false},"featured_media":0,"comment_status":"open","ping_status":"closed","template":"","meta":[],"product_brand":[],"product_cat":[137],"product_tag":[],"class_list":{"0":"post-5608","1":"product","2":"type-product","3":"status-publish","5":"product_cat-maros-megyei-eletrajzi-lexikon","7":"first","8":"instock","9":"shipping-taxable","10":"product-type-simple"},"_links":{"self":[{"href":"https:\/\/uj.adatbank.ro\/lexikon\/wp-json\/wp\/v2\/product\/5608","targetHints":{"allow":["GET"]}}],"collection":[{"href":"https:\/\/uj.adatbank.ro\/lexikon\/wp-json\/wp\/v2\/product"}],"about":[{"href":"https:\/\/uj.adatbank.ro\/lexikon\/wp-json\/wp\/v2\/types\/product"}],"replies":[{"embeddable":true,"href":"https:\/\/uj.adatbank.ro\/lexikon\/wp-json\/wp\/v2\/comments?post=5608"}],"wp:attachment":[{"href":"https:\/\/uj.adatbank.ro\/lexikon\/wp-json\/wp\/v2\/media?parent=5608"}],"wp:term":[{"taxonomy":"product_brand","embeddable":true,"href":"https:\/\/uj.adatbank.ro\/lexikon\/wp-json\/wp\/v2\/product_brand?post=5608"},{"taxonomy":"product_cat","embeddable":true,"href":"https:\/\/uj.adatbank.ro\/lexikon\/wp-json\/wp\/v2\/product_cat?post=5608"},{"taxonomy":"product_tag","embeddable":true,"href":"https:\/\/uj.adatbank.ro\/lexikon\/wp-json\/wp\/v2\/product_tag?post=5608"}],"curies":[{"name":"wp","href":"https:\/\/api.w.org\/{rel}","templated":true}]}}

CĂTĂRIG Romul

<p>Görgényszentimre, 1885. márc. 29., † Mv., 1934. máj. 15.: tanító. – Elemi iskolát szülőfalujában, gimn. -ot és 3 éves pedagógiai tanulmányokat Balázsfalván végzett (1905). Görgényszentimrén tanított (1904–), ahol a gör. kat. egyház gondnoka is volt. A görgényi Román Nemzeti Tanács elnöke (1918). Önkéntesként részt vett a gyulafehérvári egyesülési gyűlésen. Tanügyi alfelügyelő Szászrégen, Görgény, Bölkény völgye és Nyárádremete körzetben (1923–). Tagja az Astra régeni régeni részlegének, számos előadást tartott nevelési és közművelési témával. Tagja a Maros megyei Népnevelő Bizottságnak, a görgényi tanácsnak. A mv.-i 7-es sz. Általános Iskola igazgatója (1929–). Mv.-en is tagja az Astranak, az Ogorul vezetőségi tanácsának és a Szövetkezetek Szövetségnek. Tiszteletére Görgényben az ortodox parókia falára emléktáblát helyeztek el (1989). <br /><strong>Irod.:</strong> Dascăli mureşeni, 1.</br></p>

<p>Görgényszentimre, 1885. márc. 29., † Mv., 1934. máj. 15.: tanító. – Elemi iskolát szülőfalujában, gimn. -ot és 3 éves pedagógiai tanulmányokat Balázsfalván végzett (1905). Görgényszentimrén tanított (1904–), ahol a gör. kat. egyház gondnoka is volt. A görgényi Román Nemzeti Tanács elnöke (1918). Önkéntesként részt vett a gyulafehérvári egyesülési gyűlésen. Tanügyi alfelügyelő Szászrégen, Görgény, Bölkény völgye [&hellip;]</p>
