{"id":5611,"date":"2025-06-28T17:24:18","date_gmt":"2025-06-28T15:24:18","guid":{"rendered":"https:\/\/uj.adatbank.ro\/lexikon\/termek\/cazan-george-2\/"},"modified":"2025-06-28T17:24:18","modified_gmt":"2025-06-28T15:24:18","slug":"cazan-george-2","status":"publish","type":"product","link":"https:\/\/uj.adatbank.ro\/lexikon\/termek\/cazan-george-2\/","title":{"rendered":"C\u0102ZAN George"},"content":{"rendered":"<p>F\u00fcleh\u00e1za, ? \u2020\u00a0? : ort. pap. \u2013 F\u00fcleh\u00e1z\u00e1n, sz\u00fcl\u0151faluj\u00e1ban lelk\u00e9sz, esperes (1900\u201349). Kifestette \u00e9s templomk\u00e1rpittal bevonatta a C. Fulea \u00e1ltal (1891) \u00e9p\u00edtett templomot, felszentelte Nicolae Ivan kv.-i \u00e9s Nechita Duma, argesi p\u00fcsp\u00f6k (1923). A k\u00f6zs\u00e9g m\u0171vel\u0151d\u00e9si k\u00f6r\u00e9nek eln\u00f6ke (1930-as \u00e9vek v\u00e9ge). D\u00e9dabisztratelepen is ell\u00e1tta a papi teend\u0151ket (1924\u201334), ahol az \u0151 nev\u00e9hez f\u0171z\u0151dik az ort. par\u00f3kia l\u00e9tes\u00edt\u00e9se. <br \/><strong>Irod.:<\/strong> Dobozi; Netea: Astra; Reghin, Protopopiat<\/br><\/p>\n","protected":false},"excerpt":{"rendered":"<p>F\u00fcleh\u00e1za, ? \u2020\u00a0? : ort. pap. \u2013 F\u00fcleh\u00e1z\u00e1n, sz\u00fcl\u0151faluj\u00e1ban lelk\u00e9sz, esperes (1900\u201349). Kifestette \u00e9s templomk\u00e1rpittal bevonatta a C. Fulea \u00e1ltal (1891) \u00e9p\u00edtett templomot, felszentelte Nicolae Ivan kv.-i \u00e9s Nechita Duma, argesi p\u00fcsp\u00f6k (1923). A k\u00f6zs\u00e9g m\u0171vel\u0151d\u00e9si k\u00f6r\u00e9nek eln\u00f6ke (1930-as \u00e9vek v\u00e9ge). D\u00e9dabisztratelepen is ell\u00e1tta a papi teend\u0151ket (1924\u201334), ahol az \u0151 nev\u00e9hez f\u0171z\u0151dik az ort. [&hellip;]<\/p>\n","protected":false},"featured_media":0,"comment_status":"open","ping_status":"closed","template":"","meta":[],"product_brand":[],"product_cat":[137],"product_tag":[],"class_list":{"0":"post-5611","1":"product","2":"type-product","3":"status-publish","5":"product_cat-maros-megyei-eletrajzi-lexikon","7":"first","8":"instock","9":"shipping-taxable","10":"product-type-simple"},"_links":{"self":[{"href":"https:\/\/uj.adatbank.ro\/lexikon\/wp-json\/wp\/v2\/product\/5611","targetHints":{"allow":["GET"]}}],"collection":[{"href":"https:\/\/uj.adatbank.ro\/lexikon\/wp-json\/wp\/v2\/product"}],"about":[{"href":"https:\/\/uj.adatbank.ro\/lexikon\/wp-json\/wp\/v2\/types\/product"}],"replies":[{"embeddable":true,"href":"https:\/\/uj.adatbank.ro\/lexikon\/wp-json\/wp\/v2\/comments?post=5611"}],"wp:attachment":[{"href":"https:\/\/uj.adatbank.ro\/lexikon\/wp-json\/wp\/v2\/media?parent=5611"}],"wp:term":[{"taxonomy":"product_brand","embeddable":true,"href":"https:\/\/uj.adatbank.ro\/lexikon\/wp-json\/wp\/v2\/product_brand?post=5611"},{"taxonomy":"product_cat","embeddable":true,"href":"https:\/\/uj.adatbank.ro\/lexikon\/wp-json\/wp\/v2\/product_cat?post=5611"},{"taxonomy":"product_tag","embeddable":true,"href":"https:\/\/uj.adatbank.ro\/lexikon\/wp-json\/wp\/v2\/product_tag?post=5611"}],"curies":[{"name":"wp","href":"https:\/\/api.w.org\/{rel}","templated":true}]}}

CĂZAN George

<p>Füleháza, ? † ? : ort. pap. – Füleházán, szülőfalujában lelkész, esperes (1900–49). Kifestette és templomkárpittal bevonatta a C. Fulea által (1891) épített templomot, felszentelte Nicolae Ivan kv.-i és Nechita Duma, argesi püspök (1923). A község művelődési körének elnöke (1930-as évek vége). Dédabisztratelepen is ellátta a papi teendőket (1924–34), ahol az ő nevéhez fűződik az ort. parókia létesítése. <br /><strong>Irod.:</strong> Dobozi; Netea: Astra; Reghin, Protopopiat</br></p>

<p>Füleháza, ? † ? : ort. pap. – Füleházán, szülőfalujában lelkész, esperes (1900–49). Kifestette és templomkárpittal bevonatta a C. Fulea által (1891) épített templomot, felszentelte Nicolae Ivan kv.-i és Nechita Duma, argesi püspök (1923). A község művelődési körének elnöke (1930-as évek vége). Dédabisztratelepen is ellátta a papi teendőket (1924–34), ahol az ő nevéhez fűződik az ort. [&hellip;]</p>
