{"id":5612,"date":"2025-06-28T17:24:20","date_gmt":"2025-06-28T15:24:20","guid":{"rendered":"https:\/\/uj.adatbank.ro\/lexikon\/termek\/cazan-vasile\/"},"modified":"2025-06-28T17:24:20","modified_gmt":"2025-06-28T15:24:20","slug":"cazan-vasile","status":"publish","type":"product","link":"https:\/\/uj.adatbank.ro\/lexikon\/termek\/cazan-vasile\/","title":{"rendered":"CAZAN, Vasile"},"content":{"rendered":"<p>Mv., 1952. m\u00e1j. 12., \u2020 Mv., 2020. okt. 8.: karnagy, igazgat\u00f3. \u2013 Mv.-en heged\u00fclni, br\u00e1cs\u00e1zni \u00e9s zongor\u00e1zni tanult 8 \u00e9ves kor\u00e1t\u00f3l. Kv.-on zeneszerz\u00e9s, muzikol\u00f3gia \u00e9s zenepedag\u00f3gia szakon v\u00e9gzett a Gh. Dima Zene Konzervat\u00f3riumban (1973\u20131978). Tan\u00e1rait\u00f3l, Dorin Pop \u00e9s Florentin Mih\u0103escu-t\u00f3l, k\u00f3rus vezet\u00e9st tanult \u00e9s Kozma M\u00e1ty\u00e1s, majd Cs\u00edki Boldizs\u00e1r ir\u00e1ny\u00edt\u00e1s\u00e1val zeneszerz\u00e9si k\u00e9pz\u00e9sben r\u00e9szes\u00fclt (1990\u20131996). Marin Costantin, a buk.-i Madrig\u00e1l K\u00f3rus karnagya ir\u00e1ny\u00edt\u00e1s\u00e1val k\u00e9pezte tov\u00e1bb mag\u00e1t (1991). Zenekari karmesteri k\u00e9pz\u00e9sben vett r\u00e9szt New Yorkban a Julliard School Konzervat\u00f3riumban, Hal\u00e1sz L\u00e1szl\u00f3 tan\u00e1r, karmestern\u00e9l (1996\u20131998). Doktor\u00e1nduszi t\u00e9zise: Efecte timbrale \u00een muzica coral\u0103 autohton\u0103 contemporan\u0103 \u00een special crea\u021bia din Transilvania. ! Coord. Prof. univ. Ter\u00e9nyi Ede. Vez\u00e9nyelt egyh\u00e1zzenei k\u00f3rusokat, turn\u00e9ztak az orsz\u00e1gban \u00e9s Mo.-on, Ausztri\u00e1ban, Franciao.-ban, D\u00e1ni\u00e1ban (1967\u20131990), majd az Amerikai Egyes\u00fclt \u00c1llamokban (AE\u00c1), Kanad\u00e1ban, Jap\u00e1nban. <strong>szerzem\u00e9nyei:<\/strong> vok\u00e1l-szinf\u00f3nikus k\u00f3rusm\u0171vek, amit el\u0151adtak a v\u00e1s\u00e1rhelyi sz\u00ednf\u00f3nikusok, a helyi R\u00e1di\u00f3, a Magyar R\u00e1di\u00f3, a Buk.-i R\u00e1di\u00f3. 30 \u00e9ven \u00e1t vezet\u0151je, ir\u00e1ny\u00edt\u00f3ja a Mv. i Filharm\u00f3nia k\u00f3rus\u00e1nak. T\u00f6bb gener\u00e1ci\u00f3t nevelt a zene szeretet\u00e9re. \u2013 <strong>F. m.:<\/strong> Aniversarea a 50 de ani de la \u00eenfiin\u021barea Filarmonicii de Stat T\u00e2rgu Mure\u0219. 5 \u2013 12. oct. 2000 = A Mv-i \u00c1llami Filharm\u00f3nia megalakul\u00e1s\u00e1nak 50. \u00e9vfordul\u00f3ja alkalm\u00e1b\u00f3l. \/ Caietul program a fost realizat de Csiky Boldizs\u00e1r, Vasile Cazan, Elekes M\u00e1rta \u2013Adrienne \u2026Tg. M., 2000.; <strong>Cikkei:<\/strong> Filarmonica de Stat T\u00e2rgu-Mure\u0219 (Cuv\u00e2ntul liber, 13. dec. 2005., p. 6.); Szalman L\u00f3r\u00e1nt (1929\u20132007) (Cuv\u00e2ntul liber, 14. apr. 2007., p. 10.). <br \/><strong>Irod.:<\/strong> Bede Laura: Gy\u00e1sz az erd\u00e9lyi kultur\u00e1lis \u00e9letben (Kr\u00f3nika, 2020. okt. 12.); Mezey Sarolta: V\u00e1rhegyi napok: Vasile Cazan nev\u00e9t vette fel a kult\u00farotthon (N\u00fa., 2022. okt. 4); Nekrol\u00f3g (N\u00fa., 2020. okt. 10); Todea 2013<\/br><\/p>\n","protected":false},"excerpt":{"rendered":"<p>Mv., 1952. m\u00e1j. 12., \u2020 Mv., 2020. okt. 8.: karnagy, igazgat\u00f3. \u2013 Mv.-en heged\u00fclni, br\u00e1cs\u00e1zni \u00e9s zongor\u00e1zni tanult 8 \u00e9ves kor\u00e1t\u00f3l. Kv.-on zeneszerz\u00e9s, muzikol\u00f3gia \u00e9s zenepedag\u00f3gia szakon v\u00e9gzett a Gh. Dima Zene Konzervat\u00f3riumban (1973\u20131978). Tan\u00e1rait\u00f3l, Dorin Pop \u00e9s Florentin Mih\u0103escu-t\u00f3l, k\u00f3rus vezet\u00e9st tanult \u00e9s Kozma M\u00e1ty\u00e1s, majd Cs\u00edki Boldizs\u00e1r ir\u00e1ny\u00edt\u00e1s\u00e1val zeneszerz\u00e9si k\u00e9pz\u00e9sben r\u00e9szes\u00fclt (1990\u20131996). Marin [&hellip;]<\/p>\n","protected":false},"featured_media":0,"comment_status":"open","ping_status":"closed","template":"","meta":[],"product_brand":[],"product_cat":[137],"product_tag":[],"class_list":{"0":"post-5612","1":"product","2":"type-product","3":"status-publish","5":"product_cat-maros-megyei-eletrajzi-lexikon","7":"first","8":"instock","9":"shipping-taxable","10":"product-type-simple"},"_links":{"self":[{"href":"https:\/\/uj.adatbank.ro\/lexikon\/wp-json\/wp\/v2\/product\/5612","targetHints":{"allow":["GET"]}}],"collection":[{"href":"https:\/\/uj.adatbank.ro\/lexikon\/wp-json\/wp\/v2\/product"}],"about":[{"href":"https:\/\/uj.adatbank.ro\/lexikon\/wp-json\/wp\/v2\/types\/product"}],"replies":[{"embeddable":true,"href":"https:\/\/uj.adatbank.ro\/lexikon\/wp-json\/wp\/v2\/comments?post=5612"}],"wp:attachment":[{"href":"https:\/\/uj.adatbank.ro\/lexikon\/wp-json\/wp\/v2\/media?parent=5612"}],"wp:term":[{"taxonomy":"product_brand","embeddable":true,"href":"https:\/\/uj.adatbank.ro\/lexikon\/wp-json\/wp\/v2\/product_brand?post=5612"},{"taxonomy":"product_cat","embeddable":true,"href":"https:\/\/uj.adatbank.ro\/lexikon\/wp-json\/wp\/v2\/product_cat?post=5612"},{"taxonomy":"product_tag","embeddable":true,"href":"https:\/\/uj.adatbank.ro\/lexikon\/wp-json\/wp\/v2\/product_tag?post=5612"}],"curies":[{"name":"wp","href":"https:\/\/api.w.org\/{rel}","templated":true}]}}

<p>Mv., 1952. máj. 12., † Mv., 2020. okt. 8.: karnagy, igazgató. – Mv.-en hegedülni, brácsázni és zongorázni tanult 8 éves korától. Kv.-on zeneszerzés, muzikológia és zenepedagógia szakon végzett a Gh. Dima Zene Konzervatóriumban (1973–1978). Tanáraitól, Dorin Pop és Florentin Mihăescu-tól, kórus vezetést tanult és Kozma Mátyás, majd Csíki Boldizsár irányításával zeneszerzési képzésben részesült (1990–1996). Marin Costantin, a buk.-i Madrigál Kórus karnagya irányításával képezte tovább magát (1991). Zenekari karmesteri képzésben vett részt New Yorkban a Julliard School Konzervatóriumban, Halász László tanár, karmesternél (1996–1998). Doktoránduszi tézise: Efecte timbrale în muzica corală autohtonă contemporană în special creația din Transilvania. ! Coord. Prof. univ. Terényi Ede. Vezényelt egyházzenei kórusokat, turnéztak az országban és Mo.-on, Ausztriában, Franciao.-ban, Dániában (1967–1990), majd az Amerikai Egyesült Államokban (AEÁ), Kanadában, Japánban. <strong>szerzeményei:</strong> vokál-szinfónikus kórusművek, amit előadtak a vásárhelyi színfónikusok, a helyi Rádió, a Magyar Rádió, a Buk.-i Rádió. 30 éven át vezetője, irányítója a Mv. i Filharmónia kórusának. Több generációt nevelt a zene szeretetére. – <strong>F. m.:</strong> Aniversarea a 50 de ani de la înființarea Filarmonicii de Stat Târgu Mureș. 5 – 12. oct. 2000 = A Mv-i Állami Filharmónia megalakulásának 50. évfordulója alkalmából. / Caietul program a fost realizat de Csiky Boldizsár, Vasile Cazan, Elekes Márta –Adrienne …Tg. M., 2000.; <strong>Cikkei:</strong> Filarmonica de Stat Târgu-Mureș (Cuvântul liber, 13. dec. 2005., p. 6.); Szalman Lóránt (1929–2007) (Cuvântul liber, 14. apr. 2007., p. 10.). <br /><strong>Irod.:</strong> Bede Laura: Gyász az erdélyi kulturális életben (Krónika, 2020. okt. 12.); Mezey Sarolta: Várhegyi napok: Vasile Cazan nevét vette fel a kultúrotthon (Nú., 2022. okt. 4); Nekrológ (Nú., 2020. okt. 10); Todea 2013</br></p>

<p>Mv., 1952. máj. 12., † Mv., 2020. okt. 8.: karnagy, igazgató. – Mv.-en hegedülni, brácsázni és zongorázni tanult 8 éves korától. Kv.-on zeneszerzés, muzikológia és zenepedagógia szakon végzett a Gh. Dima Zene Konzervatóriumban (1973–1978). Tanáraitól, Dorin Pop és Florentin Mihăescu-tól, kórus vezetést tanult és Kozma Mátyás, majd Csíki Boldizsár irányításával zeneszerzési képzésben részesült (1990–1996). Marin [&hellip;]</p>
