{"id":5614,"date":"2025-06-28T17:24:24","date_gmt":"2025-06-28T15:24:24","guid":{"rendered":"https:\/\/uj.adatbank.ro\/lexikon\/termek\/cecalacan-petru-%c2%a7\/"},"modified":"2025-06-28T17:24:24","modified_gmt":"2025-06-28T15:24:24","slug":"cecalacan-petru-%c2%a7","status":"publish","type":"product","link":"https:\/\/uj.adatbank.ro\/lexikon\/termek\/cecalacan-petru-%c2%a7\/","title":{"rendered":"CEC\u0102L\u0102CAN Petru, \u00a7"},"content":{"rendered":"<p>Marosludas, 1925. j\u00fal. 2., \u2020 ? : polg\u00e1rmester. \u2013 Elemi iskol\u00e1it Marosludason, tan\u00edt\u00f3k\u00e9pz\u0151t Bal\u00e1zsfalv\u00e1n kezdett, de a csal\u00e1d szeg\u00e9nys\u00e9ge miatt inasiskol\u00e1ban folytatta a k\u00e9pz\u00e9s\u00e9t, ugyanakkor bolti szolga is volt (1940\u201345). Katonas\u00e1got Abrudb\u00e1ny\u00e1n a hegyi vad\u00e1szokn\u00e1l v\u00e9gzett (1948\u201350), Ia\u015fiban tiszti kik\u00e9pz\u00e9sen vett r\u00e9szt (1952), Craiovan katonai p\u00e9nz\u00fcgyi iskol\u00e1t v\u00e9gzett (1958). Mv.-en az Al. Papiu Ilarian l\u00edc.-ban \u00e9retts\u00e9gizett (1966). Saj\u00e1t k\u00e9r\u00e9s\u00e9re vonult nyugd\u00edjba alezredesi rangban (1980). Elv\u00e1lalta a marosludasi polg\u00e1rmesteri funkci\u00f3t, amelyet \u00f6nk\u00e9ntesen v\u00e9gzett (1990\u201391). A kat. temet\u0151ben tal\u00e1lhat\u00f3 s\u00edrj\u00e1n \u00f3ri\u00e1si bronz-szobor \u00f6r\u00f6k\u00edti meg j\u00f3tev\u0151 l\u00e9ny\u00e9t. <br \/><strong>Irod.:<\/strong> Ludu\u015f<\/br><\/p>\n","protected":false},"excerpt":{"rendered":"<p>Marosludas, 1925. j\u00fal. 2., \u2020 ? : polg\u00e1rmester. \u2013 Elemi iskol\u00e1it Marosludason, tan\u00edt\u00f3k\u00e9pz\u0151t Bal\u00e1zsfalv\u00e1n kezdett, de a csal\u00e1d szeg\u00e9nys\u00e9ge miatt inasiskol\u00e1ban folytatta a k\u00e9pz\u00e9s\u00e9t, ugyanakkor bolti szolga is volt (1940\u201345). Katonas\u00e1got Abrudb\u00e1ny\u00e1n a hegyi vad\u00e1szokn\u00e1l v\u00e9gzett (1948\u201350), Ia\u015fiban tiszti kik\u00e9pz\u00e9sen vett r\u00e9szt (1952), Craiovan katonai p\u00e9nz\u00fcgyi iskol\u00e1t v\u00e9gzett (1958). Mv.-en az Al. Papiu Ilarian l\u00edc.-ban [&hellip;]<\/p>\n","protected":false},"featured_media":0,"comment_status":"open","ping_status":"closed","template":"","meta":[],"product_brand":[],"product_cat":[137],"product_tag":[],"class_list":{"0":"post-5614","1":"product","2":"type-product","3":"status-publish","5":"product_cat-maros-megyei-eletrajzi-lexikon","7":"first","8":"instock","9":"shipping-taxable","10":"product-type-simple"},"_links":{"self":[{"href":"https:\/\/uj.adatbank.ro\/lexikon\/wp-json\/wp\/v2\/product\/5614","targetHints":{"allow":["GET"]}}],"collection":[{"href":"https:\/\/uj.adatbank.ro\/lexikon\/wp-json\/wp\/v2\/product"}],"about":[{"href":"https:\/\/uj.adatbank.ro\/lexikon\/wp-json\/wp\/v2\/types\/product"}],"replies":[{"embeddable":true,"href":"https:\/\/uj.adatbank.ro\/lexikon\/wp-json\/wp\/v2\/comments?post=5614"}],"wp:attachment":[{"href":"https:\/\/uj.adatbank.ro\/lexikon\/wp-json\/wp\/v2\/media?parent=5614"}],"wp:term":[{"taxonomy":"product_brand","embeddable":true,"href":"https:\/\/uj.adatbank.ro\/lexikon\/wp-json\/wp\/v2\/product_brand?post=5614"},{"taxonomy":"product_cat","embeddable":true,"href":"https:\/\/uj.adatbank.ro\/lexikon\/wp-json\/wp\/v2\/product_cat?post=5614"},{"taxonomy":"product_tag","embeddable":true,"href":"https:\/\/uj.adatbank.ro\/lexikon\/wp-json\/wp\/v2\/product_tag?post=5614"}],"curies":[{"name":"wp","href":"https:\/\/api.w.org\/{rel}","templated":true}]}}

CECĂLĂCAN Petru, §

<p>Marosludas, 1925. júl. 2., † ? : polgármester. – Elemi iskoláit Marosludason, tanítóképzőt Balázsfalván kezdett, de a család szegénysége miatt inasiskolában folytatta a képzését, ugyanakkor bolti szolga is volt (1940–45). Katonaságot Abrudbányán a hegyi vadászoknál végzett (1948–50), Iaşiban tiszti kiképzésen vett részt (1952), Craiovan katonai pénzügyi iskolát végzett (1958). Mv.-en az Al. Papiu Ilarian líc.-ban érettségizett (1966). Saját kérésére vonult nyugdíjba alezredesi rangban (1980). Elválalta a marosludasi polgármesteri funkciót, amelyet önkéntesen végzett (1990–91). A kat. temetőben található sírján óriási bronz-szobor örökíti meg jótevő lényét. <br /><strong>Irod.:</strong> Luduş</br></p>

<p>Marosludas, 1925. júl. 2., † ? : polgármester. – Elemi iskoláit Marosludason, tanítóképzőt Balázsfalván kezdett, de a család szegénysége miatt inasiskolában folytatta a képzését, ugyanakkor bolti szolga is volt (1940–45). Katonaságot Abrudbányán a hegyi vadászoknál végzett (1948–50), Iaşiban tiszti kiképzésen vett részt (1952), Craiovan katonai pénzügyi iskolát végzett (1958). Mv.-en az Al. Papiu Ilarian líc.-ban [&hellip;]</p>
