{"id":5615,"date":"2025-06-28T17:24:26","date_gmt":"2025-06-28T15:24:26","guid":{"rendered":"https:\/\/uj.adatbank.ro\/lexikon\/termek\/cenger-ilie\/"},"modified":"2025-06-28T17:24:26","modified_gmt":"2025-06-28T15:24:26","slug":"cenger-ilie","status":"publish","type":"product","link":"https:\/\/uj.adatbank.ro\/lexikon\/termek\/cenger-ilie\/","title":{"rendered":"CENGER Ilie"},"content":{"rendered":"<p>Marosfelfalu, 1911., \u2020 Magyar\u00f3, 1978.: tan\u00edt\u00f3. \u2013 Bal\u00e1zsfalv\u00e1n szerzett tan\u00edt\u00f3i okl. -et, \u00e9s miut\u00e1n t\u00f6bb faluban tan\u00edtott, Magyar\u00f3n telepedett meg (1937\u201378), ahol tan\u00edt\u00f3, t\u00f6bb \u00e9vig igazgat\u00f3tan\u00edt\u00f3 is volt nyugd\u00edjaz\u00e1s\u00e1ig. Aleln\u00f6ke a N\u00e9ptan\u00e1cs VB-nak (19 \u00e9vig) \u00e9s kult\u00farigazgat\u00f3. Tev\u00e9keny r\u00e9szt v\u00e1llalt a falu gazdas\u00e1gi, t\u00e1rsadalmi \u00e9s n\u00e9pm\u0171vel\u0151d\u00e9si probl\u00e9m\u00e1inak megold\u00e1s\u00e1ban. Eredm\u00e9nyes munk\u00e1j\u00e1t t\u00f6bb kit\u00fcntet\u00e9ssel jutalmazt\u00e1k: Munka \u00c9rdemrend III. -o., \u00e9rdemfizet\u00e9ssel; \u00c9ltan\u00edt\u00f3; A RKP 50. \u00e9vfordul\u00f3ja.; A mez\u0151gazdas\u00e1g kollektiviz\u00e1l\u00e1s\u00e1nak befejez\u00e9se; A K\u00f6zt\u00e1rsas\u00e1g 25. \u00e9vfordul\u00f3ja \u00e9rmekkel. 42 \u00e9vi szolg\u00e1lat ut\u00e1n vonult nyugd\u00edjba. <br \/><strong>Irod.:<\/strong> Dasc\u0103li mure\u015feni 4.<\/br><\/p>\n","protected":false},"excerpt":{"rendered":"<p>Marosfelfalu, 1911., \u2020 Magyar\u00f3, 1978.: tan\u00edt\u00f3. \u2013 Bal\u00e1zsfalv\u00e1n szerzett tan\u00edt\u00f3i okl. -et, \u00e9s miut\u00e1n t\u00f6bb faluban tan\u00edtott, Magyar\u00f3n telepedett meg (1937\u201378), ahol tan\u00edt\u00f3, t\u00f6bb \u00e9vig igazgat\u00f3tan\u00edt\u00f3 is volt nyugd\u00edjaz\u00e1s\u00e1ig. Aleln\u00f6ke a N\u00e9ptan\u00e1cs VB-nak (19 \u00e9vig) \u00e9s kult\u00farigazgat\u00f3. Tev\u00e9keny r\u00e9szt v\u00e1llalt a falu gazdas\u00e1gi, t\u00e1rsadalmi \u00e9s n\u00e9pm\u0171vel\u0151d\u00e9si probl\u00e9m\u00e1inak megold\u00e1s\u00e1ban. Eredm\u00e9nyes munk\u00e1j\u00e1t t\u00f6bb kit\u00fcntet\u00e9ssel jutalmazt\u00e1k: Munka \u00c9rdemrend [&hellip;]<\/p>\n","protected":false},"featured_media":0,"comment_status":"open","ping_status":"closed","template":"","meta":[],"product_brand":[],"product_cat":[137],"product_tag":[],"class_list":{"0":"post-5615","1":"product","2":"type-product","3":"status-publish","5":"product_cat-maros-megyei-eletrajzi-lexikon","7":"first","8":"instock","9":"shipping-taxable","10":"product-type-simple"},"_links":{"self":[{"href":"https:\/\/uj.adatbank.ro\/lexikon\/wp-json\/wp\/v2\/product\/5615","targetHints":{"allow":["GET"]}}],"collection":[{"href":"https:\/\/uj.adatbank.ro\/lexikon\/wp-json\/wp\/v2\/product"}],"about":[{"href":"https:\/\/uj.adatbank.ro\/lexikon\/wp-json\/wp\/v2\/types\/product"}],"replies":[{"embeddable":true,"href":"https:\/\/uj.adatbank.ro\/lexikon\/wp-json\/wp\/v2\/comments?post=5615"}],"wp:attachment":[{"href":"https:\/\/uj.adatbank.ro\/lexikon\/wp-json\/wp\/v2\/media?parent=5615"}],"wp:term":[{"taxonomy":"product_brand","embeddable":true,"href":"https:\/\/uj.adatbank.ro\/lexikon\/wp-json\/wp\/v2\/product_brand?post=5615"},{"taxonomy":"product_cat","embeddable":true,"href":"https:\/\/uj.adatbank.ro\/lexikon\/wp-json\/wp\/v2\/product_cat?post=5615"},{"taxonomy":"product_tag","embeddable":true,"href":"https:\/\/uj.adatbank.ro\/lexikon\/wp-json\/wp\/v2\/product_tag?post=5615"}],"curies":[{"name":"wp","href":"https:\/\/api.w.org\/{rel}","templated":true}]}}

<p>Marosfelfalu, 1911., † Magyaró, 1978.: tanító. – Balázsfalván szerzett tanítói okl. -et, és miután több faluban tanított, Magyarón telepedett meg (1937–78), ahol tanító, több évig igazgatótanító is volt nyugdíjazásáig. Alelnöke a Néptanács VB-nak (19 évig) és kultúrigazgató. Tevékeny részt vállalt a falu gazdasági, társadalmi és népművelődési problémáinak megoldásában. Eredményes munkáját több kitüntetéssel jutalmazták: Munka Érdemrend III. -o., érdemfizetéssel; Éltanító; A RKP 50. évfordulója.; A mezőgazdaság kollektivizálásának befejezése; A Köztársaság 25. évfordulója érmekkel. 42 évi szolgálat után vonult nyugdíjba. <br /><strong>Irod.:</strong> Dascăli mureşeni 4.</br></p>

<p>Marosfelfalu, 1911., † Magyaró, 1978.: tanító. – Balázsfalván szerzett tanítói okl. -et, és miután több faluban tanított, Magyarón telepedett meg (1937–78), ahol tanító, több évig igazgatótanító is volt nyugdíjazásáig. Alelnöke a Néptanács VB-nak (19 évig) és kultúrigazgató. Tevékeny részt vállalt a falu gazdasági, társadalmi és népművelődési problémáinak megoldásában. Eredményes munkáját több kitüntetéssel jutalmazták: Munka Érdemrend [&hellip;]</p>
